{"id":708302,"date":"2025-08-27T16:13:47","date_gmt":"2025-08-27T13:13:47","guid":{"rendered":"https:\/\/roveyayinevi.com.tr\/index.php\/urun\/eski-sevgili\/"},"modified":"2026-04-16T02:16:51","modified_gmt":"2026-04-15T23:16:51","slug":"eski-sevgili","status":"publish","type":"product","link":"https:\/\/roveyayinevi.com.tr\/index.php\/urun\/eski-sevgili\/","title":{"rendered":"Eski Sevgili"},"content":{"rendered":"<p>Karikat\u00fcrist Erhan Tatl\u0131dilli\u2019nin yazd\u0131\u011f\u0131, \u00fcnl\u00fc \u00e7izgi romanc\u0131 M.K. Perker\u2019in \u00e7izdi\u011fi Penguen dergisinde yay\u0131nlanm\u0131\u015f; ili\u015fkiler, a\u015fk ve ayr\u0131l\u0131k \u00fczerine ilgin\u00e7 ve e\u011flenceli detaylarla dolu duygusal bir \u00f6yk\u00fc&#8230;.Kader ya\u015fad\u0131\u011f\u0131m\u0131z \u00e7o\u011fu an\u0131 g\u00f6r\u00fcnmez k\u0131lar, \u00e7\u00fcnk\u00fc kader sadece &#8216;karar anlar\u0131nda&#8217; bi\u00e7imlenir. Ortak zamanlama, ortak karard\u0131r kader. Ya &#8216;Gel! dersiniz ya da &#8216;Git!\u2019&#8230; \u2018Gel\u2019 g\u00fczel kelime ama; s\u00f6ylemek zorsa ve art\u0131k gelece\u011finiz yoksa, iki ayr\u0131 gelecek vard\u0131r&#8230;Korkunun oldu\u011fu yerde ger\u00e7ek yoktur, inan\u00e7 yoktur, \u00f6zg\u00fcrl\u00fck yoktur. Ya\u015fayaca\u011f\u0131n\u0131z hasreti ve ac\u0131y\u0131 g\u00f6ze alabildi\u011finiz kadar tutsakl\u0131ktan kurtulabilirsiniz. Ancak bu \u00f6zg\u00fcrl\u00fck bizi mutlu etme \u2018tehlikesi\u2019 ta\u015f\u0131r. B\u00fcy\u00fck mutluluklar\u0131n sonu da basit bir neticeden fazlas\u0131d\u0131r. Bir ruhun ba\u015fka bir ruhu kucaklamak i\u00e7in bahanesi kalmad\u0131\u011f\u0131ndaysa ayr\u0131l\u0131k ka\u00e7\u0131n\u0131lmaz olur.Bazen siz de\u011fil, s\u00f6zc\u00fckleriniz yorulur. Ve bir insan\u0131 unutman\u0131n en iyi yolu onu bir esere d\u00f6n\u00fc\u015ft\u00fcrmektir&#8230; <\/p>\n","protected":false},"excerpt":{"rendered":"<p>Karikat\u00fcrist Erhan Tatl\u0131dilli\u2019nin yazd\u0131\u011f\u0131, \u00fcnl\u00fc \u00e7izgi romanc\u0131 M.K. Perker\u2019in \u00e7izdi\u011fi Penguen dergisinde yay\u0131nlanm\u0131\u015f; ili\u015fkiler, a\u015fk ve ayr\u0131l\u0131k \u00fczerine ilgin\u00e7 ve e\u011flenceli detaylarla dolu duygusal bir \u00f6yk\u00fc&#8230;.Kader<span class=\"excerpt-hellip\"> [\u2026]<\/span><\/p>\n","protected":false},"featured_media":0,"template":"","meta":{"_monsterinsights_skip_tracking":false,"_monsterinsights_sitenote_active":false,"_monsterinsights_sitenote_note":"","_monsterinsights_sitenote_category":0},"product_brand":[],"product_cat":[12689,12274],"product_tag":[],"class_list":{"0":"post-708302","1":"product","2":"type-product","3":"status-publish","5":"product_cat-cizgi-roman-cocuk-ve-genclik-kitaplari","6":"product_cat-cocuk-ve-genclik-kitaplari","7":"pa_cilt-ciltsiz","8":"pa_tur-kitap","9":"pa_yayinevi-kara-karga-yayinlari","10":"pa_yazar-erhan-tatlidilli","12":"first","13":"instock","14":"sale","15":"shipping-taxable","16":"purchasable","17":"product-type-simple"},"_links":{"self":[{"href":"https:\/\/roveyayinevi.com.tr\/index.php\/wp-json\/wp\/v2\/product\/708302","targetHints":{"allow":["GET"]}}],"collection":[{"href":"https:\/\/roveyayinevi.com.tr\/index.php\/wp-json\/wp\/v2\/product"}],"about":[{"href":"https:\/\/roveyayinevi.com.tr\/index.php\/wp-json\/wp\/v2\/types\/product"}],"wp:attachment":[{"href":"https:\/\/roveyayinevi.com.tr\/index.php\/wp-json\/wp\/v2\/media?parent=708302"}],"wp:term":[{"taxonomy":"product_brand","embeddable":true,"href":"https:\/\/roveyayinevi.com.tr\/index.php\/wp-json\/wp\/v2\/product_brand?post=708302"},{"taxonomy":"product_cat","embeddable":true,"href":"https:\/\/roveyayinevi.com.tr\/index.php\/wp-json\/wp\/v2\/product_cat?post=708302"},{"taxonomy":"product_tag","embeddable":true,"href":"https:\/\/roveyayinevi.com.tr\/index.php\/wp-json\/wp\/v2\/product_tag?post=708302"}],"curies":[{"name":"wp","href":"https:\/\/api.w.org\/{rel}","templated":true}]}}