{"id":708284,"date":"2025-08-27T16:13:38","date_gmt":"2025-08-27T13:13:38","guid":{"rendered":"https:\/\/roveyayinevi.com.tr\/index.php\/urun\/mermer-kosk\/"},"modified":"2026-04-16T02:16:50","modified_gmt":"2026-04-15T23:16:50","slug":"mermer-kosk","status":"publish","type":"product","link":"https:\/\/roveyayinevi.com.tr\/index.php\/urun\/mermer-kosk\/","title":{"rendered":"Mermer K\u00f6\u015fk"},"content":{"rendered":"<p>Demirler K\u00f6\u015fk\u00fc\u2019n\u00fcn bah\u00e7esi, seras\u0131 ve \u00d6yk\u00fc\u2019s\u00fc\u2026 Neli\u2019nin planlar\u0131.Hisseler, b\u00fcy\u00fck ortaklar, k\u00fc\u00e7\u00fck ortaklar, at\u0131lan zarlar\u2026 Sonra ba\u015fkat\u00fcrl\u00fc bir adam\u0131n geli\u015fi\u2026 Paran\u0131n kar\u015f\u0131s\u0131nda paras\u0131z yat\u0131l\u0131. Yaralariyile\u015fir gibi de\u011fildir bazen. Kazanmak i\u00e7in kazanmaktan ba\u015fka \u00e7arenizolmamal\u0131.Mermer K\u00f6\u015fk, y\u0131k\u0131c\u0131 bir a\u015fk\u0131n roman\u0131. U\u011fur ile \u00d6yk\u00fc\u2019n\u00fcn, U\u011furile Ezgi\u2019nin, \u00d6yk\u00fc ile Ezgi\u2019nin hik\u00e2yesi\u2026 Skandallar\u0131n, s\u0131rlar\u0131n,eski defterlerin derkenarlar\u0131\u2026 Paran\u0131n iti\u015fmesi, ego sava\u015flar\u0131 vealacakaranl\u0131k bir aile tarihi.Mehmet Ero\u011flu, ustal\u0131kla anlat\u0131yor Mermer K\u00f6\u015fk\u2019\u00fcn f\u0131s\u0131lt\u0131lar\u0131n\u0131.Doyumsuz, habis ve haset y\u00fckl\u00fc bir devran\u0131n i\u00e7inde a\u015fk\u0131nsavrulu\u015funu\u2026\u201c\u00c7o\u011fu g\u00fczel kad\u0131n san\u0131r ki, g\u00fczelli\u011fini ta\u00e7land\u0131rmak i\u00e7in ille de a\u015fkgerekir.Oysa a\u015fk g\u00fczelli\u011fini yok edebilir&#8230; A\u015fk\u0131n d\u0131\u015f kabu\u011fu co\u015fkudur; kabu\u011funi\u00e7indeyse sadece ac\u0131 vard\u0131r.A\u015fk bizi canl\u0131 oldu\u011fumuza inand\u0131r\u0131r&#8230; Bu denli istenmesinin,aranmas\u0131n\u0131n, pe\u015finden ko\u015fulmas\u0131n\u0131n ard\u0131nda bu d\u00fcrt\u00fc olmal\u0131&#8230;\u201d <\/p>\n","protected":false},"excerpt":{"rendered":"<p>Demirler K\u00f6\u015fk\u00fc\u2019n\u00fcn bah\u00e7esi, seras\u0131 ve \u00d6yk\u00fc\u2019s\u00fc\u2026 Neli\u2019nin planlar\u0131.Hisseler, b\u00fcy\u00fck ortaklar, k\u00fc\u00e7\u00fck ortaklar, at\u0131lan zarlar\u2026 Sonra ba\u015fkat\u00fcrl\u00fc bir adam\u0131n geli\u015fi\u2026 Paran\u0131n kar\u015f\u0131s\u0131nda paras\u0131z yat\u0131l\u0131. Yaralariyile\u015fir gibi de\u011fildir<span class=\"excerpt-hellip\"> [\u2026]<\/span><\/p>\n","protected":false},"featured_media":0,"template":"","meta":{"_monsterinsights_skip_tracking":false,"_monsterinsights_sitenote_active":false,"_monsterinsights_sitenote_note":"","_monsterinsights_sitenote_category":0},"product_brand":[],"product_cat":[12291,12711],"product_tag":[],"class_list":{"0":"post-708284","1":"product","2":"type-product","3":"status-publish","5":"product_cat-edebiyat","6":"product_cat-roman-oyku","7":"pa_cilt-ciltsiz","8":"pa_tur-kitap","9":"pa_yayinevi-iletisim-yayinlari","10":"pa_yazar-mehmet-eroglu","12":"first","13":"instock","14":"sale","15":"shipping-taxable","16":"purchasable","17":"product-type-simple"},"_links":{"self":[{"href":"https:\/\/roveyayinevi.com.tr\/index.php\/wp-json\/wp\/v2\/product\/708284","targetHints":{"allow":["GET"]}}],"collection":[{"href":"https:\/\/roveyayinevi.com.tr\/index.php\/wp-json\/wp\/v2\/product"}],"about":[{"href":"https:\/\/roveyayinevi.com.tr\/index.php\/wp-json\/wp\/v2\/types\/product"}],"wp:attachment":[{"href":"https:\/\/roveyayinevi.com.tr\/index.php\/wp-json\/wp\/v2\/media?parent=708284"}],"wp:term":[{"taxonomy":"product_brand","embeddable":true,"href":"https:\/\/roveyayinevi.com.tr\/index.php\/wp-json\/wp\/v2\/product_brand?post=708284"},{"taxonomy":"product_cat","embeddable":true,"href":"https:\/\/roveyayinevi.com.tr\/index.php\/wp-json\/wp\/v2\/product_cat?post=708284"},{"taxonomy":"product_tag","embeddable":true,"href":"https:\/\/roveyayinevi.com.tr\/index.php\/wp-json\/wp\/v2\/product_tag?post=708284"}],"curies":[{"name":"wp","href":"https:\/\/api.w.org\/{rel}","templated":true}]}}