{"id":708279,"date":"2025-08-27T16:13:36","date_gmt":"2025-08-27T13:13:36","guid":{"rendered":"https:\/\/roveyayinevi.com.tr\/index.php\/urun\/iste-caravaggio-ciltli\/"},"modified":"2026-04-16T02:16:50","modified_gmt":"2026-04-15T23:16:50","slug":"iste-caravaggio-ciltli","status":"publish","type":"product","link":"https:\/\/roveyayinevi.com.tr\/index.php\/urun\/iste-caravaggio-ciltli\/","title":{"rendered":"\u0130\u015fte Caravaggio (Ciltli)"},"content":{"rendered":"<p>Bacon, Caravaggio, C\u00e9zanne, Dal\u00ed, Gaudi, Gauguin, Goya, Kandinsky,Leonardo da Vinci, Magritte, Matisse, Monet, Pollock,Rembrandt, Van Gogh, Warhol, Frank Lloyd Wright. Farkl\u0131 \u00fclkelerden,farkl\u0131 ak\u0131mlardan, sanat d\u00fcnyas\u0131nda iz b\u0131rakm\u0131\u015f on yedi sanat\u00e7\u0131.\u00d6d\u00fcll\u00fc \u00e7izerlerin kitaplara \u00f6zel \u00e7izdikleri ill\u00fcstrasyonlarlaher biri kendi ba\u015f\u0131na da bir sanat eseri aday\u0131 olan on yedi kitap.hep kitap \u201c\u0130\u015fte\u201d dizisiyle sanatseverleri keyifli bir yolculu\u011fa \u00e7\u0131kar\u0131yor.Dizinin bu ayki kitaplar\u0131, \u0130\u015fte Caravaggio, \u0130\u015fte Goya ve \u0130\u015fteMagritte.Pek \u00e7ok ressam g\u00f6lgelerde kalmaktan yak\u0131n\u0131rken, \u0130spanya\u2019n\u0131n arkasokaklar\u0131 insanl\u0131\u011fa yepyeni bir sanat\u00e7\u0131 f\u0131s\u0131ldad\u0131: Otuz dokuz ya\u015f\u0131nda\u00f6ld\u00fc\u011f\u00fcnde ard\u0131nda on yedi polis raporu, bir cinayet mahalli,bir de \u015f\u00f6valye unvan\u0131 b\u0131rakan bir adam\u2026 Hayat\u0131n\u0131n b\u00fcy\u00fck bir k\u0131sm\u0131n\u0131ka\u00e7arak ge\u00e7iren, g\u00f6lgelerden \u00f6\u011frendiklerini sanat\u0131 ile harmanlayan,vah\u015fi sokak hayat\u0131n\u0131 resimlerinde \u00f6l\u00fcms\u00fczle\u015ftiren birressam. Bat\u0131 sanat\u0131n\u0131n en etkileyici ve en ufuk a\u00e7\u0131c\u0131 sanat\u00e7\u0131lar\u0131ndanbiri: \u0130\u015fte Caravaggio.Sanat tarih\u00e7isi Annabel Howard\u2019\u0131n kalemiyle, ressam ve \u00e7izerIker Spozio\u2019nun bu kitaba \u00f6zel yapt\u0131\u011f\u0131 ill\u00fcstrasyonlar birle\u015fiyor ve\u0130spanya\u2019n\u0131n dumanlar t\u00fcten arka sokaklar\u0131n\u0131n belal\u0131s\u0131 ama ayn\u0131zamanda resim tarihinin parlayan y\u0131ld\u0131z\u0131 Caravaggio\u2019nun maceradolu hayat\u0131na \u0131\u015f\u0131k tutuyor. <\/p>\n","protected":false},"excerpt":{"rendered":"<p>Bacon, Caravaggio, C\u00e9zanne, Dal\u00ed, Gaudi, Gauguin, Goya, Kandinsky,Leonardo da Vinci, Magritte, Matisse, Monet, Pollock,Rembrandt, Van Gogh, Warhol, Frank Lloyd Wright. Farkl\u0131 \u00fclkelerden,farkl\u0131 ak\u0131mlardan, sanat d\u00fcnyas\u0131nda iz<span class=\"excerpt-hellip\"> [\u2026]<\/span><\/p>\n","protected":false},"featured_media":0,"template":"","meta":{"_monsterinsights_skip_tracking":false,"_monsterinsights_sitenote_active":false,"_monsterinsights_sitenote_note":"","_monsterinsights_sitenote_category":0},"product_brand":[],"product_cat":[15733,12408],"product_tag":[],"class_list":{"0":"post-708279","1":"product","2":"type-product","3":"status-publish","5":"product_cat-resim","6":"product_cat-sanat","7":"pa_cilt-ciltli","8":"pa_tur-kitap","9":"pa_yayinevi-hep-kitap","10":"pa_yazar-patricia-allmer","12":"first","13":"instock","14":"sale","15":"shipping-taxable","16":"purchasable","17":"product-type-simple"},"_links":{"self":[{"href":"https:\/\/roveyayinevi.com.tr\/index.php\/wp-json\/wp\/v2\/product\/708279","targetHints":{"allow":["GET"]}}],"collection":[{"href":"https:\/\/roveyayinevi.com.tr\/index.php\/wp-json\/wp\/v2\/product"}],"about":[{"href":"https:\/\/roveyayinevi.com.tr\/index.php\/wp-json\/wp\/v2\/types\/product"}],"wp:attachment":[{"href":"https:\/\/roveyayinevi.com.tr\/index.php\/wp-json\/wp\/v2\/media?parent=708279"}],"wp:term":[{"taxonomy":"product_brand","embeddable":true,"href":"https:\/\/roveyayinevi.com.tr\/index.php\/wp-json\/wp\/v2\/product_brand?post=708279"},{"taxonomy":"product_cat","embeddable":true,"href":"https:\/\/roveyayinevi.com.tr\/index.php\/wp-json\/wp\/v2\/product_cat?post=708279"},{"taxonomy":"product_tag","embeddable":true,"href":"https:\/\/roveyayinevi.com.tr\/index.php\/wp-json\/wp\/v2\/product_tag?post=708279"}],"curies":[{"name":"wp","href":"https:\/\/api.w.org\/{rel}","templated":true}]}}