{"id":708277,"date":"2025-08-27T16:13:35","date_gmt":"2025-08-27T13:13:35","guid":{"rendered":"https:\/\/roveyayinevi.com.tr\/index.php\/urun\/iste-goya-ciltli\/"},"modified":"2026-04-16T02:16:50","modified_gmt":"2026-04-15T23:16:50","slug":"iste-goya-ciltli","status":"publish","type":"product","link":"https:\/\/roveyayinevi.com.tr\/index.php\/urun\/iste-goya-ciltli\/","title":{"rendered":"\u0130\u015fte Goya (Ciltli)"},"content":{"rendered":"<p>Bacon, Caravaggio, C\u00e9zanne, Dal\u00ed, Gaudi, Gauguin, Goya, Kandinsky, Leonardo da Vinci, Magritte, Matisse, Monet, Pollock, Rembrandt, Van Gogh, Warhol, Frank Lloyd Wright. Farkl\u0131 \u00fclkelerden, farkl\u0131 ak\u0131mlardan, sanat d\u00fcnyas\u0131nda iz b\u0131rakm\u0131\u015f on yedi sanat\u00e7\u0131. \u00d6d\u00fcll\u00fc \u00e7izerlerin kitaplara \u00f6zel \u00e7izdikleri ill\u00fcstrasyonlarla her biri kendi ba\u015f\u0131na da bir sanat eseri aday\u0131 olan on yedi kitap. hep kitap \u201c\u0130\u015fte\u201d dizisiyle sanatseverleri keyifli bir yolculu\u011fa \u00e7\u0131kar\u0131yor. Dizinin bu ayki kitaplar\u0131, \u0130\u015fte Caravaggio, \u0130\u015fte Goya ve \u0130\u015fte Magritte. Geleneksel sanat\u0131n sona eri\u015finin m\u00fcjdecisi, modern sanat\u0131n babas\u0131\u2026 Ge\u00e7mi\u015f ile g\u00fcn\u00fcm\u00fcz aras\u0131nda sanatsal bir ba\u011f. \u201cSanat i\u00e7in sanat\u00e7\u0131\u201d, sesini duyamad\u0131\u011f\u0131 d\u00fcnyan\u0131n karma\u015fas\u0131n\u0131 resimleri ile tarihe not d\u00fc\u015fm\u00fc\u015f, ki\u015fisel ifadenin ve ba\u011f\u0131ms\u0131z ruhun ger\u00e7ek devriminin sinyallerini vermi\u015f bir deha&#8230; Napol\u00e9on\u2019un postallar\u0131 taraf\u0131ndan ezilen, gerici h\u00fck\u00fcmetlerin birbiri ard\u0131na geldi\u011fi, \u00e7ok h\u0131zl\u0131 ve de\u011fi\u015fken bir \u00e7a\u011fda herkesin bakt\u0131\u011f\u0131 ama kimsenin tam anlam\u0131yla g\u00f6rmedi\u011fi bir \u015feye, insana tan\u0131kl\u0131k etmi\u015f bir ressam: \u0130\u015fte Goya. Y\u0131llard\u0131r Goya \u00fczerine \u00e7al\u0131\u015fma yapan Wendy Bird\u2019\u00fcn bilgi birikimi ve \u201cIt\u2019s Nice That\u201d taraf\u0131ndan 2011\u2019in en gelecek vaat eden mezunu se\u00e7ilen Sarah Maycock\u2019un bu kitaba \u00f6zel ill\u00fcstrasyonlar\u0131 birle\u015fiyor, sanat\u0131n kalbine harika bir define yolculu\u011fu yapabilmeniz i\u00e7in Goya\u2019n\u0131n sessiz d\u00fcnyas\u0131n\u0131n bir haritas\u0131n\u0131 yarat\u0131yor. <\/p>\n","protected":false},"excerpt":{"rendered":"<p>Bacon, Caravaggio, C\u00e9zanne, Dal\u00ed, Gaudi, Gauguin, Goya, Kandinsky, Leonardo da Vinci, Magritte, Matisse, Monet, Pollock, Rembrandt, Van Gogh, Warhol, Frank Lloyd Wright. Farkl\u0131 \u00fclkelerden, farkl\u0131 ak\u0131mlardan,<span class=\"excerpt-hellip\"> [\u2026]<\/span><\/p>\n","protected":false},"featured_media":0,"template":"","meta":{"_monsterinsights_skip_tracking":false,"_monsterinsights_sitenote_active":false,"_monsterinsights_sitenote_note":"","_monsterinsights_sitenote_category":0},"product_brand":[],"product_cat":[12408,14197],"product_tag":[],"class_list":{"0":"post-708277","1":"product","2":"type-product","3":"status-publish","5":"product_cat-sanat","6":"product_cat-sanat-tarihi","7":"pa_cilt-ciltli","8":"pa_tur-kitap","9":"pa_yayinevi-hep-kitap","10":"pa_yazar-wendy-bird","12":"first","13":"instock","14":"sale","15":"shipping-taxable","16":"purchasable","17":"product-type-simple"},"_links":{"self":[{"href":"https:\/\/roveyayinevi.com.tr\/index.php\/wp-json\/wp\/v2\/product\/708277","targetHints":{"allow":["GET"]}}],"collection":[{"href":"https:\/\/roveyayinevi.com.tr\/index.php\/wp-json\/wp\/v2\/product"}],"about":[{"href":"https:\/\/roveyayinevi.com.tr\/index.php\/wp-json\/wp\/v2\/types\/product"}],"wp:attachment":[{"href":"https:\/\/roveyayinevi.com.tr\/index.php\/wp-json\/wp\/v2\/media?parent=708277"}],"wp:term":[{"taxonomy":"product_brand","embeddable":true,"href":"https:\/\/roveyayinevi.com.tr\/index.php\/wp-json\/wp\/v2\/product_brand?post=708277"},{"taxonomy":"product_cat","embeddable":true,"href":"https:\/\/roveyayinevi.com.tr\/index.php\/wp-json\/wp\/v2\/product_cat?post=708277"},{"taxonomy":"product_tag","embeddable":true,"href":"https:\/\/roveyayinevi.com.tr\/index.php\/wp-json\/wp\/v2\/product_tag?post=708277"}],"curies":[{"name":"wp","href":"https:\/\/api.w.org\/{rel}","templated":true}]}}