{"id":708276,"date":"2025-08-27T16:13:35","date_gmt":"2025-08-27T13:13:35","guid":{"rendered":"https:\/\/roveyayinevi.com.tr\/index.php\/urun\/montsuzlar\/"},"modified":"2026-04-16T02:16:50","modified_gmt":"2026-04-15T23:16:50","slug":"montsuzlar","status":"publish","type":"product","link":"https:\/\/roveyayinevi.com.tr\/index.php\/urun\/montsuzlar\/","title":{"rendered":"Montsuzlar"},"content":{"rendered":"<p>G\u00fc\u00e7l\u00fc \u00f6yk\u00fclemesiyle \u00e7ok sevilen e\u011fitimci, yazar \u00d6mer A\u00e7\u0131k, \u00fc\u00e7\u00fcnc\u00fc roman\u0131nda, okul koridorlar\u0131ndan ya\u015fama uzanan felsefi bir hik\u00e2ye anlat\u0131yor. S\u0131kl\u0131kla kullan\u0131l\u0131veren alfabetik s\u0131ralamay\u0131 sorgulayan roman, s\u00fcrprizli kurgusuyla dikkati \u00e7ekiyor. S\u00f6z\u00fcn unutulan g\u00fcc\u00fcn\u00fc hat\u0131rlatan yazar, \u015fiddetten uzak ger\u00e7ek\u00e7i karakterler e\u015fli\u011finde adalet, \u00f6zg\u00fcrl\u00fck, dayan\u0131\u015fma gibi \u00f6nemli kavramlar\u0131 tart\u0131\u015fmaya a\u00e7\u0131yor. Umut dolu mahalle hik\u00e2yelerini anlatt\u0131\u011f\u0131 Menek\u015fe \u0130stasyonu ve Benim Babam \u00d6m\u00fcr Adam adl\u0131 \u00e7ocuk kitaplar\u0131 keyifle okunan \u00d6mer A\u00e7\u0131k\u2019\u0131n son roman\u0131, her ya\u015ftan okura sesleniyor. <\/p>\n","protected":false},"excerpt":{"rendered":"<p>G\u00fc\u00e7l\u00fc \u00f6yk\u00fclemesiyle \u00e7ok sevilen e\u011fitimci, yazar \u00d6mer A\u00e7\u0131k, \u00fc\u00e7\u00fcnc\u00fc roman\u0131nda, okul koridorlar\u0131ndan ya\u015fama uzanan felsefi bir hik\u00e2ye anlat\u0131yor. S\u0131kl\u0131kla kullan\u0131l\u0131veren alfabetik s\u0131ralamay\u0131 sorgulayan roman, s\u00fcrprizli kurgusuyla<span class=\"excerpt-hellip\"> [\u2026]<\/span><\/p>\n","protected":false},"featured_media":0,"template":"","meta":{"_monsterinsights_skip_tracking":false,"_monsterinsights_sitenote_active":false,"_monsterinsights_sitenote_note":"","_monsterinsights_sitenote_category":0},"product_brand":[],"product_cat":[12275,12274],"product_tag":[],"class_list":{"0":"post-708276","1":"product","2":"type-product","3":"status-publish","5":"product_cat-6-12-yas-kitaplari","6":"product_cat-cocuk-ve-genclik-kitaplari","7":"pa_cilt-ciltsiz","8":"pa_tur-kitap","9":"pa_yayinevi-gunisigi-kitapligi","10":"pa_yazar-omer-acik","12":"first","13":"instock","14":"sale","15":"shipping-taxable","16":"purchasable","17":"product-type-simple"},"_links":{"self":[{"href":"https:\/\/roveyayinevi.com.tr\/index.php\/wp-json\/wp\/v2\/product\/708276","targetHints":{"allow":["GET"]}}],"collection":[{"href":"https:\/\/roveyayinevi.com.tr\/index.php\/wp-json\/wp\/v2\/product"}],"about":[{"href":"https:\/\/roveyayinevi.com.tr\/index.php\/wp-json\/wp\/v2\/types\/product"}],"wp:attachment":[{"href":"https:\/\/roveyayinevi.com.tr\/index.php\/wp-json\/wp\/v2\/media?parent=708276"}],"wp:term":[{"taxonomy":"product_brand","embeddable":true,"href":"https:\/\/roveyayinevi.com.tr\/index.php\/wp-json\/wp\/v2\/product_brand?post=708276"},{"taxonomy":"product_cat","embeddable":true,"href":"https:\/\/roveyayinevi.com.tr\/index.php\/wp-json\/wp\/v2\/product_cat?post=708276"},{"taxonomy":"product_tag","embeddable":true,"href":"https:\/\/roveyayinevi.com.tr\/index.php\/wp-json\/wp\/v2\/product_tag?post=708276"}],"curies":[{"name":"wp","href":"https:\/\/api.w.org\/{rel}","templated":true}]}}