{"id":708275,"date":"2025-08-27T16:13:34","date_gmt":"2025-08-27T13:13:34","guid":{"rendered":"https:\/\/roveyayinevi.com.tr\/index.php\/urun\/kuculme-oyunu\/"},"modified":"2026-04-16T02:16:50","modified_gmt":"2026-04-15T23:16:50","slug":"kuculme-oyunu","status":"publish","type":"product","link":"https:\/\/roveyayinevi.com.tr\/index.php\/urun\/kuculme-oyunu\/","title":{"rendered":"K\u00fc\u00e7\u00fclme Oyunu"},"content":{"rendered":"<p>Torunuyla zaman ge\u00e7irmek isteyen anneannenin i\u015fi zor&#8230; Aras\u2019\u0131n ilgisini \u00e7ekecek bir konu bulmay\u0131 h\u00e2l\u00e2 ba\u015faramad\u0131. Sabahtan beri u\u011fra\u015f\u0131yor ama torunu, yapbozlar\u0131ndan ba\u015f\u0131n\u0131 kald\u0131r\u0131p kendisine bir kez bile bakmad\u0131 daha. D\u00fc\u015f\u00fcn\u00fcp dururken akl\u0131na parlak bir fikir geldi. Bakal\u0131m bu kez torununun ilgisini \u00e7ekmeyi ba\u015farabilecek mi? <\/p>\n","protected":false},"excerpt":{"rendered":"<p>Torunuyla zaman ge\u00e7irmek isteyen anneannenin i\u015fi zor&#8230; Aras\u2019\u0131n ilgisini \u00e7ekecek bir konu bulmay\u0131 h\u00e2l\u00e2 ba\u015faramad\u0131. Sabahtan beri u\u011fra\u015f\u0131yor ama torunu, yapbozlar\u0131ndan ba\u015f\u0131n\u0131 kald\u0131r\u0131p kendisine bir kez<span class=\"excerpt-hellip\"> [\u2026]<\/span><\/p>\n","protected":false},"featured_media":0,"template":"","meta":{"_monsterinsights_skip_tracking":false,"_monsterinsights_sitenote_active":false,"_monsterinsights_sitenote_note":"","_monsterinsights_sitenote_category":0},"product_brand":[],"product_cat":[12275,12274],"product_tag":[],"class_list":{"0":"post-708275","1":"product","2":"type-product","3":"status-publish","5":"product_cat-6-12-yas-kitaplari","6":"product_cat-cocuk-ve-genclik-kitaplari","7":"pa_cilt-ciltsiz","8":"pa_tur-kitap","9":"pa_yayinevi-kirmizi-kedi-yayinevi","10":"pa_yazar-feyza-hepcilingirler","12":"first","13":"instock","14":"sale","15":"shipping-taxable","16":"purchasable","17":"product-type-simple"},"_links":{"self":[{"href":"https:\/\/roveyayinevi.com.tr\/index.php\/wp-json\/wp\/v2\/product\/708275","targetHints":{"allow":["GET"]}}],"collection":[{"href":"https:\/\/roveyayinevi.com.tr\/index.php\/wp-json\/wp\/v2\/product"}],"about":[{"href":"https:\/\/roveyayinevi.com.tr\/index.php\/wp-json\/wp\/v2\/types\/product"}],"wp:attachment":[{"href":"https:\/\/roveyayinevi.com.tr\/index.php\/wp-json\/wp\/v2\/media?parent=708275"}],"wp:term":[{"taxonomy":"product_brand","embeddable":true,"href":"https:\/\/roveyayinevi.com.tr\/index.php\/wp-json\/wp\/v2\/product_brand?post=708275"},{"taxonomy":"product_cat","embeddable":true,"href":"https:\/\/roveyayinevi.com.tr\/index.php\/wp-json\/wp\/v2\/product_cat?post=708275"},{"taxonomy":"product_tag","embeddable":true,"href":"https:\/\/roveyayinevi.com.tr\/index.php\/wp-json\/wp\/v2\/product_tag?post=708275"}],"curies":[{"name":"wp","href":"https:\/\/api.w.org\/{rel}","templated":true}]}}