{"id":708269,"date":"2025-08-27T16:13:32","date_gmt":"2025-08-27T13:13:32","guid":{"rendered":"https:\/\/roveyayinevi.com.tr\/index.php\/urun\/devlet-ve-hukuk\/"},"modified":"2026-04-16T02:16:50","modified_gmt":"2026-04-15T23:16:50","slug":"devlet-ve-hukuk","status":"publish","type":"product","link":"https:\/\/roveyayinevi.com.tr\/index.php\/urun\/devlet-ve-hukuk\/","title":{"rendered":"Devlet ve Hukuk"},"content":{"rendered":"<p>\u015eimdiye kadar pek az d\u00fc\u015f\u00fcn\u00fcr Marx kadar tart\u0131\u015f\u0131lm\u0131\u015ft\u0131r. Aradan y\u00fczy\u0131llar ge\u00e7mi\u015f olmas\u0131na ra\u011fmen Marx\u2019\u0131n \u201cd\u00fcnyay\u0131 de\u011fi\u015ftirmeyi\u201d hedef alan devrimci politik fikirleri h\u00e2l\u00e2 etkili ve canl\u0131. Bu canl\u0131l\u0131\u011f\u0131n herkesin hayat\u0131n\u0131 etkileyen kapitalist d\u00fcnya sistemiyle de do\u011frudan ilgisi var tabii: \u0130nsan\u0131 \u00f6z\u00fcne ve hemcinslerine yabanc\u0131la\u015ft\u0131ran, t\u00fcm insani de\u011ferleri \u201cmeta\u201dya indirgeyen, yoksullar\u0131 daha da yoksul k\u0131lan, gelir u\u00e7urumunu derinle\u015ftiren, \u00fccretleri d\u00fc\u015f\u00fcren, i\u015f g\u00fcvenli\u011fini hi\u00e7e sayan, ekonomik krizleri ve sosyal felaketleri yaratan, hukuk devletini otoriter polis devletine \u00e7eviren, d\u00fcnyan\u0131n her k\u00f6\u015fesinde maddi \u00e7\u0131kar u\u011fruna sava\u015flar \u00e7\u0131karan ve insanlar\u0131 birbirine k\u0131rd\u0131ran \u201ckapitalizm\u201d s\u00fcrd\u00fck\u00e7e, Marx\u2019\u0131n anti-kapitalist g\u00f6r\u00fc\u015fleri varl\u0131\u011f\u0131n\u0131 s\u00fcrd\u00fcrece\u011fe benziyor. Marx kapitalizmin \u015fifrelerini kendine \u00f6zg\u00fc metoduyla teker teker \u00e7\u00f6zerken, kapitalist \u00fcretim tarz\u0131n\u0131n modern devlet yap\u0131lanmas\u0131yla olan ili\u015fkisini de derinlemesine ele\u015ftirmi\u015f; buradan hareketle de insanl\u0131\u011f\u0131n \u00f6zg\u00fcrle\u015fmesi i\u00e7in hem modern devletin hem de kapitalizmin ortadan kalkmas\u0131 gerekti\u011fi sonucuna ula\u015fm\u0131\u015ft\u0131r. Bu kitapta bir araya getirilen ve Marx ile Engels\u2019in \u00f6zellikle devlet ve hukuk ele\u015ftirilerini i\u00e7eren ve bu par\u00e7alar g\u00fcncel sorulara da cevaplar sunuyor: Devlet nedir? Modern hukuk sistemi temelinde neye dayanmaktad\u0131r? Hukuk ve devlet aras\u0131ndaki ili\u015fkilerin kapitalizmin i\u015fleyi\u015fiyle ne t\u00fcrden ba\u011flant\u0131lar\u0131 vard\u0131r? KARL MARX (5 May\u0131s 1818 Trier-14 Mart 1883 Londra) 19. y\u00fczy\u0131lda ya\u015fam\u0131\u015f Alman filozof, siyasal iktisat\u00e7\u0131 ve devrimci. Marx\u2019\u0131n ekonomi alan\u0131ndaki \u00e7al\u0131\u015fmalar\u0131, g\u00fcn\u00fcm\u00fczde eme\u011fi, emek-sermaye ili\u015fkisini ve bunlar\u0131 takip eden ekonomi d\u00fc\u015f\u00fcn- cesini kavraman\u0131n b\u00fcy\u00fck bir k\u0131sm\u0131 i\u00e7in temel olu\u015fturmu\u015ftur. Sosyoloji ve sosyal bilimleri ba\u015flatan isimler aras\u0131ndad\u0131r. Kom\u00fcnist Manifesto (1848) ve Kapital (1867-1894) olmak \u00fczere hayat\u0131 boyunca pek \u00e7ok kitap kaleme alm\u0131\u015ft\u0131r. FRIEDRICH ENGELS (28 Kas\u0131m 1820, Barmen [Wuppertal]-5 A\u011fustos 1895, Londra), 19. y\u00fczy\u0131lda ya\u015fam\u0131\u015f Alman politik filozof. Marx\u2019la beraber kom\u00fcnist teorinin geli\u015ftirilmesinde \u00f6nemli katk\u0131larda bulunmu\u015ftur. Marx hayat\u0131n\u0131 kaybettikten sonra Marx\u2019\u0131n en \u00f6nemli eseri olan Kapital\u2019in son iki cildini yay\u0131ma haz\u0131rlam\u0131\u015ft\u0131.<\/p>\n","protected":false},"excerpt":{"rendered":"<p>\u015eimdiye kadar pek az d\u00fc\u015f\u00fcn\u00fcr Marx kadar tart\u0131\u015f\u0131lm\u0131\u015ft\u0131r. Aradan y\u00fczy\u0131llar ge\u00e7mi\u015f olmas\u0131na ra\u011fmen Marx\u2019\u0131n \u201cd\u00fcnyay\u0131 de\u011fi\u015ftirmeyi\u201d hedef alan devrimci politik fikirleri h\u00e2l\u00e2 etkili ve canl\u0131. Bu<span class=\"excerpt-hellip\"> [\u2026]<\/span><\/p>\n","protected":false},"featured_media":0,"template":"","meta":{"_monsterinsights_skip_tracking":false,"_monsterinsights_sitenote_active":false,"_monsterinsights_sitenote_note":"","_monsterinsights_sitenote_category":0},"product_brand":[],"product_cat":[12388,15536],"product_tag":[],"class_list":{"0":"post-708269","1":"product","2":"type-product","3":"status-publish","5":"product_cat-felsefe","6":"product_cat-siyaset-felsefesi","7":"pa_cilt-ciltsiz","8":"pa_tur-kitap","9":"pa_yayinevi-ayrinti-yayinlari","10":"pa_yazar-karl-marx","12":"first","13":"instock","14":"sale","15":"shipping-taxable","16":"purchasable","17":"product-type-simple"},"_links":{"self":[{"href":"https:\/\/roveyayinevi.com.tr\/index.php\/wp-json\/wp\/v2\/product\/708269","targetHints":{"allow":["GET"]}}],"collection":[{"href":"https:\/\/roveyayinevi.com.tr\/index.php\/wp-json\/wp\/v2\/product"}],"about":[{"href":"https:\/\/roveyayinevi.com.tr\/index.php\/wp-json\/wp\/v2\/types\/product"}],"wp:attachment":[{"href":"https:\/\/roveyayinevi.com.tr\/index.php\/wp-json\/wp\/v2\/media?parent=708269"}],"wp:term":[{"taxonomy":"product_brand","embeddable":true,"href":"https:\/\/roveyayinevi.com.tr\/index.php\/wp-json\/wp\/v2\/product_brand?post=708269"},{"taxonomy":"product_cat","embeddable":true,"href":"https:\/\/roveyayinevi.com.tr\/index.php\/wp-json\/wp\/v2\/product_cat?post=708269"},{"taxonomy":"product_tag","embeddable":true,"href":"https:\/\/roveyayinevi.com.tr\/index.php\/wp-json\/wp\/v2\/product_tag?post=708269"}],"curies":[{"name":"wp","href":"https:\/\/api.w.org\/{rel}","templated":true}]}}