{"id":708257,"date":"2025-08-27T16:13:27","date_gmt":"2025-08-27T13:13:27","guid":{"rendered":"https:\/\/roveyayinevi.com.tr\/index.php\/urun\/egitbilim-pedangragoji\/"},"modified":"2026-01-29T02:30:54","modified_gmt":"2026-01-28T23:30:54","slug":"egitbilim-pedangragoji","status":"publish","type":"product","link":"https:\/\/roveyayinevi.com.tr\/index.php\/urun\/egitbilim-pedangragoji\/","title":{"rendered":"E\u011fitbilim Pedangragoji"},"content":{"rendered":"<p>\u0130simlendirmeler \u00f6nemlidir ama galiba as\u0131l \u00f6nemli olan genelde sosyal bilimlerin, \u00f6zelde de e\u011fitbilimin bilgisini dikkate alan bir toplumsal ve bireysel zihin yaratabilmektir. \u015euras\u0131 bir ger\u00e7ektir ki T\u00fcrkiye, art\u0131k \u201ce\u011fiti i\u015fi sadece e\u011fitimcilere b\u0131rak\u0131lmayacak kadar \u00f6nemlidir\u201d anlay\u0131\u015f\u0131ndan \u201ce\u011fitim i\u015fi e\u011fitbilimcilere b\u0131rak\u0131lacak kadar \u00f6nemlidir\u201d anlay\u0131\u015f\u0131na s\u0131\u00e7ramak zorundad\u0131r. Bu kitab\u0131n bu yolda at\u0131lan ad\u0131mlardan biri olmak d\u0131\u015f\u0131nda ba\u015fkaca bir amac\u0131 olmad\u0131\u011f\u0131n\u0131 belirtmek gerekir. Ali Sabanc\u0131 \u2013 E\u011fitim &#8211; Temel Kavramlar \u0130kram \u00c7\u0131nar \u2013 E\u011fitimin Tarihi Mehmet \u00dcst\u00fcner \u2013 E\u011fitimin Felsefesi Erdal Toprak\u00e7\u0131 \u2013 E\u011fitbilim &#8211; Pedandragoji Zeynep D. Y\u00f6ndem \u2013 E\u011fitimin Psikolojisi Meral Uras \u2013 E\u011fitimin Sosyolojisi Necdet Konan \u2013 T\u00fcrkiye\u2019de E\u011fitimin Y\u00f6netimi Esen Altunay \u2013 E\u011fitimin Denetimi Y\u0131lmaz Tonbul \u2013 E\u011fitimin Ekonomisi Kemal Kay\u0131k\u00e7\u0131 \u2013 E\u011fitimin Hukuku Mustafa Ersoy \u2013 E\u011fitimin Teknolojisi Hasan Demirta\u015f \u2013 E\u011fitime Farkl\u0131 Bak\u0131\u015flar <\/p>\n","protected":false},"excerpt":{"rendered":"<p>\u0130simlendirmeler \u00f6nemlidir ama galiba as\u0131l \u00f6nemli olan genelde sosyal bilimlerin, \u00f6zelde de e\u011fitbilimin bilgisini dikkate alan bir toplumsal ve bireysel zihin yaratabilmektir. \u015euras\u0131 bir ger\u00e7ektir ki<span class=\"excerpt-hellip\"> [\u2026]<\/span><\/p>\n","protected":false},"featured_media":0,"template":"","meta":{"_monsterinsights_skip_tracking":false,"_monsterinsights_sitenote_active":false,"_monsterinsights_sitenote_note":"","_monsterinsights_sitenote_category":0},"product_brand":[],"product_cat":[25175,12357],"product_tag":[],"class_list":{"0":"post-708257","1":"product","2":"type-product","3":"status-publish","5":"product_cat-egitim-psikolojisi","6":"product_cat-psikoloji","7":"pa_cilt-ciltsiz","8":"pa_tur-kitap","9":"pa_yayinevi-utopya-yayinevi","10":"pa_yazar-erdal-toprakci","12":"first","13":"instock","14":"sale","15":"shipping-taxable","16":"purchasable","17":"product-type-simple"},"_links":{"self":[{"href":"https:\/\/roveyayinevi.com.tr\/index.php\/wp-json\/wp\/v2\/product\/708257","targetHints":{"allow":["GET"]}}],"collection":[{"href":"https:\/\/roveyayinevi.com.tr\/index.php\/wp-json\/wp\/v2\/product"}],"about":[{"href":"https:\/\/roveyayinevi.com.tr\/index.php\/wp-json\/wp\/v2\/types\/product"}],"wp:attachment":[{"href":"https:\/\/roveyayinevi.com.tr\/index.php\/wp-json\/wp\/v2\/media?parent=708257"}],"wp:term":[{"taxonomy":"product_brand","embeddable":true,"href":"https:\/\/roveyayinevi.com.tr\/index.php\/wp-json\/wp\/v2\/product_brand?post=708257"},{"taxonomy":"product_cat","embeddable":true,"href":"https:\/\/roveyayinevi.com.tr\/index.php\/wp-json\/wp\/v2\/product_cat?post=708257"},{"taxonomy":"product_tag","embeddable":true,"href":"https:\/\/roveyayinevi.com.tr\/index.php\/wp-json\/wp\/v2\/product_tag?post=708257"}],"curies":[{"name":"wp","href":"https:\/\/api.w.org\/{rel}","templated":true}]}}