{"id":708236,"date":"2025-08-27T16:12:46","date_gmt":"2025-08-27T13:12:46","guid":{"rendered":"https:\/\/roveyayinevi.com.tr\/index.php\/urun\/eski-anadolu-madenciligi\/"},"modified":"2026-04-16T02:16:49","modified_gmt":"2026-04-15T23:16:49","slug":"eski-anadolu-madenciligi","status":"publish","type":"product","link":"https:\/\/roveyayinevi.com.tr\/index.php\/urun\/eski-anadolu-madenciligi\/","title":{"rendered":"Eski Anadolu Madencili\u011fi"},"content":{"rendered":"<p>1987 y\u0131l\u0131nda Ankara \u00dcniversitesi, Dil ve Tarih-Co\u011frafya Fak\u00fcltesi&#8217;nden mezun oldu.1991 y\u0131l\u0131nda Hacettepe \u00dcniversitesi Sosyal Bilimler Enstit\u00fcs\u00fc&#8217;nde ?Baz Koleksiyonu Madeni Eserleri&#8221; konulu Y\u00fcksek lisans Tezini Prof. Dr. Engin \u00d6zgen&#8217;in dan\u0131\u015fanl\u0131\u011f\u0131nda tamamlad\u0131.Ayn\u0131 enstit\u00fcde,1998 y\u0131l\u0131nda Prof. Dr. Engin \u00d6zgen&#8217;in dan\u0131\u015fmanl\u0131\u011f\u0131nda ?Oylum H\u00f6y\u00fck Buluntular\u0131n\u0131n I\u015f\u0131\u011f\u0131 Alt\u0131nda, Erkan Tun\u00e7 \u00c7a\u011f\u0131&#8217;nda G\u00fcneydo\u011fu Anadolu B\u00f6lgesi&#8217;nin Madeni Eserleri&#8221; ba\u015fl\u0131kl\u0131 Doktora tezini tamamlayarak Hacettepe \u00dcniversitesi Arkeoloji B\u00f6l\u00fcm\u00fc&#8217;ne Yard\u0131mc\u0131 Do\u00e7ent olarak atand\u0131.Kat\u0131ld\u0131\u011f\u0131 bilimsel kaz\u0131lar: 1985-1987: Kayseri-K\u00fcltepe kaz\u0131lar\u0131 (Prof. Dr. Tahsin \u00d6zg\u00fc\u00e7 ba\u015fkanl\u0131\u011f\u0131nda). 1987-1990: Ni\u011fde-K\u00f6\u015fk H\u00f6y\u00fck kaz\u0131lar\u0131 (Prof. Dr. U\u011fur Silistreli ba\u015fkanl\u0131\u011f\u0131nda). 1992: \u0130zmir-Limantepe kaz\u0131lar\u0131 (Prof . Dr. Hayat Erkanal ba\u015fkanl\u0131\u011f\u0131nda). 1989-1998: Kilis-Oylum H\u00f6y\u00fck kaz\u0131lar\u0131 (Prof. Dr. Engin \u00d6zgen ba\u015fkanl\u0131\u011f\u0131nda). 2001-2013: Diyarbak\u0131r-Hakemi Use kaz\u0131lar\u0131 (kendi bilimsel sorumlulu\u011funda). 2009-2012: Diyarbak\u0131r-Karavelyan kaz\u0131lar\u0131 (kendi bilimsel sorumlulu\u011funda). 2013-: Kahramanmara\u015f-Domuztepe kaz\u0131lar\u0131 (kendi bilimsel sorumlulu\u011funda). 2009 y\u0131l\u0131nda Do\u00e7ent unvan\u0131 alan Halil Tekin,1992 y\u0131l\u0131ndan beri Hacettepe \u00dcniversitesi Arkeoloji B\u00f6l\u00fcm\u00fc&#8217;nde g\u00f6rev yapmaktad\u0131r.<\/p>\n","protected":false},"excerpt":{"rendered":"<p>1987 y\u0131l\u0131nda Ankara \u00dcniversitesi, Dil ve Tarih-Co\u011frafya Fak\u00fcltesi&#8217;nden mezun oldu.1991 y\u0131l\u0131nda Hacettepe \u00dcniversitesi Sosyal Bilimler Enstit\u00fcs\u00fc&#8217;nde ?Baz Koleksiyonu Madeni Eserleri&#8221; konulu Y\u00fcksek lisans Tezini Prof. Dr.<span class=\"excerpt-hellip\"> [\u2026]<\/span><\/p>\n","protected":false},"featured_media":0,"template":"","meta":{"_monsterinsights_skip_tracking":false,"_monsterinsights_sitenote_active":false,"_monsterinsights_sitenote_note":"","_monsterinsights_sitenote_category":0},"product_brand":[],"product_cat":[12408,14197],"product_tag":[],"class_list":{"0":"post-708236","1":"product","2":"type-product","3":"status-publish","5":"product_cat-sanat","6":"product_cat-sanat-tarihi","7":"pa_cilt-ciltsiz","8":"pa_tur-kitap","9":"pa_yayinevi-bilgin-kultur-sanat","10":"pa_yazar-halil-tekin","12":"first","13":"instock","14":"sale","15":"shipping-taxable","16":"purchasable","17":"product-type-simple"},"_links":{"self":[{"href":"https:\/\/roveyayinevi.com.tr\/index.php\/wp-json\/wp\/v2\/product\/708236","targetHints":{"allow":["GET"]}}],"collection":[{"href":"https:\/\/roveyayinevi.com.tr\/index.php\/wp-json\/wp\/v2\/product"}],"about":[{"href":"https:\/\/roveyayinevi.com.tr\/index.php\/wp-json\/wp\/v2\/types\/product"}],"wp:attachment":[{"href":"https:\/\/roveyayinevi.com.tr\/index.php\/wp-json\/wp\/v2\/media?parent=708236"}],"wp:term":[{"taxonomy":"product_brand","embeddable":true,"href":"https:\/\/roveyayinevi.com.tr\/index.php\/wp-json\/wp\/v2\/product_brand?post=708236"},{"taxonomy":"product_cat","embeddable":true,"href":"https:\/\/roveyayinevi.com.tr\/index.php\/wp-json\/wp\/v2\/product_cat?post=708236"},{"taxonomy":"product_tag","embeddable":true,"href":"https:\/\/roveyayinevi.com.tr\/index.php\/wp-json\/wp\/v2\/product_tag?post=708236"}],"curies":[{"name":"wp","href":"https:\/\/api.w.org\/{rel}","templated":true}]}}