{"id":708215,"date":"2025-08-27T16:12:38","date_gmt":"2025-08-27T13:12:38","guid":{"rendered":"https:\/\/roveyayinevi.com.tr\/index.php\/urun\/dusler-evreni\/"},"modified":"2026-04-16T02:16:49","modified_gmt":"2026-04-15T23:16:49","slug":"dusler-evreni","status":"publish","type":"product","link":"https:\/\/roveyayinevi.com.tr\/index.php\/urun\/dusler-evreni\/","title":{"rendered":"D\u00fc\u015fler Evreni"},"content":{"rendered":"<p>Ben kendimi bildim bileli iyi bir bilimkurgu okuru oldum. Okuduklar\u0131m, do\u011frusu, bir\u00e7ok konuya daha geni\u015f bir a\u00e7\u0131dan bakmam\u0131 sa\u011flad\u0131. Art\u0131k, bir de ben bu t\u00fcrden bir \u015feyler yazay\u0131m dedim. Daha \u00f6nce neden yazmad\u0131n diye soracak olursan\u0131z, yan\u0131t\u0131m, birikimim yeterli de\u011fildi olacakt\u0131r. \u015eimdi yeterli mi? Yine de\u011fil ama bir kere elbette ge\u00e7en bunca zaman az da olsa bana da bir \u015feyler kazand\u0131rm\u0131\u015f olmal\u0131; hem sonra fazla vaktim de kalmad\u0131 art\u0131k. I\u00e7imde kalmas\u0131n, dedim. -\u00c7etin Yetkin<\/p>\n","protected":false},"excerpt":{"rendered":"<p>Ben kendimi bildim bileli iyi bir bilimkurgu okuru oldum. Okuduklar\u0131m, do\u011frusu, bir\u00e7ok konuya daha geni\u015f bir a\u00e7\u0131dan bakmam\u0131 sa\u011flad\u0131. Art\u0131k, bir de ben bu t\u00fcrden bir<span class=\"excerpt-hellip\"> [\u2026]<\/span><\/p>\n","protected":false},"featured_media":0,"template":"","meta":{"_monsterinsights_skip_tracking":false,"_monsterinsights_sitenote_active":false,"_monsterinsights_sitenote_note":"","_monsterinsights_sitenote_category":0},"product_brand":[],"product_cat":[12364],"product_tag":[],"class_list":{"0":"post-708215","1":"product","2":"type-product","3":"status-publish","5":"product_cat-genel-konular","6":"pa_cilt-ciltsiz","7":"pa_tur-kitap","8":"pa_yayinevi-yeniden-ana-ve-rum-yayinlari","9":"pa_yazar-cetin-yetkin","11":"first","12":"instock","13":"sale","14":"shipping-taxable","15":"purchasable","16":"product-type-simple"},"_links":{"self":[{"href":"https:\/\/roveyayinevi.com.tr\/index.php\/wp-json\/wp\/v2\/product\/708215","targetHints":{"allow":["GET"]}}],"collection":[{"href":"https:\/\/roveyayinevi.com.tr\/index.php\/wp-json\/wp\/v2\/product"}],"about":[{"href":"https:\/\/roveyayinevi.com.tr\/index.php\/wp-json\/wp\/v2\/types\/product"}],"wp:attachment":[{"href":"https:\/\/roveyayinevi.com.tr\/index.php\/wp-json\/wp\/v2\/media?parent=708215"}],"wp:term":[{"taxonomy":"product_brand","embeddable":true,"href":"https:\/\/roveyayinevi.com.tr\/index.php\/wp-json\/wp\/v2\/product_brand?post=708215"},{"taxonomy":"product_cat","embeddable":true,"href":"https:\/\/roveyayinevi.com.tr\/index.php\/wp-json\/wp\/v2\/product_cat?post=708215"},{"taxonomy":"product_tag","embeddable":true,"href":"https:\/\/roveyayinevi.com.tr\/index.php\/wp-json\/wp\/v2\/product_tag?post=708215"}],"curies":[{"name":"wp","href":"https:\/\/api.w.org\/{rel}","templated":true}]}}