{"id":708202,"date":"2025-08-27T16:12:32","date_gmt":"2025-08-27T13:12:32","guid":{"rendered":"https:\/\/roveyayinevi.com.tr\/index.php\/urun\/firtinadaki-kanatlar\/"},"modified":"2026-04-16T02:16:49","modified_gmt":"2026-04-15T23:16:49","slug":"firtinadaki-kanatlar","status":"publish","type":"product","link":"https:\/\/roveyayinevi.com.tr\/index.php\/urun\/firtinadaki-kanatlar\/","title":{"rendered":"F\u0131rt\u0131nadaki Kanatlar"},"content":{"rendered":"<p>Brook ailesi, Ahmedabad\u2019daki geleneksel u\u00e7urtma festivaline kat\u0131lmak i\u00e7in Hindistan\u2019a gitti\u011finde, Joe gece pazar\u0131ndan kendine bir u\u00e7urtma almak ve kutlamalara kat\u0131lmak i\u00e7in sab\u0131rs\u0131zlan\u0131yordu. Ancak bu festivalin karanl\u0131k bir taraf\u0131 da vard\u0131. Di\u011fer u\u00e7urtmalarla rekabet etmek i\u00e7in, insanlar u\u00e7urtmalar\u0131n\u0131n iplerini cam k\u0131r\u0131klar\u0131yla kapl\u0131yorlard\u0131 ve bu ipler de ku\u015flar\u0131 ciddi \u015fekilde yaralayabiliyordu. Joe\u2019nun annesi b\u00fct\u00fcn yaral\u0131 ku\u015flar\u0131, \u00f6zellikle de akbabalar\u0131 iyile\u015ftirmek i\u00e7in gece g\u00fcnd\u00fcz kurtarma merkezinde \u00e7al\u0131\u015f\u0131yordu. Acaba Joe ve Aesha, festivalde, cesur bir kurtarma operasyonuna imza atabilecekler miydi?Bu kitap, Londra Hayvanat Bah\u00e7esi koruma ekibinin yard\u0131m\u0131 ve rehberli\u011fiyle yaz\u0131ld\u0131. T\u00fcm bilgiler do\u011fru, maceralar\u0131n tamam\u0131 da heyecan ve gerilim dolu. <\/p>\n","protected":false},"excerpt":{"rendered":"<p>Brook ailesi, Ahmedabad\u2019daki geleneksel u\u00e7urtma festivaline kat\u0131lmak i\u00e7in Hindistan\u2019a gitti\u011finde, Joe gece pazar\u0131ndan kendine bir u\u00e7urtma almak ve kutlamalara kat\u0131lmak i\u00e7in sab\u0131rs\u0131zlan\u0131yordu. Ancak bu festivalin karanl\u0131k<span class=\"excerpt-hellip\"> [\u2026]<\/span><\/p>\n","protected":false},"featured_media":0,"template":"","meta":{"_monsterinsights_skip_tracking":false,"_monsterinsights_sitenote_active":false,"_monsterinsights_sitenote_note":"","_monsterinsights_sitenote_category":0},"product_brand":[],"product_cat":[12274,12284],"product_tag":[],"class_list":{"0":"post-708202","1":"product","2":"type-product","3":"status-publish","5":"product_cat-cocuk-ve-genclik-kitaplari","6":"product_cat-hikayeler","7":"pa_cilt-ciltsiz","8":"pa_tur-kitap","9":"pa_yayinevi-is-bankasi-kultur-yayinlari","10":"pa_yazar-sally-grindley","12":"first","13":"instock","14":"sale","15":"shipping-taxable","16":"purchasable","17":"product-type-simple"},"_links":{"self":[{"href":"https:\/\/roveyayinevi.com.tr\/index.php\/wp-json\/wp\/v2\/product\/708202","targetHints":{"allow":["GET"]}}],"collection":[{"href":"https:\/\/roveyayinevi.com.tr\/index.php\/wp-json\/wp\/v2\/product"}],"about":[{"href":"https:\/\/roveyayinevi.com.tr\/index.php\/wp-json\/wp\/v2\/types\/product"}],"wp:attachment":[{"href":"https:\/\/roveyayinevi.com.tr\/index.php\/wp-json\/wp\/v2\/media?parent=708202"}],"wp:term":[{"taxonomy":"product_brand","embeddable":true,"href":"https:\/\/roveyayinevi.com.tr\/index.php\/wp-json\/wp\/v2\/product_brand?post=708202"},{"taxonomy":"product_cat","embeddable":true,"href":"https:\/\/roveyayinevi.com.tr\/index.php\/wp-json\/wp\/v2\/product_cat?post=708202"},{"taxonomy":"product_tag","embeddable":true,"href":"https:\/\/roveyayinevi.com.tr\/index.php\/wp-json\/wp\/v2\/product_tag?post=708202"}],"curies":[{"name":"wp","href":"https:\/\/api.w.org\/{rel}","templated":true}]}}