{"id":708191,"date":"2025-08-27T16:12:27","date_gmt":"2025-08-27T13:12:27","guid":{"rendered":"https:\/\/roveyayinevi.com.tr\/index.php\/urun\/arsiv-belgeleri-isiginda-dahiliye-nezareti-tarihi\/"},"modified":"2026-04-16T02:16:48","modified_gmt":"2026-04-15T23:16:48","slug":"arsiv-belgeleri-isiginda-dahiliye-nezareti-tarihi","status":"publish","type":"product","link":"https:\/\/roveyayinevi.com.tr\/index.php\/urun\/arsiv-belgeleri-isiginda-dahiliye-nezareti-tarihi\/","title":{"rendered":"Ar\u015fiv Belgeleri I\u015f\u0131\u011f\u0131nda Dahiliye Nezareti Tarihi"},"content":{"rendered":"<p>T\u00fcrkiye\u2019de \u0130\u00e7i\u015fleri Bakanl\u0131\u011f\u0131n\u0131n tarihinin ba\u015flang\u0131c\u0131 olarak 1836 y\u0131l\u0131 esas al\u0131namaz. Farkl\u0131 isimler alt\u0131nda da olsa t\u00fcm M\u00fcsl\u00fcman T\u00fcrk devletlerinde ve \u00f6zellikle de Osmanl\u0131 Devletinde \u201ci\u00e7i\u015flerinin\u201d temelleri \u00e7ok eskilere uzanmaktad\u0131r. \u0130\u015fte bu eser, tarih boyunca ve \u00f6zellikle Osmanl\u0131 Devletindeki i\u00e7i\u015flerine dair kurum ve kurulu\u015flar\u0131, temel kaynaklar ve ar\u015fiv belgeleri \u0131\u015f\u0131\u011f\u0131nda incelemek amac\u0131n\u0131 ta\u015f\u0131maktad\u0131r.Bu ba\u011flamda, h\u00e2ciplik ve \u015f\u0131hne te\u015fkilatlar\u0131na dikkat \u00e7ekilmekte, kethud\u00e2l\u0131k kavram\u0131 \u00fczerinden Sadaret Kethud\u00e2l\u0131\u011f\u0131 kurumu ele al\u0131nmakta ve 1836 y\u0131l\u0131nda kurulan Nez\u00e2retin 1922 y\u0131l\u0131na kadar geli\u015fimi incelenmektedir. Ayr\u0131ca eserde, i\u00e7i\u015flerine dair kurum ve kurulu\u015flar ile bunlar\u0131n i\u015fleyi\u015fine ili\u015fkin mevzuat metinlerine de yer verilmektedir.Konu Ba\u015fl\u0131klar\u0131\ufffcOsmanl\u0131 Devletinde M\u00fclki \u0130darenin Ana Hatlar\u0131\ufffcTanzimat&#8217;tan \u00d6nce Dahiliye Nezareti: Sadaret Kethudal\u0131\u011f\u0131\ufffcTanzimattan Sonra Dahiliye Nezareti: 1836 \u2013 1922\ufffcOsmanl\u0131 Devleti&#8217;nde Dahiliye Nezaretine Yard\u0131mc\u0131 Olan Kurulu\u015flar\ufffcTanzimat Sonras\u0131 Osmanl\u0131 M\u00fclki \u0130daresi ile Alakal\u0131 Hukuki D\u00fczenlemeler <\/p>\n","protected":false},"excerpt":{"rendered":"<p>T\u00fcrkiye\u2019de \u0130\u00e7i\u015fleri Bakanl\u0131\u011f\u0131n\u0131n tarihinin ba\u015flang\u0131c\u0131 olarak 1836 y\u0131l\u0131 esas al\u0131namaz. Farkl\u0131 isimler alt\u0131nda da olsa t\u00fcm M\u00fcsl\u00fcman T\u00fcrk devletlerinde ve \u00f6zellikle de Osmanl\u0131 Devletinde \u201ci\u00e7i\u015flerinin\u201d temelleri<span class=\"excerpt-hellip\"> [\u2026]<\/span><\/p>\n","protected":false},"featured_media":0,"template":"","meta":{"_monsterinsights_skip_tracking":false,"_monsterinsights_sitenote_active":false,"_monsterinsights_sitenote_note":"","_monsterinsights_sitenote_category":0},"product_brand":[],"product_cat":[13517,12304],"product_tag":[],"class_list":{"0":"post-708191","1":"product","2":"type-product","3":"status-publish","5":"product_cat-osmanli-tarihi","6":"product_cat-tarih","7":"pa_cilt-ciltli","8":"pa_tur-kitap","9":"pa_yayinevi-tiav","10":"pa_yazar-komisyon","12":"first","13":"instock","14":"sale","15":"shipping-taxable","16":"purchasable","17":"product-type-simple"},"_links":{"self":[{"href":"https:\/\/roveyayinevi.com.tr\/index.php\/wp-json\/wp\/v2\/product\/708191","targetHints":{"allow":["GET"]}}],"collection":[{"href":"https:\/\/roveyayinevi.com.tr\/index.php\/wp-json\/wp\/v2\/product"}],"about":[{"href":"https:\/\/roveyayinevi.com.tr\/index.php\/wp-json\/wp\/v2\/types\/product"}],"wp:attachment":[{"href":"https:\/\/roveyayinevi.com.tr\/index.php\/wp-json\/wp\/v2\/media?parent=708191"}],"wp:term":[{"taxonomy":"product_brand","embeddable":true,"href":"https:\/\/roveyayinevi.com.tr\/index.php\/wp-json\/wp\/v2\/product_brand?post=708191"},{"taxonomy":"product_cat","embeddable":true,"href":"https:\/\/roveyayinevi.com.tr\/index.php\/wp-json\/wp\/v2\/product_cat?post=708191"},{"taxonomy":"product_tag","embeddable":true,"href":"https:\/\/roveyayinevi.com.tr\/index.php\/wp-json\/wp\/v2\/product_tag?post=708191"}],"curies":[{"name":"wp","href":"https:\/\/api.w.org\/{rel}","templated":true}]}}