{"id":708176,"date":"2025-08-27T16:12:21","date_gmt":"2025-08-27T13:12:21","guid":{"rendered":"https:\/\/roveyayinevi.com.tr\/index.php\/urun\/icisleri-bakanligi-hukuk-musavirligi-hukuki-gorusler-2013\/"},"modified":"2026-04-16T02:16:48","modified_gmt":"2026-04-15T23:16:48","slug":"icisleri-bakanligi-hukuk-musavirligi-hukuki-gorusler-2013","status":"publish","type":"product","link":"https:\/\/roveyayinevi.com.tr\/index.php\/urun\/icisleri-bakanligi-hukuk-musavirligi-hukuki-gorusler-2013\/","title":{"rendered":"\u0130\u00e7i\u015fleri Bakanl\u0131\u011f\u0131 Hukuk M\u00fc\u015favirli\u011fi Hukuki G\u00f6r\u00fc\u015fler 2013"},"content":{"rendered":"<p>Kitap Hakk\u0131ndaKitab\u0131n K\u00fcnyesi\u0130\u00e7i\u015fleri Bakanl\u0131\u011f\u0131 Hukuk M\u00fc\u015favirli\u011finden her y\u0131l \u00e7ok say\u0131da g\u00f6r\u00fc\u015f istenmektedir. 2012 ve 2013 y\u0131l\u0131nda verilen g\u00f6r\u00fc\u015flerin sistematik bi\u00e7imde s\u0131n\u0131fland\u0131r\u0131lmas\u0131 sonucunda bu kitaplar ortaya \u00e7\u0131km\u0131\u015ft\u0131r. 2013 y\u0131l\u0131nda yay\u0131nlanan bu kitaplar\u0131n edit\u00f6r\u00fc \u0130\u00e7i\u015fleri Bakanl\u0131\u011f\u0131 Hukuk M\u00fc\u015faviri Dr. Hasan H\u00fcseyin Can\u2019d\u0131r.\u0130\u00e7i\u015fleri Bakanl\u0131\u011f\u0131 Hukuk M\u00fc\u015favirli\u011fi ve T\u00fcrk \u0130dari Ara\u015ft\u0131rmalar Vakf\u0131 i\u015fbirli\u011fi ile yay\u0131nlanan bu kitaplar, kamu kurumlar\u0131n\u0131n yapaca\u011f\u0131 i\u015f ve i\u015flemlerin hukuka uygun bi\u00e7imde ger\u00e7ekle\u015ftirilmesi bak\u0131m\u0131ndan \u00f6nemli bir rehber niteli\u011findedir. \u0130\u00e7i\u015fleri Bakanl\u0131\u011f\u0131, do\u011fumundan ba\u015flayarak, vatanda\u015f\u0131m\u0131z\u0131n hayat\u0131n\u0131n her a\u015famas\u0131nda yer al\u0131r, bundan dolay\u0131d\u0131r ki, halka sundu\u011fu yay\u0131nlar da, do\u011frudan insan\u0131m\u0131z\u0131n hayat\u0131na dokunur\u2026Bu Kitap, kamu hizmetinin y\u00fcr\u00fct\u00fclmesinde izlenecek y\u00f6ntemler ve vatanda\u015f\u0131n kamu idarelerinden yapaca\u011f\u0131 talepler hakk\u0131nda, herkesin anlayaca\u011f\u0131 bir a\u00e7\u0131kl\u0131k ve sadelikle konular\u0131 anlatmaktad\u0131r. Bunlar, g\u00fcnl\u00fck ya\u015fant\u0131m\u0131zda her g\u00fcn kar\u015f\u0131la\u015fabilece\u011fimiz konulara dairdir. Bu \u00e7er\u00e7evede olu\u015fturulan hukuki g\u00f6r\u00fc\u015fler; ge\u00e7erli mevzuat ve uygulamaya dair mahkeme kararlar\u0131 \u0131\u015f\u0131\u011f\u0131nda ortaya konulmak suretiyle idare ile vatanda\u015f aras\u0131ndaki g\u00fcvenin sa\u011flanmas\u0131 ve sa\u011flam bir hukuki zeminin in\u015fas\u0131n\u0131 ama\u00e7lam\u0131\u015ft\u0131r. Kitap, kamu idarelerinin hizmet \u00fcretmesinde hukuka sayg\u0131y\u0131, vatanda\u015f\u0131n kamu idareleriyle ili\u015fkisinde bireysel haklara uyulmas\u0131n\u0131 ilke edinmi\u015ftir. Bu kitab\u0131n rehberli\u011finde; daha iyi i\u015fleyen idareler, Devlet kar\u015f\u0131s\u0131nda haklar\u0131n\u0131 bilen vatanda\u015flar, b\u00fcrokrasinin azald\u0131\u011f\u0131 idari s\u00fcre\u00e7ler, hi\u00e7 de hayal de\u011fil\u2026 <\/p>\n","protected":false},"excerpt":{"rendered":"<p>Kitap Hakk\u0131ndaKitab\u0131n K\u00fcnyesi\u0130\u00e7i\u015fleri Bakanl\u0131\u011f\u0131 Hukuk M\u00fc\u015favirli\u011finden her y\u0131l \u00e7ok say\u0131da g\u00f6r\u00fc\u015f istenmektedir. 2012 ve 2013 y\u0131l\u0131nda verilen g\u00f6r\u00fc\u015flerin sistematik bi\u00e7imde s\u0131n\u0131fland\u0131r\u0131lmas\u0131 sonucunda bu kitaplar ortaya \u00e7\u0131km\u0131\u015ft\u0131r.<span class=\"excerpt-hellip\"> [\u2026]<\/span><\/p>\n","protected":false},"featured_media":0,"template":"","meta":{"_monsterinsights_skip_tracking":false,"_monsterinsights_sitenote_active":false,"_monsterinsights_sitenote_note":"","_monsterinsights_sitenote_category":0},"product_brand":[],"product_cat":[15350,17602],"product_tag":[],"class_list":{"0":"post-708176","1":"product","2":"type-product","3":"status-publish","5":"product_cat-hukuk","6":"product_cat-hukuk-uzerine","7":"pa_cilt-ciltli","8":"pa_tur-kitap","9":"pa_yayinevi-tiav","10":"pa_yazar-kolektif","12":"first","13":"instock","14":"sale","15":"shipping-taxable","16":"purchasable","17":"product-type-simple"},"_links":{"self":[{"href":"https:\/\/roveyayinevi.com.tr\/index.php\/wp-json\/wp\/v2\/product\/708176","targetHints":{"allow":["GET"]}}],"collection":[{"href":"https:\/\/roveyayinevi.com.tr\/index.php\/wp-json\/wp\/v2\/product"}],"about":[{"href":"https:\/\/roveyayinevi.com.tr\/index.php\/wp-json\/wp\/v2\/types\/product"}],"wp:attachment":[{"href":"https:\/\/roveyayinevi.com.tr\/index.php\/wp-json\/wp\/v2\/media?parent=708176"}],"wp:term":[{"taxonomy":"product_brand","embeddable":true,"href":"https:\/\/roveyayinevi.com.tr\/index.php\/wp-json\/wp\/v2\/product_brand?post=708176"},{"taxonomy":"product_cat","embeddable":true,"href":"https:\/\/roveyayinevi.com.tr\/index.php\/wp-json\/wp\/v2\/product_cat?post=708176"},{"taxonomy":"product_tag","embeddable":true,"href":"https:\/\/roveyayinevi.com.tr\/index.php\/wp-json\/wp\/v2\/product_tag?post=708176"}],"curies":[{"name":"wp","href":"https:\/\/api.w.org\/{rel}","templated":true}]}}