{"id":708164,"date":"2025-08-27T16:12:15","date_gmt":"2025-08-27T13:12:15","guid":{"rendered":"https:\/\/roveyayinevi.com.tr\/index.php\/urun\/kahramanlar-oykulerle-yasar\/"},"modified":"2026-04-16T02:16:48","modified_gmt":"2026-04-15T23:16:48","slug":"kahramanlar-oykulerle-yasar","status":"publish","type":"product","link":"https:\/\/roveyayinevi.com.tr\/index.php\/urun\/kahramanlar-oykulerle-yasar\/","title":{"rendered":"Kahramanlar \u00d6yk\u00fclerle Ya\u015far"},"content":{"rendered":"<p>\u201c\u00dclkemizin yak\u0131n tarihindeki en b\u00fcy\u00fck hukuksuzluk s\u00fcreci olan Balyoz-Ergenekon davalar\u0131n\u0131n \u2018Adalet \u015eehidi\u2019dir Yarbay Ali Tatar.Ya\u015fanan b\u00fct\u00fcn hukuksuzlu\u011fa ve adaletsizli\u011fe kar\u015f\u0131 sessiz kalmay\u0131 reddeden Yarbay Ali Tatar 19 Aral\u0131k 2009\u2019da karanl\u0131\u011fa kar\u015f\u0131 kendini me\u015fale yap\u0131p Hakk\u2019a y\u00fcr\u00fcm\u00fc\u015ft\u00fcr. Onun hukuk ve adalet ad\u0131na yakt\u0131\u011f\u0131 bu me\u015faleyi diri tutmak, ta\u015f\u0131mak bizim i\u00e7in en b\u00fcy\u00fck onurdur.\u201dAli Tatar\u2019\u0131n an\u0131s\u0131na d\u00fczenlenen Edebiyat \u00d6d\u00fcl\u00fc\u2019ne kat\u0131lan \u00f6yk\u00fclerden yap\u0131lan bu se\u00e7ki, Kahramanlar \u00d6yk\u00fclerle Ya\u015far diyor. Yap\u0131lan hukuksuzluklar\u0131, kurulan kumpaslar\u0131, yak\u0131n ge\u00e7mi\u015fin b\u00fct\u00fcn adaletsizliklerini unutturmamak, toplumsal belle\u011fi taze tutmak ve demokratik, \u00e7a\u011fda\u015f bir T\u00fcrkiye \u00fcmidini kaybetmemek i\u00e7in&#8230;<\/p>\n","protected":false},"excerpt":{"rendered":"<p>\u201c\u00dclkemizin yak\u0131n tarihindeki en b\u00fcy\u00fck hukuksuzluk s\u00fcreci olan Balyoz-Ergenekon davalar\u0131n\u0131n \u2018Adalet \u015eehidi\u2019dir Yarbay Ali Tatar.Ya\u015fanan b\u00fct\u00fcn hukuksuzlu\u011fa ve adaletsizli\u011fe kar\u015f\u0131 sessiz kalmay\u0131 reddeden Yarbay Ali Tatar<span class=\"excerpt-hellip\"> [\u2026]<\/span><\/p>\n","protected":false},"featured_media":0,"template":"","meta":{"_monsterinsights_skip_tracking":false,"_monsterinsights_sitenote_active":false,"_monsterinsights_sitenote_note":"","_monsterinsights_sitenote_category":0},"product_brand":[],"product_cat":[12291,12711],"product_tag":[],"class_list":{"0":"post-708164","1":"product","2":"type-product","3":"status-publish","5":"product_cat-edebiyat","6":"product_cat-roman-oyku","7":"pa_cilt-ciltsiz","8":"pa_tur-kitap","9":"pa_yayinevi-kirmizi-kedi-yayinevi","10":"pa_yazar-ahmet-tatar","12":"first","13":"instock","14":"sale","15":"shipping-taxable","16":"purchasable","17":"product-type-simple"},"_links":{"self":[{"href":"https:\/\/roveyayinevi.com.tr\/index.php\/wp-json\/wp\/v2\/product\/708164","targetHints":{"allow":["GET"]}}],"collection":[{"href":"https:\/\/roveyayinevi.com.tr\/index.php\/wp-json\/wp\/v2\/product"}],"about":[{"href":"https:\/\/roveyayinevi.com.tr\/index.php\/wp-json\/wp\/v2\/types\/product"}],"wp:attachment":[{"href":"https:\/\/roveyayinevi.com.tr\/index.php\/wp-json\/wp\/v2\/media?parent=708164"}],"wp:term":[{"taxonomy":"product_brand","embeddable":true,"href":"https:\/\/roveyayinevi.com.tr\/index.php\/wp-json\/wp\/v2\/product_brand?post=708164"},{"taxonomy":"product_cat","embeddable":true,"href":"https:\/\/roveyayinevi.com.tr\/index.php\/wp-json\/wp\/v2\/product_cat?post=708164"},{"taxonomy":"product_tag","embeddable":true,"href":"https:\/\/roveyayinevi.com.tr\/index.php\/wp-json\/wp\/v2\/product_tag?post=708164"}],"curies":[{"name":"wp","href":"https:\/\/api.w.org\/{rel}","templated":true}]}}