{"id":708137,"date":"2025-08-27T16:12:02","date_gmt":"2025-08-27T13:12:02","guid":{"rendered":"https:\/\/roveyayinevi.com.tr\/index.php\/urun\/bedreddin\/"},"modified":"2026-04-11T13:35:52","modified_gmt":"2026-04-11T10:35:52","slug":"bedreddin","status":"publish","type":"product","link":"https:\/\/roveyayinevi.com.tr\/index.php\/urun\/bedreddin\/","title":{"rendered":"Bedreddin"},"content":{"rendered":"<p>&#8220;Adil bir d\u00fcnyan\u0131n \u00f6zlemini duyuyordum. O d\u00fcnyada hepimize yer olmal\u0131yd\u0131. Oysa iktidar sava\u015flar\u0131yla birbirini bo\u011fazlayan ordular\u0131n ayaklar\u0131 alt\u0131ndayd\u0131 insanl\u0131k. Yoksullar\u0131n \u00e7aresizli\u011fini d\u00fc\u015f\u00fcnd\u00fck\u00e7e bir \u015feyler yapmam\u0131z gerekti\u011fini hissediyordum.&#8221; S\u00f6z konusu \u015eeyh Bedreddin olunca yan\u0131tlar\u0131 belki de her daim mu\u011flak sorularla ba\u015f ba\u015fa kal\u0131r\u0131z. Bir medrese \u00e2limiyken neden tasavvuf yolunda menzil alm\u0131\u015ft\u0131r? Fikirlerinin Anadolu ve Balkanlar&#8217;da bu kadar etkili olabilmesinin nedeni nedir? Dinlerin e\u015fitli\u011fine dair d\u00fc\u015f\u00fcncelerinde H\u0131ristiyan-Helen k\u00f6klerinin etkisi var m\u0131d\u0131r? \u0130syanc\u0131lara atfedilen \u00f6zel m\u00fclkiyet kar\u015f\u0131t\u0131 fikirlerin ilham kayna\u011f\u0131 ger\u00e7ekten \u015eeyh Bedreddin midir? B\u00f6rkl\u00fcce Mustafa ve Torlak Kemal&#8217;le yollar\u0131 nas\u0131l kesi\u015fmi\u015ftir? \u0130syan\u0131 planlam\u0131\u015f m\u0131d\u0131r yoksa r\u00fczgar\u0131n y\u00f6n\u00fcne do\u011fru mu y\u00fcr\u00fcm\u00fc\u015ft\u00fcr sadece?  Murat K\u00fc\u00e7\u00fck zihninde bu sorularla alt\u0131 y\u00fczy\u0131l \u00f6nceye gidip s\u00f6yle\u015fiye davet ediyor Bedreddin&#8217;i. Daha yak\u0131ndan tan\u0131mak istiyor bu ak\u0131lc\u0131 f\u0131k\u0131h \u00e2limi, g\u00f6n\u00fcl g\u00f6z\u00fc a\u00e7\u0131k sufi ve isyankarlar\u0131n yolda\u015f\u0131 \u015feyhi&#8230; Tarihin karanl\u0131klar\u0131nda kalm\u0131\u015f olaylar\u0131 hayali bir Bedreddin&#8217;le ayd\u0131nlatma emeliyle ak\u0131l ve kalple dolu bir yolculu\u011fa \u00e7\u0131kar\u0131yor bizleri. <\/p>\n","protected":false},"excerpt":{"rendered":"<p>&#8220;Adil bir d\u00fcnyan\u0131n \u00f6zlemini duyuyordum. O d\u00fcnyada hepimize yer olmal\u0131yd\u0131. Oysa iktidar sava\u015flar\u0131yla birbirini bo\u011fazlayan ordular\u0131n ayaklar\u0131 alt\u0131ndayd\u0131 insanl\u0131k. Yoksullar\u0131n \u00e7aresizli\u011fini d\u00fc\u015f\u00fcnd\u00fck\u00e7e bir \u015feyler yapmam\u0131z gerekti\u011fini<span class=\"excerpt-hellip\"> [\u2026]<\/span><\/p>\n","protected":false},"featured_media":0,"template":"","meta":{"_monsterinsights_skip_tracking":false,"_monsterinsights_sitenote_active":false,"_monsterinsights_sitenote_note":"","_monsterinsights_sitenote_category":0},"product_brand":[],"product_cat":[14009,12291],"product_tag":[],"class_list":{"0":"post-708137","1":"product","2":"type-product","3":"status-publish","5":"product_cat-biyografi-otobiyografi-edebiyat","6":"product_cat-edebiyat","7":"pa_cilt-ciltsiz","8":"pa_tur-kitap","9":"pa_yayinevi-kolektif-kitap","10":"pa_yazar-murat-kucuk","12":"first","13":"instock","14":"sale","15":"shipping-taxable","16":"purchasable","17":"product-type-simple"},"_links":{"self":[{"href":"https:\/\/roveyayinevi.com.tr\/index.php\/wp-json\/wp\/v2\/product\/708137","targetHints":{"allow":["GET"]}}],"collection":[{"href":"https:\/\/roveyayinevi.com.tr\/index.php\/wp-json\/wp\/v2\/product"}],"about":[{"href":"https:\/\/roveyayinevi.com.tr\/index.php\/wp-json\/wp\/v2\/types\/product"}],"wp:attachment":[{"href":"https:\/\/roveyayinevi.com.tr\/index.php\/wp-json\/wp\/v2\/media?parent=708137"}],"wp:term":[{"taxonomy":"product_brand","embeddable":true,"href":"https:\/\/roveyayinevi.com.tr\/index.php\/wp-json\/wp\/v2\/product_brand?post=708137"},{"taxonomy":"product_cat","embeddable":true,"href":"https:\/\/roveyayinevi.com.tr\/index.php\/wp-json\/wp\/v2\/product_cat?post=708137"},{"taxonomy":"product_tag","embeddable":true,"href":"https:\/\/roveyayinevi.com.tr\/index.php\/wp-json\/wp\/v2\/product_tag?post=708137"}],"curies":[{"name":"wp","href":"https:\/\/api.w.org\/{rel}","templated":true}]}}