{"id":708136,"date":"2025-08-27T16:12:02","date_gmt":"2025-08-27T13:12:02","guid":{"rendered":"https:\/\/roveyayinevi.com.tr\/index.php\/urun\/donusum-12\/"},"modified":"2026-04-16T02:16:47","modified_gmt":"2026-04-15T23:16:47","slug":"donusum-12","status":"publish","type":"product","link":"https:\/\/roveyayinevi.com.tr\/index.php\/urun\/donusum-12\/","title":{"rendered":"D\u00f6n\u00fc\u015f\u00fcm"},"content":{"rendered":"<p>&#8220;Gregor Samsa bir sabah yata\u011f\u0131nda huzursuz d\u00fc\u015flerden uyand\u0131\u011f\u0131nda kendini dev bir b\u00f6ce\u011fe d\u00f6n\u00fc\u015fm\u00fc\u015f olarak buldu. Kabuklu sert s\u0131rt\u0131n\u0131n \u00fczerinde yat\u0131yor, ba\u015f\u0131n\u0131 birazc\u0131k y\u00fckseltti\u011finde, kay\u0131p d\u00fc\u015fmek \u00fczere olan yorgan\u0131n tepesinde zar zor tutundu\u011fu kahverengi, bombeli ve yay \u015feklinde \u015feritlerle bezeli karn\u0131n\u0131 g\u00f6r\u00fcyordu. G\u00f6vdesine g\u00f6re ac\u0131nacak incelikteki pek \u00e7ok baca\u011f\u0131 g\u00f6zlerinin \u00f6n\u00fcnde \u00e7aresizlikle titre\u015fiyordu.&#8221; Kafka i\u015fte bu sars\u0131c\u0131, tuhaf c\u00fcmlelerle ba\u015fl\u0131yor yirminci y\u00fczy\u0131l\u0131n en etkileyici eserleri aras\u0131nda yer alan D\u00f6n\u00fc\u015f\u00fcm\u2019e. Keskinli\u011fi ve yal\u0131nl\u0131\u011f\u0131yla Kafka\u2019n\u0131n edebi yo\u011funlu\u011funu en iyi anlatan bu ba\u015fyap\u0131t, Arjantinli \u00e7izer Luis Scafati\u2019nin hayal g\u00fcc\u00fcyle birle\u015fince, ortaya seyre doyulmaz bir edebi ziyafet \u00e7\u0131k\u0131yor. &#8220;Kafka\u2019n\u0131n sanat\u0131 okuyucuyu onu yeniden okumaya zorluyor. Eserlerinin sonlar\u0131 -ya da olmayan sonlar\u0131- a\u00e7\u0131k a\u00e7\u0131k ifade edilmeyen, ama hikayenin ba\u015fka bir bak\u0131\u015f a\u00e7\u0131s\u0131yla yeniden okunmas\u0131n\u0131 gerektiren a\u00e7\u0131klamalar sunuyor.&#8221; -Albert Camus- &#8220;[Kafka] ziyadesiyle b\u00fcrokratikle\u015fmi\u015f bir toplumun \u015fiirsellikten yoksun kuma\u015f\u0131n\u0131 roman\u0131n o muazzam \u015fiirine; bir adam\u0131n gayet s\u0131radan \u00f6yk\u00fcs\u00fcn\u00fc&#8230; bir mite, destana, daha \u00f6nce g\u00f6r\u00fclmemi\u015f bir g\u00fczelli\u011fe d\u00f6n\u00fc\u015ft\u00fcr\u00fcyor.&#8221; -Milan Kundera-<\/p>\n","protected":false},"excerpt":{"rendered":"<p>&#8220;Gregor Samsa bir sabah yata\u011f\u0131nda huzursuz d\u00fc\u015flerden uyand\u0131\u011f\u0131nda kendini dev bir b\u00f6ce\u011fe d\u00f6n\u00fc\u015fm\u00fc\u015f olarak buldu. Kabuklu sert s\u0131rt\u0131n\u0131n \u00fczerinde yat\u0131yor, ba\u015f\u0131n\u0131 birazc\u0131k y\u00fckseltti\u011finde, kay\u0131p d\u00fc\u015fmek \u00fczere<span class=\"excerpt-hellip\"> [\u2026]<\/span><\/p>\n","protected":false},"featured_media":0,"template":"","meta":{"_monsterinsights_skip_tracking":false,"_monsterinsights_sitenote_active":false,"_monsterinsights_sitenote_note":"","_monsterinsights_sitenote_category":0},"product_brand":[],"product_cat":[12291],"product_tag":[],"class_list":{"0":"post-708136","1":"product","2":"type-product","3":"status-publish","5":"product_cat-edebiyat","6":"pa_cilt-ciltsiz","7":"pa_tur-kitap","8":"pa_yayinevi-kolektif-kitap","9":"pa_yazar-franz-kafka","11":"first","12":"instock","13":"sale","14":"shipping-taxable","15":"purchasable","16":"product-type-simple"},"_links":{"self":[{"href":"https:\/\/roveyayinevi.com.tr\/index.php\/wp-json\/wp\/v2\/product\/708136","targetHints":{"allow":["GET"]}}],"collection":[{"href":"https:\/\/roveyayinevi.com.tr\/index.php\/wp-json\/wp\/v2\/product"}],"about":[{"href":"https:\/\/roveyayinevi.com.tr\/index.php\/wp-json\/wp\/v2\/types\/product"}],"wp:attachment":[{"href":"https:\/\/roveyayinevi.com.tr\/index.php\/wp-json\/wp\/v2\/media?parent=708136"}],"wp:term":[{"taxonomy":"product_brand","embeddable":true,"href":"https:\/\/roveyayinevi.com.tr\/index.php\/wp-json\/wp\/v2\/product_brand?post=708136"},{"taxonomy":"product_cat","embeddable":true,"href":"https:\/\/roveyayinevi.com.tr\/index.php\/wp-json\/wp\/v2\/product_cat?post=708136"},{"taxonomy":"product_tag","embeddable":true,"href":"https:\/\/roveyayinevi.com.tr\/index.php\/wp-json\/wp\/v2\/product_tag?post=708136"}],"curies":[{"name":"wp","href":"https:\/\/api.w.org\/{rel}","templated":true}]}}