{"id":708116,"date":"2025-08-27T16:11:52","date_gmt":"2025-08-27T13:11:52","guid":{"rendered":"https:\/\/roveyayinevi.com.tr\/index.php\/urun\/edebi-metinlerin-incelenmesi-ve-ogretimi\/"},"modified":"2026-04-16T02:16:47","modified_gmt":"2026-04-15T23:16:47","slug":"edebi-metinlerin-incelenmesi-ve-ogretimi","status":"publish","type":"product","link":"https:\/\/roveyayinevi.com.tr\/index.php\/urun\/edebi-metinlerin-incelenmesi-ve-ogretimi\/","title":{"rendered":"Edebi Metinlerin \u0130ncelenmesi Ve \u00d6\u011fretimi"},"content":{"rendered":"<p>Ni\u00e7in edebiyat \u00f6\u011fretimi? Ge\u00e7mi\u015ften g\u00fcn\u00fcm\u00fcze zaman zaman yararlar\u0131 tart\u0131\u015fma konusu olmakla birlikte, edebi yap\u0131tlar ya\u015fam\u0131m\u0131z\u0131n vazge\u00e7ilmezleri aras\u0131ndaki \u00f6nemli yerini korumaya devam etmektedir. Bu nedenle de ana okulundan lise son s\u0131n\u0131fa kadar, t\u00fcm \u00fclkelerin okul programlar\u0131nda edebiyat \u00fcr\u00fcnleri yer almaktad\u0131r. Edebiyat \u00f6\u011fretiminin nihai amac\u0131, k\u00fclt\u00fcrel y\u00f6nden iyi yeti\u015fmi\u015f, estetik duygusu, ele\u015ftirel d\u00fc\u015f\u00fcnme yetisi ve bak\u0131\u015f a\u00e7\u0131s\u0131 geli\u015fmi\u015f, dili do\u011fru kullanan, duygu ve d\u00fc\u015f\u00fcncelerini g\u00fczel ifadelerle ortaya koyabilen, \u00f6\u011frendi\u011fi edebiyat bilgilerini uygulamada da kullan\u0131p yarat\u0131c\u0131l\u0131\u011fa d\u00f6kebilen kendisine, \u00fclkesine ve insanl\u0131\u011fa yararl\u0131 bug\u00fcn\u00fcn \u00f6\u011frencisi yar\u0131n\u0131n yeti\u015fkinleri iyi donan\u0131ml\u0131 yurtta\u015flar yeti\u015ftirmektir.Edebi metinler, dil ve edebiyat derslerinin en temel \u00f6\u011feleridir. Bu nedenle edebi metin incelemeleri ve metin \u00fczerine \u00e7al\u0131\u015fmalar, s\u00f6z konusu derslerin vazge\u00e7ilmez etkinlik boyutunu olu\u015fturmaktad\u0131r. Farkl\u0131 t\u00fcrdeki edebi metinler arac\u0131l\u0131\u011f\u0131yla s\u00fcrd\u00fcr\u00fclen dil ve edebiyat \u00f6\u011fretiminde; dili etkili bir ifade arac\u0131 olarak kullanma, estetik, edebiyat tarihi ve k\u00fclt\u00fcr\u00fc, edebi kavramlar, metne ele\u015ftirel yakla\u015f\u0131m ve yorumlama, edebi metni \u00e7\u00f6z\u00fcmleme y\u00f6ntemleri ve edebi metin \u00fcretimine y\u00f6nelik uygulama \u00e7al\u0131\u015fmalar\u0131 yer almak durumundad\u0131r. Edebi metinler sadece ara\u00e7 de\u011fil, ayn\u0131 zamanda ama\u00e7t\u0131r; bir ba\u015fka deyi\u015fle hem ba\u015flang\u0131\u00e7 hem sonu\u00e7tur.Haz\u0131rlanan bu kitap, ilk\u00f6\u011fretimden lise sona kadar Fransa\u2019da ve T\u00fcrkiye\u2019de anadili ve edebiyat dersi program hedeflerini, ders kitab\u0131 i\u00e7eriklerini, \u00f6\u011fretim y\u00f6ntem ve tekniklerini, farkl\u0131 okuma yakla\u015f\u0131mlar\u0131n\u0131, al\u0131\u015ft\u0131rma etkinliklerini, metin inceleme y\u00f6ntemlerini ve yarat\u0131c\u0131 metin \u00fcretme \u00e7al\u0131\u015fmalar\u0131n\u0131 ve uygulama \u00f6rneklerini ele almakta, ba\u015far\u0131l\u0131 bir edebi metin incelemesi ve edebiyat \u00f6\u011fretimi i\u00e7in izlenebilecek stratejiler \u00f6nermektedir. Kitab\u0131n, edebi metin incelemesi, \u00f6\u011fretimi, \u00fcretimi ve ifade becerilerinin geli\u015ftirilmesine y\u00f6nelik \u00e7al\u0131\u015fmalara katk\u0131da bulunacakt\u0131r.Bu yap\u0131t\u0131n hedef kitlesi, ilk\u00f6\u011fretimde s\u0131n\u0131f \u00f6\u011fretmenleri, T\u00fcrk\u00e7e \u00f6\u011fretmen ve \u00f6\u011frencileri, lisede T\u00fcrk Edebiyat\u0131, Dil ve Anlat\u0131m dersleri \u00f6\u011fretmen ve \u00f6\u011frencileri, \u00fcniversitelerde T\u00fcrk Dili ve Edebiyat\u0131, Bat\u0131 Dilleri ve Edebiyatlar\u0131, T\u00fcrk\u00e7e \u00d6\u011fretmenli\u011fi, S\u0131n\u0131f \u00d6\u011fretmenli\u011fi ve Yabanc\u0131 Diller E\u011fitimi b\u00f6l\u00fcmlerinin \u00f6\u011fretim elemanlar\u0131 ve \u00f6\u011frencileridir. <\/p>\n","protected":false},"excerpt":{"rendered":"<p>Ni\u00e7in edebiyat \u00f6\u011fretimi? Ge\u00e7mi\u015ften g\u00fcn\u00fcm\u00fcze zaman zaman yararlar\u0131 tart\u0131\u015fma konusu olmakla birlikte, edebi yap\u0131tlar ya\u015fam\u0131m\u0131z\u0131n vazge\u00e7ilmezleri aras\u0131ndaki \u00f6nemli yerini korumaya devam etmektedir. Bu nedenle de ana<span class=\"excerpt-hellip\"> [\u2026]<\/span><\/p>\n","protected":false},"featured_media":0,"template":"","meta":{"_monsterinsights_skip_tracking":false,"_monsterinsights_sitenote_active":false,"_monsterinsights_sitenote_note":"","_monsterinsights_sitenote_category":0},"product_brand":[],"product_cat":[13072,12291],"product_tag":[],"class_list":{"0":"post-708116","1":"product","2":"type-product","3":"status-publish","5":"product_cat-arastirma-inceleme-referans","6":"product_cat-edebiyat","7":"pa_cilt-ciltsiz","8":"pa_tur-kitap","9":"pa_yayinevi-elhan-kitap-yayin-dagitim","10":"pa_yazar-rifat-gunday","12":"first","13":"instock","14":"sale","15":"shipping-taxable","16":"purchasable","17":"product-type-simple"},"_links":{"self":[{"href":"https:\/\/roveyayinevi.com.tr\/index.php\/wp-json\/wp\/v2\/product\/708116","targetHints":{"allow":["GET"]}}],"collection":[{"href":"https:\/\/roveyayinevi.com.tr\/index.php\/wp-json\/wp\/v2\/product"}],"about":[{"href":"https:\/\/roveyayinevi.com.tr\/index.php\/wp-json\/wp\/v2\/types\/product"}],"wp:attachment":[{"href":"https:\/\/roveyayinevi.com.tr\/index.php\/wp-json\/wp\/v2\/media?parent=708116"}],"wp:term":[{"taxonomy":"product_brand","embeddable":true,"href":"https:\/\/roveyayinevi.com.tr\/index.php\/wp-json\/wp\/v2\/product_brand?post=708116"},{"taxonomy":"product_cat","embeddable":true,"href":"https:\/\/roveyayinevi.com.tr\/index.php\/wp-json\/wp\/v2\/product_cat?post=708116"},{"taxonomy":"product_tag","embeddable":true,"href":"https:\/\/roveyayinevi.com.tr\/index.php\/wp-json\/wp\/v2\/product_tag?post=708116"}],"curies":[{"name":"wp","href":"https:\/\/api.w.org\/{rel}","templated":true}]}}