{"id":708110,"date":"2025-08-27T16:11:49","date_gmt":"2025-08-27T13:11:49","guid":{"rendered":"https:\/\/roveyayinevi.com.tr\/index.php\/urun\/guzel-dediniz-bay-feynman\/"},"modified":"2026-04-16T02:16:47","modified_gmt":"2026-04-15T23:16:47","slug":"guzel-dediniz-bay-feynman","status":"publish","type":"product","link":"https:\/\/roveyayinevi.com.tr\/index.php\/urun\/guzel-dediniz-bay-feynman\/","title":{"rendered":"G\u00fczel Dediniz Bay Feynman"},"content":{"rendered":"<p>&#8220;&#8216;Bilmeden nas\u0131l ya\u015fayabiliyorsun?&#8217; diye soranlar \u00e7\u0131kar arada. Ne demek istediklerini hi\u00e7 anlamam\u0131\u015f\u0131md\u0131r. Ben her zaman bilmeden ya\u015far\u0131m. Oras\u0131 kolay. Benim as\u0131l bilmek istedi\u011fim, nas\u0131l bilir hale geldi\u011fimiz.&#8221; Bilime ve bilmeye dair muazzam bir tutku ve bu tutkuyu elle tutulabilir hale getiren bir anlatma becerisi: Nobel Fizik \u00d6d\u00fcl\u00fc sahibi Richard Feynman&#8217;\u0131 benzersiz yapan buydu. B\u00fcnyesini sarm\u0131\u015f merak\u0131n, dinleyen herkese bula\u015fmas\u0131n\u0131 sa\u011flayan bir ifade yetene\u011fi. G\u00fczel Dediniz Bay Feynman, 20. y\u00fczy\u0131l\u0131n en \u00f6nemli \u015fahsiyetlerinden birinin sadece bilime dair de\u011fil, sanattan \u00e7ocuklu\u011fa, do\u011fadan hayal g\u00fcc\u00fcne, dinden politikaya pek \u00e7ok alandaki zek\u00e2 ve mizah y\u00fckl\u00fc s\u00f6zlerini bir araya topluyor. K\u0131z\u0131 Michelle Feynman taraf\u0131ndan derlenen ve giri\u015f yaz\u0131lar\u0131n\u0131 \u00fcnl\u00fc fizik\u00e7i Brian Cox ile \u00e7ellist Yo-Yo Ma&#8217;n\u0131n kaleme ald\u0131\u011f\u0131 bu kitap, bir d\u00e2hinin d\u00fcnyaya benzersiz bak\u0131\u015f bi\u00e7imini ortaya koyan k\u00fc\u00e7\u00fck bir hazine sand\u0131\u011f\u0131. &#8220;D\u00fcnya, titre\u015fen \u015feylerin olu\u015fturdu\u011fu dinamik bir ke\u015fmeke\u015ftir.&#8221; &#8220;Bilimin de\u011feri halen \u015fark\u0131lara konu edilmemi\u015f oldu\u011fundan, \u015fu anda bu konuyla ilgili bir \u015fark\u0131 ya da \u015fiir de\u011fil, bir ak\u015fam dersiyle yetinmek durumundas\u0131n\u0131z. Hen\u00fcz bilimsel bir \u00e7a\u011fda ya\u015fam\u0131yoruz.&#8221; &#8220;Kar\u0131m ve ben deli oldu\u011fumu d\u00fc\u015f\u00fcn\u00fcyoruz.&#8221; &#8220;Ne de olsa bir \u015fey bilmeyerek do\u011fdum. Bu durumu biraz \u015furas\u0131ndan, biraz buras\u0131ndan de\u011fi\u015ftirmek i\u00e7in de \u00e7ok az zaman\u0131m oldu.&#8221; &#8220;Birinci ilke, kendinizi kand\u0131rmaman\u0131z gerekti\u011fidir &#8211; ve en kolay kand\u0131rabilece\u011finiz ki\u015fi de yine kendinizsinizdir.&#8221; <\/p>\n","protected":false},"excerpt":{"rendered":"<p>&#8220;&#8216;Bilmeden nas\u0131l ya\u015fayabiliyorsun?&#8217; diye soranlar \u00e7\u0131kar arada. Ne demek istediklerini hi\u00e7 anlamam\u0131\u015f\u0131md\u0131r. Ben her zaman bilmeden ya\u015far\u0131m. Oras\u0131 kolay. Benim as\u0131l bilmek istedi\u011fim, nas\u0131l bilir hale<span class=\"excerpt-hellip\"> [\u2026]<\/span><\/p>\n","protected":false},"featured_media":0,"template":"","meta":{"_monsterinsights_skip_tracking":false,"_monsterinsights_sitenote_active":false,"_monsterinsights_sitenote_note":"","_monsterinsights_sitenote_category":0},"product_brand":[],"product_cat":[13005,13006],"product_tag":[],"class_list":{"0":"post-708110","1":"product","2":"type-product","3":"status-publish","5":"product_cat-bilim-muhendislik","6":"product_cat-populer-bilim","7":"pa_cilt-ciltsiz","8":"pa_tur-kitap","9":"pa_yayinevi-domingo-yayinevi","10":"pa_yazar-zeynep-arik-tozar","12":"first","13":"instock","14":"sale","15":"shipping-taxable","16":"purchasable","17":"product-type-simple"},"_links":{"self":[{"href":"https:\/\/roveyayinevi.com.tr\/index.php\/wp-json\/wp\/v2\/product\/708110","targetHints":{"allow":["GET"]}}],"collection":[{"href":"https:\/\/roveyayinevi.com.tr\/index.php\/wp-json\/wp\/v2\/product"}],"about":[{"href":"https:\/\/roveyayinevi.com.tr\/index.php\/wp-json\/wp\/v2\/types\/product"}],"wp:attachment":[{"href":"https:\/\/roveyayinevi.com.tr\/index.php\/wp-json\/wp\/v2\/media?parent=708110"}],"wp:term":[{"taxonomy":"product_brand","embeddable":true,"href":"https:\/\/roveyayinevi.com.tr\/index.php\/wp-json\/wp\/v2\/product_brand?post=708110"},{"taxonomy":"product_cat","embeddable":true,"href":"https:\/\/roveyayinevi.com.tr\/index.php\/wp-json\/wp\/v2\/product_cat?post=708110"},{"taxonomy":"product_tag","embeddable":true,"href":"https:\/\/roveyayinevi.com.tr\/index.php\/wp-json\/wp\/v2\/product_tag?post=708110"}],"curies":[{"name":"wp","href":"https:\/\/api.w.org\/{rel}","templated":true}]}}