{"id":708103,"date":"2025-08-27T16:11:46","date_gmt":"2025-08-27T13:11:46","guid":{"rendered":"https:\/\/roveyayinevi.com.tr\/index.php\/urun\/allaha-yolculuk\/"},"modified":"2026-04-16T02:16:47","modified_gmt":"2026-04-15T23:16:47","slug":"allaha-yolculuk","status":"publish","type":"product","link":"https:\/\/roveyayinevi.com.tr\/index.php\/urun\/allaha-yolculuk\/","title":{"rendered":"Allah&#8217;a Yolculuk"},"content":{"rendered":"<p>Allah&#8217;tan Allah&#8217;a yolculu\u011fumuz; &#8220;Allah&#8217;ta (c.c) idik, geri d\u00f6n\u00fc\u015f\u00fcm\u00fczde de bizi fethede fethede tekrar kendisine d\u00f6nd\u00fcrmesi&#8221; demektir.Allah&#8217;tan Allah&#8217;a yolculu\u011fumuz; &#8220;\u0130lah&#8217;la birlikte var\u0131z, \u0130lah&#8217;la birlikte zuhur ederiz, zuhuratla birlikte \u0130lah\u0131n isim ve s\u0131fatlar\u0131yla birlikte, O&#8217;na isim ve s\u0131fatlar olarak geri \u0130laha d\u00f6neriz&#8221; demektir.  Allah&#8217;tan Allah&#8217;a yolculu\u011fumuz; &#8220;Allah\u00fc Te\u00e2l\u00e2&#8217;n\u0131n zat\u0131ndan zat\u0131na tecellisi ile birlikte var olan canl\u0131 ve cans\u0131z v\u00fccuda gelen her \u015fey varl\u0131\u011fa geldi\u011fi an itibari ile biti\u015fe do\u011fru yolculu\u011fa da ba\u015flam\u0131\u015ft\u0131r&#8221; demektir.  Allah&#8217;tan Allah&#8217;a yolculu\u011fumuz; &#8220;zaman\u0131n esiri olan k\u00e2inat ve i\u00e7indekilerin s\u00fcratle Allah&#8217;tan Allah&#8217;a ka\u00e7\u0131n\u0131lmaz olan yolculu\u011fudur&#8221; demektir.  Allah&#8217;tan Allah&#8217;a yolculu\u011fumuz; &#8220;Allah&#8217;ta idik, varl\u0131k alemine geldik \u00e7ok uzun bir s\u00fcre sonra b\u00fct\u00fcn k\u00e2inatla birlikte geri Allah&#8217;a d\u00f6n\u00fcyoruz. \u0130\u015fte bu de\u011fi\u015ftirilemez zamand\u0131r.&#8221; demektir.<\/p>\n","protected":false},"excerpt":{"rendered":"<p>Allah&#8217;tan Allah&#8217;a yolculu\u011fumuz; &#8220;Allah&#8217;ta (c.c) idik, geri d\u00f6n\u00fc\u015f\u00fcm\u00fczde de bizi fethede fethede tekrar kendisine d\u00f6nd\u00fcrmesi&#8221; demektir.Allah&#8217;tan Allah&#8217;a yolculu\u011fumuz; &#8220;\u0130lah&#8217;la birlikte var\u0131z, \u0130lah&#8217;la birlikte zuhur ederiz, zuhuratla<span class=\"excerpt-hellip\"> [\u2026]<\/span><\/p>\n","protected":false},"featured_media":0,"template":"","meta":{"_monsterinsights_skip_tracking":false,"_monsterinsights_sitenote_active":false,"_monsterinsights_sitenote_note":"","_monsterinsights_sitenote_category":0},"product_brand":[],"product_cat":[16789,12718,12719],"product_tag":[],"class_list":{"0":"post-708103","1":"product","2":"type-product","3":"status-publish","5":"product_cat-diger-islam","6":"product_cat-din","7":"product_cat-islam","8":"pa_cilt-ciltsiz","9":"pa_tur-kitap","10":"pa_yayinevi-enoch-yayinlari","11":"pa_yazar-cafer-iskenderoglu","13":"first","14":"instock","15":"sale","16":"shipping-taxable","17":"purchasable","18":"product-type-simple"},"_links":{"self":[{"href":"https:\/\/roveyayinevi.com.tr\/index.php\/wp-json\/wp\/v2\/product\/708103","targetHints":{"allow":["GET"]}}],"collection":[{"href":"https:\/\/roveyayinevi.com.tr\/index.php\/wp-json\/wp\/v2\/product"}],"about":[{"href":"https:\/\/roveyayinevi.com.tr\/index.php\/wp-json\/wp\/v2\/types\/product"}],"wp:attachment":[{"href":"https:\/\/roveyayinevi.com.tr\/index.php\/wp-json\/wp\/v2\/media?parent=708103"}],"wp:term":[{"taxonomy":"product_brand","embeddable":true,"href":"https:\/\/roveyayinevi.com.tr\/index.php\/wp-json\/wp\/v2\/product_brand?post=708103"},{"taxonomy":"product_cat","embeddable":true,"href":"https:\/\/roveyayinevi.com.tr\/index.php\/wp-json\/wp\/v2\/product_cat?post=708103"},{"taxonomy":"product_tag","embeddable":true,"href":"https:\/\/roveyayinevi.com.tr\/index.php\/wp-json\/wp\/v2\/product_tag?post=708103"}],"curies":[{"name":"wp","href":"https:\/\/api.w.org\/{rel}","templated":true}]}}