{"id":708095,"date":"2025-08-27T16:11:43","date_gmt":"2025-08-27T13:11:43","guid":{"rendered":"https:\/\/roveyayinevi.com.tr\/index.php\/urun\/aizanoi-1\/"},"modified":"2026-04-16T02:16:46","modified_gmt":"2026-04-15T23:16:46","slug":"aizanoi-1","status":"publish","type":"product","link":"https:\/\/roveyayinevi.com.tr\/index.php\/urun\/aizanoi-1\/","title":{"rendered":"Aizanoi 1"},"content":{"rendered":"<p>Berkay Din\u00e7er,Ali Umut T\u00fcrkcan,Ferhar Erikan &#8211; Aizoni 2012 Y\u0131l\u0131 Paleolotik Buluntular\u0131Tar\u0131k T\u00fcrksever &#8211; Aizanoi 2012 Sezonu Zeus Tap\u0131na\u011f\u0131 L7A A\u00e7mas\u0131Elif \u00d6zer &#8211; Aizanoi Kuzey Nekropolis 2012 SezonuHatice Korkmaz,Ufuk Buz -Aizanoi 2012 Sezonu Kuzey Nekropolis Unguentariumlar\u0131Merve Ye\u015fil,L.Ufuk Erdo\u011fan-Aizanoi 2012 Sezonu Kuzey Nekropolis KandilleriMurat Ta\u015fk\u0131ran-Aizanoi 2012 Kaz\u0131 Sezonu-Gymnasion-Hamam Kompleksi \u00c7al\u0131\u015fmas\u0131Mustafa \u00c7imen-Aizanoi Tiyatrosu 2012 Y\u0131l\u0131 \u00c7al\u0131\u015fmas\u0131H\u00fcseyin K\u00f6ker &#8211; Aizanoi 2011-2012 Y\u0131llar\u0131 Sikke Buluntular\u0131Mustafa Hamdi Sayar-Yaz\u0131tlar\u0131 I\u015f\u0131\u011f\u0131nda Bir Phrygia \u015eehri -AizanoiFatih Y\u0131lmaz ,Sedat Marko\u00e7,Do\u011fan Pe\u00e7en-Aizanoi \u0130on S\u00fctun Ba\u015fl\u0131klar\u0131Melda K\u00fc\u00e7\u00fckdemirci,Alper \u015eeng\u00fcl-Yer Bilimleri ve Arkeoloji:Aizanoi&#8217;da Yap\u0131lan Jeofizik \u00c7al\u0131\u015fmalarMustafa Beyaz\u0131t-H\u00fcseyin D\u00fclger EviOsman Emre K\u00f6se-\u00c7avdarhisar Yerel Mimarisine Ait Kap\u0131lar \u00dczerineBur\u00e7in T\u00fcrkcan-K\u00fclt\u00fcrel Miras E\u011fitimi Kapsam\u0131nda Bir Sanat E\u011fitimi Uygulamas\u0131:&#8221;Azan&#8217;\u0131n \u00c7ocuklar\u0131&#8221;Nadide Kark\u0131ner-Aizanoi Kenti Kaz\u0131s\u0131nda ve \u00c7avdarhisar&#8217;da Kad\u0131n\u0131n Konumu:E\u011fri Yol,Dar Sokak <\/p>\n","protected":false},"excerpt":{"rendered":"<p>Berkay Din\u00e7er,Ali Umut T\u00fcrkcan,Ferhar Erikan &#8211; Aizoni 2012 Y\u0131l\u0131 Paleolotik Buluntular\u0131Tar\u0131k T\u00fcrksever &#8211; Aizanoi 2012 Sezonu Zeus Tap\u0131na\u011f\u0131 L7A A\u00e7mas\u0131Elif \u00d6zer &#8211; Aizanoi Kuzey Nekropolis 2012<span class=\"excerpt-hellip\"> [\u2026]<\/span><\/p>\n","protected":false},"featured_media":0,"template":"","meta":{"_monsterinsights_skip_tracking":false,"_monsterinsights_sitenote_active":false,"_monsterinsights_sitenote_note":"","_monsterinsights_sitenote_category":0},"product_brand":[],"product_cat":[12408],"product_tag":[],"class_list":{"0":"post-708095","1":"product","2":"type-product","3":"status-publish","5":"product_cat-sanat","6":"pa_cilt-ciltsiz","7":"pa_tur-kitap","8":"pa_yayinevi-bilgin-kultur-sanat","9":"pa_yazar-elif-ozer","11":"first","12":"instock","13":"sale","14":"shipping-taxable","15":"purchasable","16":"product-type-simple"},"_links":{"self":[{"href":"https:\/\/roveyayinevi.com.tr\/index.php\/wp-json\/wp\/v2\/product\/708095","targetHints":{"allow":["GET"]}}],"collection":[{"href":"https:\/\/roveyayinevi.com.tr\/index.php\/wp-json\/wp\/v2\/product"}],"about":[{"href":"https:\/\/roveyayinevi.com.tr\/index.php\/wp-json\/wp\/v2\/types\/product"}],"wp:attachment":[{"href":"https:\/\/roveyayinevi.com.tr\/index.php\/wp-json\/wp\/v2\/media?parent=708095"}],"wp:term":[{"taxonomy":"product_brand","embeddable":true,"href":"https:\/\/roveyayinevi.com.tr\/index.php\/wp-json\/wp\/v2\/product_brand?post=708095"},{"taxonomy":"product_cat","embeddable":true,"href":"https:\/\/roveyayinevi.com.tr\/index.php\/wp-json\/wp\/v2\/product_cat?post=708095"},{"taxonomy":"product_tag","embeddable":true,"href":"https:\/\/roveyayinevi.com.tr\/index.php\/wp-json\/wp\/v2\/product_tag?post=708095"}],"curies":[{"name":"wp","href":"https:\/\/api.w.org\/{rel}","templated":true}]}}