{"id":708071,"date":"2025-08-27T16:11:33","date_gmt":"2025-08-27T13:11:33","guid":{"rendered":"https:\/\/roveyayinevi.com.tr\/index.php\/urun\/turk-idari-rejimine-giris\/"},"modified":"2026-04-16T02:16:46","modified_gmt":"2026-04-15T23:16:46","slug":"turk-idari-rejimine-giris","status":"publish","type":"product","link":"https:\/\/roveyayinevi.com.tr\/index.php\/urun\/turk-idari-rejimine-giris\/","title":{"rendered":"T\u00fcrk \u0130dari Rejimine Giri\u015f"},"content":{"rendered":"<p>Kitap Hakk\u0131ndaKitab\u0131n K\u00fcnyesi\u00c7e\u015fitli fak\u00fclte ve meslek y\u00fcksekokullar\u0131nda idare hukuku ad\u0131 alt\u0131nda, gerek ders saati a\u00e7\u0131s\u0131ndan gerekse ders kredisi a\u00e7\u0131s\u0131ndan hukuk fak\u00fcltelerinde verilen idare hukuku ve idar\u00ee yarg\u0131lama hukuku derslerinden daha az ve yo\u011fun dersler verilmektedir.Gerek \u201cT\u00fcrk \u0130dar\u00ee Rejimi Dersleri\u201d adl\u0131 \u00fc\u00e7 ciltlik eser ve gerekse bu esere muadil di\u011fer yazarlar\u0131n idare hukuku alan\u0131ndaki kapsaml\u0131 eserleri, buralarda \u00f6\u011frenim g\u00f6ren \u00f6\u011frenciler a\u00e7\u0131s\u0131ndan olduk\u00e7a a\u011f\u0131r olmaktad\u0131r. Bu \u00f6\u011frenci grubunun kitap ihtiyac\u0131n\u0131 kar\u015f\u0131lamak i\u00e7in \u00fc\u00e7 ciltlik eser \u00f6zetlenip bir kitapta toplanm\u0131\u015ft\u0131r.Bu eserde pl\u00e2nlama gere\u011fi, m\u00fcmk\u00fcn oldu\u011fu oranda idar\u00ee rejime ili\u015fkin b\u00fct\u00fcn konulara \u00f6zet olarak yer vermeye \u00e7al\u0131\u015f\u0131lm\u0131\u015ft\u0131r.Konu Ba\u015fl\u0131klar\u0131\ufffc\u0130dari Rejimin Tan\u0131t\u0131m\u0131\ufffc\u0130dare\ufffc\u0130dare Hukuku\ufffc\u0130dari yarg\u0131 <\/p>\n","protected":false},"excerpt":{"rendered":"<p>Kitap Hakk\u0131ndaKitab\u0131n K\u00fcnyesi\u00c7e\u015fitli fak\u00fclte ve meslek y\u00fcksekokullar\u0131nda idare hukuku ad\u0131 alt\u0131nda, gerek ders saati a\u00e7\u0131s\u0131ndan gerekse ders kredisi a\u00e7\u0131s\u0131ndan hukuk fak\u00fcltelerinde verilen idare hukuku ve idar\u00ee<span class=\"excerpt-hellip\"> [\u2026]<\/span><\/p>\n","protected":false},"featured_media":0,"template":"","meta":{"_monsterinsights_skip_tracking":false,"_monsterinsights_sitenote_active":false,"_monsterinsights_sitenote_note":"","_monsterinsights_sitenote_category":0},"product_brand":[],"product_cat":[15350,17602],"product_tag":[],"class_list":{"0":"post-708071","1":"product","2":"type-product","3":"status-publish","5":"product_cat-hukuk","6":"product_cat-hukuk-uzerine","7":"pa_cilt-ciltsiz","8":"pa_tur-kitap","9":"pa_yayinevi-astana-yayinlari","10":"pa_yazar-ramazan-yildirim","12":"first","13":"instock","14":"sale","15":"shipping-taxable","16":"purchasable","17":"product-type-simple"},"_links":{"self":[{"href":"https:\/\/roveyayinevi.com.tr\/index.php\/wp-json\/wp\/v2\/product\/708071","targetHints":{"allow":["GET"]}}],"collection":[{"href":"https:\/\/roveyayinevi.com.tr\/index.php\/wp-json\/wp\/v2\/product"}],"about":[{"href":"https:\/\/roveyayinevi.com.tr\/index.php\/wp-json\/wp\/v2\/types\/product"}],"wp:attachment":[{"href":"https:\/\/roveyayinevi.com.tr\/index.php\/wp-json\/wp\/v2\/media?parent=708071"}],"wp:term":[{"taxonomy":"product_brand","embeddable":true,"href":"https:\/\/roveyayinevi.com.tr\/index.php\/wp-json\/wp\/v2\/product_brand?post=708071"},{"taxonomy":"product_cat","embeddable":true,"href":"https:\/\/roveyayinevi.com.tr\/index.php\/wp-json\/wp\/v2\/product_cat?post=708071"},{"taxonomy":"product_tag","embeddable":true,"href":"https:\/\/roveyayinevi.com.tr\/index.php\/wp-json\/wp\/v2\/product_tag?post=708071"}],"curies":[{"name":"wp","href":"https:\/\/api.w.org\/{rel}","templated":true}]}}