{"id":708060,"date":"2025-08-27T16:11:29","date_gmt":"2025-08-27T13:11:29","guid":{"rendered":"https:\/\/roveyayinevi.com.tr\/index.php\/urun\/tehcir-ve-emvali-metruki-mevzuati\/"},"modified":"2026-04-16T02:16:46","modified_gmt":"2026-04-15T23:16:46","slug":"tehcir-ve-emvali-metruki-mevzuati","status":"publish","type":"product","link":"https:\/\/roveyayinevi.com.tr\/index.php\/urun\/tehcir-ve-emvali-metruki-mevzuati\/","title":{"rendered":"Tehcir Ve Emvali Metruki Mevzuat\u0131"},"content":{"rendered":"<p>\u0130\u00c7\u0130NDEK\u0130LER B\u0130R\u0130NC\u0130 B\u00d6L\u00dcM \u201cTehcir\u201d ve Uygulamalar\u0131 1. Giri\u015f.. 2. \u201cTehcir Kanunu\u201d Diye Yanl\u0131\u015f Adla Bilinen Kanun 3. G\u00f6\u00e7e Tabi Tutulanlar\u0131n Ta\u015f\u0131n\u0131r Mal, Alacak ve Bor\u00e7lar\u0131.. 3.1. Komisyonlar 3.2. Tutulan Defterler ve Cetveller. 3.3. Alacaklar ve Bor\u00e7lar.. 3.4. Ta\u015f\u0131n\u0131r Mallar ve Paralar. 4. Nakledilen ve Kaybolan Ki\u015filerin Ta\u015f\u0131nmaz Mallar\u0131&#8230; 5. Davalar ve \u0130cra Takipleri&#8230; 6. Kiliselerde Mevcut E\u015fya, Resim ve Kitaplar 7. Redd-i Emval Kararnamesi&#8230;. 8. Bedelsiz Ta\u015f\u0131nmaz Mal Verilmesi&#8230; 9. Mallar\u0131n \u0130adesi 10. Emval-i Metruke Hesaplar\u0131n\u0131n Tasfiyesi. 11. Emval-i Metruke Kanunlar\u0131n\u0131n Y\u00fcr\u00fcrl\u00fck Durumu 12. Emval-i Metruke Kanunlar\u0131 Hakk\u0131nda Anayasa Mahkemesi Karar\u0131&#8230; 13. Sonu\u00e7.. \u0130K\u0130NC\u0130 B\u00d6L\u00dcM Osmanl\u0131 Ar\u015fiv Belgeleri, Mevzuat\u0131n Orijinal Metinleri ve G\u00fcncelle\u015ftirilmi\u015f \u015eekli 1. \u201cTehcir Kanunu\u201d Olarak Bilinen Kanun: Vakt-i Seferde \u0130craat-\u0131 H\u00fck\u00fbmete Kar\u015f\u0131 Gelenler \u0130\u00e7in Cihet-i Askeriyece \u0130ttihaz Olunacak Tedabir Hakk\u0131nda Kanun-u Muvakkat 1.1. Takvim-i Vakayi\u2019deki Metin&#8230; 1.2. Orijinal Metin ve Bug\u00fcnk\u00fc T\u00fcrk\u00e7e&#8230; 2. Ahval-i Harbiye ve Zaruret-i Fevkalade-i Siyasiye Dolay\u0131s\u0131yla Mahall-i \u00c2hara Nakilleri \u0130cra Edilen Ermenilerin \u0130sk\u00e2n ve \u0130a\u015fesiyle Hususat-\u0131 Saireleri Hakk\u0131nda Talimatnamedir         2.1. T\u00fcrk Tarih Kurumundaki Metin&#8230; 2.2. Orijinal Metin ve Bug\u00fcnk\u00fc T\u00fcrk\u00e7e&#8230; 3. Ahval-i Harbiye ve Zaruret-i Fevkalade-i Siyasiye Dolay\u0131s\u0131yla Mahall-i \u00c2hara Nakilleri \u0130cra Edilen Ermenilere Ait Emval ve Emlak ve  Arazinin Keyfiyet-i \u0130daresi Hakk\u0131nda Talimatname.. 3.1. T\u00fcrk Tarih Kurumundaki Metin&#8230; 3.2. Orijinal Metin ve Bug\u00fcnk\u00fc T\u00fcrk\u00e7e&#8230; 4. \u00c2har Mahallere Nakledilen E\u015fhas\u0131n Emval ve D\u00fcyun ve Matlubat-\u0131 Metrukesi Hakk\u0131nda Kanun-u Muvakkat. 4.1. Takvim-i Vakayi\u2019deki Metin&#8230; 4.2. Orijinal Metin ve Bug\u00fcnk\u00fc T\u00fcrk\u00e7e&#8230; 5. \u00c2har Mahallere Nakledilen E\u015fhas\u0131n Emval ve D\u00fcyun ve Matlubat-\u0131 Metrukesine M\u00fctedair 17 Zilkade 1333 Tarihli Kanun-u Muvakkatin \u0130kinci Maddesinin Birinci F\u0131kras\u0131na M\u00fczeyyel \u0130bare Hakk\u0131nda Kanun-u Muvakkat. 5.1. Takvim-i Vakayi\u2019deki Metin&#8230; 5.2. Orijinal Metin ve Bug\u00fcnk\u00fc T\u00fcrk\u00e7e&#8230; 6. 13 Eyl\u00fcl 1331 TarihliKanun-u Muvakkatin Suver-i \u0130craiyesini M\u00fcbeyyin Nizamname. 6.1. Takvim-i Vakayi\u2019deki Metin&#8230; 6.2. Orijinal Metin ve Bug\u00fcnk\u00fc T\u00fcrk\u00e7e&#8230; EMVAL-\u0130 METRUKE HESAB-I CAR\u0130 DEFTER\u0130 7. \u00c2har Mahallere Nakledilmi\u015f Olan E\u015fhas\u0131n 17 Zilkade 1333 Tarihli Kararname Mucibince Tasfiyeye Tabi Tutulan Emvali Hakk\u0131nda Kararname. 7.1. Takvim-i Vakayi\u2019deki Metin&#8230; 7.2. Orijinal Metin ve Bug\u00fcnk\u00fc T\u00fcrk\u00e7e&#8230; \u00dc\u00c7\u00dcNC\u00dc B\u00d6L\u00dcM Cumhuriyet D\u00f6nemi Belgeleri, Mevzuat\u0131n Orijinal Metinleri ve G\u00fcncelle\u015ftirilmi\u015f \u015eekli 1. Memalik-i M\u00fcstahlasadan Firar ve Gaybubet Eden Ahalinin Emval-i Menkule ve Gayrimenkulelerinin \u0130daresi Hakk\u0131nda Kanun 1.1. D\u00fcstur\u2019daki Metin 1.2. Orijinal Metin ve Bug\u00fcnk\u00fc T\u00fcrk\u00e7e&#8230; 2. \u00c2har Mahallere Nakledilen E\u015fhas\u0131n Emval ve D\u00fcyun ve Matlubat-\u0131 Metrukesi Hakk\u0131ndaki 17 Zilkade 1333 ve 13 Eyl\u00fcl 1331 Tarihli Kanun-u Muvakkatin Baz\u0131 Mevadd\u0131 ile 20 Nisan 1338 Tarihli Emval-i Metruke Kanununu Muaddil Kanun&#8230; <\/p>\n","protected":false},"excerpt":{"rendered":"<p>\u0130\u00c7\u0130NDEK\u0130LER B\u0130R\u0130NC\u0130 B\u00d6L\u00dcM \u201cTehcir\u201d ve Uygulamalar\u0131 1. Giri\u015f.. 2. \u201cTehcir Kanunu\u201d Diye Yanl\u0131\u015f Adla Bilinen Kanun 3. G\u00f6\u00e7e Tabi Tutulanlar\u0131n Ta\u015f\u0131n\u0131r Mal, Alacak ve Bor\u00e7lar\u0131.. 3.1.<span class=\"excerpt-hellip\"> [\u2026]<\/span><\/p>\n","protected":false},"featured_media":0,"template":"","meta":{"_monsterinsights_skip_tracking":false,"_monsterinsights_sitenote_active":false,"_monsterinsights_sitenote_note":"","_monsterinsights_sitenote_category":0},"product_brand":[],"product_cat":[15350,17602],"product_tag":[],"class_list":{"0":"post-708060","1":"product","2":"type-product","3":"status-publish","5":"product_cat-hukuk","6":"product_cat-hukuk-uzerine","7":"pa_cilt-ciltsiz","8":"pa_tur-kitap","9":"pa_yayinevi-astana-yayinlari","10":"pa_yazar-salahaddin-kardes","12":"first","13":"instock","14":"sale","15":"shipping-taxable","16":"purchasable","17":"product-type-simple"},"_links":{"self":[{"href":"https:\/\/roveyayinevi.com.tr\/index.php\/wp-json\/wp\/v2\/product\/708060","targetHints":{"allow":["GET"]}}],"collection":[{"href":"https:\/\/roveyayinevi.com.tr\/index.php\/wp-json\/wp\/v2\/product"}],"about":[{"href":"https:\/\/roveyayinevi.com.tr\/index.php\/wp-json\/wp\/v2\/types\/product"}],"wp:attachment":[{"href":"https:\/\/roveyayinevi.com.tr\/index.php\/wp-json\/wp\/v2\/media?parent=708060"}],"wp:term":[{"taxonomy":"product_brand","embeddable":true,"href":"https:\/\/roveyayinevi.com.tr\/index.php\/wp-json\/wp\/v2\/product_brand?post=708060"},{"taxonomy":"product_cat","embeddable":true,"href":"https:\/\/roveyayinevi.com.tr\/index.php\/wp-json\/wp\/v2\/product_cat?post=708060"},{"taxonomy":"product_tag","embeddable":true,"href":"https:\/\/roveyayinevi.com.tr\/index.php\/wp-json\/wp\/v2\/product_tag?post=708060"}],"curies":[{"name":"wp","href":"https:\/\/api.w.org\/{rel}","templated":true}]}}