{"id":708056,"date":"2025-08-27T16:11:27","date_gmt":"2025-08-27T13:11:27","guid":{"rendered":"https:\/\/roveyayinevi.com.tr\/index.php\/urun\/ermeniler-milleti-sadikadan-milli-dusmanliga\/"},"modified":"2026-04-16T02:16:45","modified_gmt":"2026-04-15T23:16:45","slug":"ermeniler-milleti-sadikadan-milli-dusmanliga","status":"publish","type":"product","link":"https:\/\/roveyayinevi.com.tr\/index.php\/urun\/ermeniler-milleti-sadikadan-milli-dusmanliga\/","title":{"rendered":"Ermeniler Milleti Sad\u0131kadan Milli D\u00fc\u015fmanl\u0131\u011fa"},"content":{"rendered":"<p>Ermeni Meselesi olarak adland\u0131r\u0131lan ve yakla\u015f\u0131k 150 y\u0131ld\u0131r g\u00fcndemimizi me\u015fgul eden, d\u0131\u015f siyasette y\u0131llard\u0131r \u00f6n\u00fcm\u00fcze \u0131s\u0131t\u0131l\u0131p \u0131s\u0131t\u0131l\u0131p konulan meselenin &#8220;tarihi geli\u015fimi, ortaya \u00e7\u0131k\u0131\u015f\u0131, Bat\u0131 &#8216;dan esen r\u00fczgarlarla hangi y\u00f6nlere savruldu\u011fu &#8221; konular\u0131n\u0131n ele al\u0131nd\u0131\u011f\u0131 bu kitap Ermeni Tehciri&#8217;nin 100. y\u0131l\u0131nda yaz\u0131lm\u0131\u015ft\u0131r.  Olabildi\u011fince yabanc\u0131 kaynaklardan yararlan\u0131larak; d\u00f6nemin ABD gazeteleri taranarak, \u0130ngiliz belgeleri ve misyonerlerin raporlar\u0131, hat\u0131ralar\u0131 okunarak haz\u0131rlanm\u0131\u015ft\u0131r.Konu Ba\u015fl\u0131klar\u0131 Sivasl\u0131 Mihitar  Ermenilere Y\u00f6nelik Misyonerlik Faaliyetleri  Rumeli Etkileri  I.Zeytun \u0130syan\u0131 (1862)  1878\u2019e Do\u011fru  1878\u2019e Gelmeden K\u0131sa Bir De\u011ferlendirme  1877\u201378 Osmanl\u0131\u2013Rus Sava\u015f\u0131 (93 Harbi)  1878 Y\u0131l\u0131ndaki Siyasi Geli\u015fmeler  Berlin Konferans\u0131  II. Zeytun \u0130syan\u0131 (1878)  Millet\u2013i Sad\u0131ka\u2019dan Milli D\u00fc\u015fmanl\u0131\u011fa \u0130lk Ad\u0131mlar  H\u0131n\u00e7ak Komitesi  Erzurum Olay\u0131 ve Kumkap\u0131 N\u00fcmayi\u015fi  YAFTA  I. Sasun \u0130syan\u0131  Bab\u0131\u2013\u0131 Ali N\u00fcmayi\u015fi  Ta\u015fnaksutyun Komitesi  Osmanl\u0131 Bankas\u0131 Bask\u0131n\u0131  Francis Hopkinson Smith ve Dr. George H. Hepworth\u2019un G\u00f6zlemleri ve ABD Bas\u0131n\u0131 <\/p>\n","protected":false},"excerpt":{"rendered":"<p>Ermeni Meselesi olarak adland\u0131r\u0131lan ve yakla\u015f\u0131k 150 y\u0131ld\u0131r g\u00fcndemimizi me\u015fgul eden, d\u0131\u015f siyasette y\u0131llard\u0131r \u00f6n\u00fcm\u00fcze \u0131s\u0131t\u0131l\u0131p \u0131s\u0131t\u0131l\u0131p konulan meselenin &#8220;tarihi geli\u015fimi, ortaya \u00e7\u0131k\u0131\u015f\u0131, Bat\u0131 &#8216;dan esen<span class=\"excerpt-hellip\"> [\u2026]<\/span><\/p>\n","protected":false},"featured_media":0,"template":"","meta":{"_monsterinsights_skip_tracking":false,"_monsterinsights_sitenote_active":false,"_monsterinsights_sitenote_note":"","_monsterinsights_sitenote_category":0},"product_brand":[],"product_cat":[12304,13650],"product_tag":[],"class_list":{"0":"post-708056","1":"product","2":"type-product","3":"status-publish","5":"product_cat-tarih","6":"product_cat-turk-tarihi-arastirmalari","7":"pa_cilt-ciltsiz","8":"pa_tur-kitap","9":"pa_yayinevi-astana-yayinlari","10":"pa_yazar-yusuf-duzgoren","12":"first","13":"instock","14":"sale","15":"shipping-taxable","16":"purchasable","17":"product-type-simple"},"_links":{"self":[{"href":"https:\/\/roveyayinevi.com.tr\/index.php\/wp-json\/wp\/v2\/product\/708056","targetHints":{"allow":["GET"]}}],"collection":[{"href":"https:\/\/roveyayinevi.com.tr\/index.php\/wp-json\/wp\/v2\/product"}],"about":[{"href":"https:\/\/roveyayinevi.com.tr\/index.php\/wp-json\/wp\/v2\/types\/product"}],"wp:attachment":[{"href":"https:\/\/roveyayinevi.com.tr\/index.php\/wp-json\/wp\/v2\/media?parent=708056"}],"wp:term":[{"taxonomy":"product_brand","embeddable":true,"href":"https:\/\/roveyayinevi.com.tr\/index.php\/wp-json\/wp\/v2\/product_brand?post=708056"},{"taxonomy":"product_cat","embeddable":true,"href":"https:\/\/roveyayinevi.com.tr\/index.php\/wp-json\/wp\/v2\/product_cat?post=708056"},{"taxonomy":"product_tag","embeddable":true,"href":"https:\/\/roveyayinevi.com.tr\/index.php\/wp-json\/wp\/v2\/product_tag?post=708056"}],"curies":[{"name":"wp","href":"https:\/\/api.w.org\/{rel}","templated":true}]}}