{"id":708054,"date":"2025-08-27T16:11:26","date_gmt":"2025-08-27T13:11:26","guid":{"rendered":"https:\/\/roveyayinevi.com.tr\/index.php\/urun\/sivil-toplum-anlayisi-ve-siyasal-sistemler\/"},"modified":"2026-04-16T02:16:45","modified_gmt":"2026-04-15T23:16:45","slug":"sivil-toplum-anlayisi-ve-siyasal-sistemler","status":"publish","type":"product","link":"https:\/\/roveyayinevi.com.tr\/index.php\/urun\/sivil-toplum-anlayisi-ve-siyasal-sistemler\/","title":{"rendered":"Sivil Toplum Anlay\u0131\u015f\u0131 Ve Siyasal Sistemler"},"content":{"rendered":"<p>\u0130\u00e7indekiler-Toplumsal Yap\u0131 Ve Siyasal Sistem Aras\u0131ndaki \u0130li\u015fki-Bat\u0131 Avrupa\u2019da Liberal Devlet Modelinin Do\u011fu\u015funu Haz\u0131rlayan Sosyal Ve Tarihi Dinamikler-Devlet-Sivil Toplum Ayr\u0131m\u0131n\u0131n Bat\u0131 Avrupa\u2019daki D\u00fc\u015f\u00fcnsel Evrimi-Devleti Sivil Topl\u0131ma Egemen K\u0131lma Hedefi: George Wilhelm Friedrich Hegel-Karl Marx \u00d6\u011fretisinde Sivil Toplum \u2013 Siyasal Sistem \u0130li\u015fkisi-Sosyalist Siyasal Sistem Kuram\u0131na Farkl\u0131 Bir Bak\u0131\u015f A\u00e7\u0131s\u0131 : Antonio Gramsci-Liberal Siyasal Kuramda Sivil Toplumun Anlam\u0131 Ve T\u00fcrkiye\u2019deki Yans\u0131malar\u0131 <\/p>\n","protected":false},"excerpt":{"rendered":"<p>\u0130\u00e7indekiler-Toplumsal Yap\u0131 Ve Siyasal Sistem Aras\u0131ndaki \u0130li\u015fki-Bat\u0131 Avrupa\u2019da Liberal Devlet Modelinin Do\u011fu\u015funu Haz\u0131rlayan Sosyal Ve Tarihi Dinamikler-Devlet-Sivil Toplum Ayr\u0131m\u0131n\u0131n Bat\u0131 Avrupa\u2019daki D\u00fc\u015f\u00fcnsel Evrimi-Devleti Sivil Topl\u0131ma Egemen<span class=\"excerpt-hellip\"> [\u2026]<\/span><\/p>\n","protected":false},"featured_media":0,"template":"","meta":{"_monsterinsights_skip_tracking":false,"_monsterinsights_sitenote_active":false,"_monsterinsights_sitenote_note":"","_monsterinsights_sitenote_category":0},"product_brand":[],"product_cat":[17574,13527],"product_tag":[],"class_list":{"0":"post-708054","1":"product","2":"type-product","3":"status-publish","5":"product_cat-politika","6":"product_cat-sureli-yayinlar","7":"pa_cilt-ciltsiz","8":"pa_tur-kitap","9":"pa_yayinevi-astana-yayinlari","10":"pa_yazar-ilyas-dogan","12":"first","13":"instock","14":"sale","15":"shipping-taxable","16":"purchasable","17":"product-type-simple"},"_links":{"self":[{"href":"https:\/\/roveyayinevi.com.tr\/index.php\/wp-json\/wp\/v2\/product\/708054","targetHints":{"allow":["GET"]}}],"collection":[{"href":"https:\/\/roveyayinevi.com.tr\/index.php\/wp-json\/wp\/v2\/product"}],"about":[{"href":"https:\/\/roveyayinevi.com.tr\/index.php\/wp-json\/wp\/v2\/types\/product"}],"wp:attachment":[{"href":"https:\/\/roveyayinevi.com.tr\/index.php\/wp-json\/wp\/v2\/media?parent=708054"}],"wp:term":[{"taxonomy":"product_brand","embeddable":true,"href":"https:\/\/roveyayinevi.com.tr\/index.php\/wp-json\/wp\/v2\/product_brand?post=708054"},{"taxonomy":"product_cat","embeddable":true,"href":"https:\/\/roveyayinevi.com.tr\/index.php\/wp-json\/wp\/v2\/product_cat?post=708054"},{"taxonomy":"product_tag","embeddable":true,"href":"https:\/\/roveyayinevi.com.tr\/index.php\/wp-json\/wp\/v2\/product_tag?post=708054"}],"curies":[{"name":"wp","href":"https:\/\/api.w.org\/{rel}","templated":true}]}}

Sivil Toplum Anlayışı Ve Siyasal Sistemler

<p>İçindekiler-Toplumsal Yapı Ve Siyasal Sistem Arasındaki İlişki-Batı Avrupa’da Liberal Devlet Modelinin Doğuşunu Hazırlayan Sosyal Ve Tarihi Dinamikler-Devlet-Sivil Toplum Ayrımının Batı Avrupa’daki Düşünsel Evrimi-Devleti Sivil Toplıma Egemen Kılma Hedefi: George Wilhelm Friedrich Hegel-Karl Marx Öğretisinde Sivil Toplum – Siyasal Sistem İlişkisi-Sosyalist Siyasal Sistem Kuramına Farklı Bir Bakış Açısı : Antonio Gramsci-Liberal Siyasal Kuramda Sivil Toplumun Anlamı Ve Türkiye’deki Yansımaları </p>

<p>İçindekiler-Toplumsal Yapı Ve Siyasal Sistem Arasındaki İlişki-Batı Avrupa’da Liberal Devlet Modelinin Doğuşunu Hazırlayan Sosyal Ve Tarihi Dinamikler-Devlet-Sivil Toplum Ayrımının Batı Avrupa’daki Düşünsel Evrimi-Devleti Sivil Toplıma Egemen<span class="excerpt-hellip"> […]</span></p>
