{"id":708046,"date":"2025-08-27T16:11:23","date_gmt":"2025-08-27T13:11:23","guid":{"rendered":"https:\/\/roveyayinevi.com.tr\/index.php\/urun\/maden-hukuku-bildiriler-kitabi\/"},"modified":"2026-04-16T02:16:45","modified_gmt":"2026-04-15T23:16:45","slug":"maden-hukuku-bildiriler-kitabi","status":"publish","type":"product","link":"https:\/\/roveyayinevi.com.tr\/index.php\/urun\/maden-hukuku-bildiriler-kitabi\/","title":{"rendered":"Maden Hukuku Bildiriler Kitab\u0131"},"content":{"rendered":"<p>3-4 Ekim 2015 tarihinde, Afyonkarahisar&#8217;da ger\u00e7ekle\u015ftirilen ve yinelenmesi \u00fcmit edilen, T\u00fcrkiye&#8217;nin ilk Maden Hukuku Sempozyumu&#8217;nda sunulan bildirilerden olu\u015fmaktad\u0131r. Pek \u00e7o\u011fu hakem incelemesinden ge\u00e7en ve makale format\u0131nda d\u00fczenlenerek bask\u0131ya haz\u0131rlanan bu bildirilerin her birinde, T\u00fcrkiye madencili\u011fi ve maden hukukunun en \u00f6nemli meseleleri deneyimli uzmanlar ve bilim insanlar\u0131 taraf\u0131ndan uygulama ve teori a\u00e7\u0131s\u0131ndan ayr\u0131nt\u0131l\u0131 olarak tart\u0131\u015f\u0131lm\u0131\u015ft\u0131r. Elinizdeki kitab\u0131n, maden hukukunun akla gelebilecek di\u011fer d\u00fczenleme konular\u0131 ile uygulamadan do\u011fan ve do\u011fabilecek, \u00f6rne\u011fin, \u00e7evreyle uyumluluk, tozla m\u00fccadele, alanda uzmanla\u015fma gibi, ba\u015fka konulara dikkat \u00e7ekmek, farkl\u0131 tespit ve \u00f6nerilerde bulunmak suretiyle, bu konuda \u00e7al\u0131\u015fan herkese rehberlik edece\u011fi kanaatindeyim. <\/p>\n","protected":false},"excerpt":{"rendered":"<p>3-4 Ekim 2015 tarihinde, Afyonkarahisar&#8217;da ger\u00e7ekle\u015ftirilen ve yinelenmesi \u00fcmit edilen, T\u00fcrkiye&#8217;nin ilk Maden Hukuku Sempozyumu&#8217;nda sunulan bildirilerden olu\u015fmaktad\u0131r. Pek \u00e7o\u011fu hakem incelemesinden ge\u00e7en ve makale format\u0131nda<span class=\"excerpt-hellip\"> [\u2026]<\/span><\/p>\n","protected":false},"featured_media":0,"template":"","meta":{"_monsterinsights_skip_tracking":false,"_monsterinsights_sitenote_active":false,"_monsterinsights_sitenote_note":"","_monsterinsights_sitenote_category":0},"product_brand":[],"product_cat":[15350,17602],"product_tag":[],"class_list":{"0":"post-708046","1":"product","2":"type-product","3":"status-publish","5":"product_cat-hukuk","6":"product_cat-hukuk-uzerine","7":"pa_cilt-ciltsiz","8":"pa_tur-kitap","9":"pa_yayinevi-astana-yayinlari","10":"pa_yazar-ali-safak-bali","12":"first","13":"instock","14":"sale","15":"shipping-taxable","16":"purchasable","17":"product-type-simple"},"_links":{"self":[{"href":"https:\/\/roveyayinevi.com.tr\/index.php\/wp-json\/wp\/v2\/product\/708046","targetHints":{"allow":["GET"]}}],"collection":[{"href":"https:\/\/roveyayinevi.com.tr\/index.php\/wp-json\/wp\/v2\/product"}],"about":[{"href":"https:\/\/roveyayinevi.com.tr\/index.php\/wp-json\/wp\/v2\/types\/product"}],"wp:attachment":[{"href":"https:\/\/roveyayinevi.com.tr\/index.php\/wp-json\/wp\/v2\/media?parent=708046"}],"wp:term":[{"taxonomy":"product_brand","embeddable":true,"href":"https:\/\/roveyayinevi.com.tr\/index.php\/wp-json\/wp\/v2\/product_brand?post=708046"},{"taxonomy":"product_cat","embeddable":true,"href":"https:\/\/roveyayinevi.com.tr\/index.php\/wp-json\/wp\/v2\/product_cat?post=708046"},{"taxonomy":"product_tag","embeddable":true,"href":"https:\/\/roveyayinevi.com.tr\/index.php\/wp-json\/wp\/v2\/product_tag?post=708046"}],"curies":[{"name":"wp","href":"https:\/\/api.w.org\/{rel}","templated":true}]}}