{"id":708036,"date":"2025-08-27T16:11:10","date_gmt":"2025-08-27T13:11:10","guid":{"rendered":"https:\/\/roveyayinevi.com.tr\/index.php\/urun\/genel-matematik-1-2\/"},"modified":"2025-09-17T22:13:53","modified_gmt":"2025-09-17T19:13:53","slug":"genel-matematik-1-2","status":"publish","type":"product","link":"https:\/\/roveyayinevi.com.tr\/index.php\/urun\/genel-matematik-1-2\/","title":{"rendered":"Genel Matematik 1"},"content":{"rendered":"<p>Bu kitap, Matematik, Fizik, Kimya gibi Temel bilimler, M\u00fchendislik, \u0130\u015fletme ve \u0130ktisat gibi ekonomi bilimleri \u00f6\u011frencilerine, \u00fcniversitelerin birinci ve ikinci y\u0131llar\u0131nda okutulan &#8220;Analiz&#8221;, &#8220;Genel Matematik&#8221;, &#8220;Y\u00fcksek Matematik&#8221; adl\u0131 dersler i\u00e7in haz\u0131rlanm\u0131\u015ft\u0131r. Kitap iki ciltten olu\u015fmaktad\u0131r. Birinci cilt olan bu kitap bir de\u011fi\u015fkenli fonksiyonlar\u0131n diferansiyel ve integraline ayr\u0131lm\u0131\u015ft\u0131r.Konu Ba\u015fl\u0131klar\u0131FonksiyonlarLimit ve S\u00fcreklilikT\u00fcrevin Uygulamalar\u0131Belirsiz \u0130ntegrallerBelirli \u0130ntegraller\u0130ntegralin Uygulamalar\u0131Genelle\u015ftirilmi\u015f \u0130ntegrallerKutupsal KoordinatlarDiziler ve Seriler <\/p>\n","protected":false},"excerpt":{"rendered":"<p>Bu kitap, Matematik, Fizik, Kimya gibi Temel bilimler, M\u00fchendislik, \u0130\u015fletme ve \u0130ktisat gibi ekonomi bilimleri \u00f6\u011frencilerine, \u00fcniversitelerin birinci ve ikinci y\u0131llar\u0131nda okutulan &#8220;Analiz&#8221;, &#8220;Genel Matematik&#8221;, &#8220;Y\u00fcksek<span class=\"excerpt-hellip\"> [\u2026]<\/span><\/p>\n","protected":false},"featured_media":0,"template":"","meta":{"_monsterinsights_skip_tracking":false,"_monsterinsights_sitenote_active":false,"_monsterinsights_sitenote_note":"","_monsterinsights_sitenote_category":0},"product_brand":[],"product_cat":[12573,12566],"product_tag":[],"class_list":{"0":"post-708036","1":"product","2":"type-product","3":"status-publish","5":"product_cat-akademik-kitaplar","6":"product_cat-egitim","7":"pa_cilt-ciltsiz","8":"pa_tur-kitap","9":"pa_yayinevi-palme-yayincilik-akademik","10":"pa_yazar-mustafa-balci","12":"first","13":"instock","14":"sale","15":"shipping-taxable","16":"purchasable","17":"product-type-simple"},"_links":{"self":[{"href":"https:\/\/roveyayinevi.com.tr\/index.php\/wp-json\/wp\/v2\/product\/708036","targetHints":{"allow":["GET"]}}],"collection":[{"href":"https:\/\/roveyayinevi.com.tr\/index.php\/wp-json\/wp\/v2\/product"}],"about":[{"href":"https:\/\/roveyayinevi.com.tr\/index.php\/wp-json\/wp\/v2\/types\/product"}],"wp:attachment":[{"href":"https:\/\/roveyayinevi.com.tr\/index.php\/wp-json\/wp\/v2\/media?parent=708036"}],"wp:term":[{"taxonomy":"product_brand","embeddable":true,"href":"https:\/\/roveyayinevi.com.tr\/index.php\/wp-json\/wp\/v2\/product_brand?post=708036"},{"taxonomy":"product_cat","embeddable":true,"href":"https:\/\/roveyayinevi.com.tr\/index.php\/wp-json\/wp\/v2\/product_cat?post=708036"},{"taxonomy":"product_tag","embeddable":true,"href":"https:\/\/roveyayinevi.com.tr\/index.php\/wp-json\/wp\/v2\/product_tag?post=708036"}],"curies":[{"name":"wp","href":"https:\/\/api.w.org\/{rel}","templated":true}]}}