{"id":708012,"date":"2025-08-27T16:10:59","date_gmt":"2025-08-27T13:10:59","guid":{"rendered":"https:\/\/roveyayinevi.com.tr\/index.php\/urun\/selcuklu-tarihi-3\/"},"modified":"2026-04-16T02:16:44","modified_gmt":"2026-04-15T23:16:44","slug":"selcuklu-tarihi-3","status":"publish","type":"product","link":"https:\/\/roveyayinevi.com.tr\/index.php\/urun\/selcuklu-tarihi-3\/","title":{"rendered":"Sel\u00e7uklu Tarihi 3"},"content":{"rendered":"<p>&#8220;Ne\u015feli, Keyifli, Macera ve Bilgi Dolu Osmanl\u0131 Tarihi&#8221;ni okuyanlar art\u0131k tarih derslerinde sayfa kenarlar\u0131na \u00e7i\u00e7ek b\u00f6cek \u00e7izerek vakit ge\u00e7irmiyor, \u00f6\u011fretmenlerini can kula\u011f\u0131yla dinliyor, edindikleri harika bilgileri ortal\u0131\u011fa sa\u00e7\u0131vermek i\u00e7in uygun an\u0131 bekliyorlarm\u0131\u015f.Bu ilgi ve sevginiz g\u00f6zlerimizi ya\u015fartt\u0131 ve yepyeni bir seriyle ne\u015fenize ne\u015fe, bilginize bilgi katmak ve size yepyeni maceralar ya\u015fatmak istedik.Sel\u00e7uklular:Kurduklar\u0131 y\u00fcksek medeniyetle Osmanl\u0131&#8217;ya \u00f6rnek olu\u015fturdular.Anadolu&#8217;yu fethedip T\u00fcrk ve \u0130slam yurdu haline getirdiler.Ha\u00e7l\u0131larla m\u00fccadele edip, \u0130slam \u00e2leminin koruyuculu\u011funu \u00fcstlendiler.Kurduklar\u0131 kervansaraylarla, hastaneler ve camilerle gittikleri yerleri imar edip g\u00fczelle\u015ftirdiler.Bilim adamlar\u0131n\u0131 koruyup kucak a\u00e7t\u0131lar. Gazali, Mevlana, Nasreddin Hoca, Yunus Emre gibi dev d\u00fc\u015f\u00fcn\u00fcrlerin yeti\u015fmesini sa\u011flad\u0131lar.Ve duyunca \u015fa\u015f\u0131raca\u011f\u0131n\u0131z, \u00f6n\u00fcn\u00fcze gelene anlatmak i\u00e7in sab\u0131rs\u0131zlanaca\u011f\u0131n\u0131z daha neler neler yapt\u0131lar. Hadi ne duruyorsunuz? Maceraya kald\u0131\u011f\u0131m\u0131z yerden devam edelim.\ufffcTan\u0131t\u0131m Metni<\/p>\n","protected":false},"excerpt":{"rendered":"<p>&#8220;Ne\u015feli, Keyifli, Macera ve Bilgi Dolu Osmanl\u0131 Tarihi&#8221;ni okuyanlar art\u0131k tarih derslerinde sayfa kenarlar\u0131na \u00e7i\u00e7ek b\u00f6cek \u00e7izerek vakit ge\u00e7irmiyor, \u00f6\u011fretmenlerini can kula\u011f\u0131yla dinliyor, edindikleri harika bilgileri<span class=\"excerpt-hellip\"> [\u2026]<\/span><\/p>\n","protected":false},"featured_media":0,"template":"","meta":{"_monsterinsights_skip_tracking":false,"_monsterinsights_sitenote_active":false,"_monsterinsights_sitenote_note":"","_monsterinsights_sitenote_category":0},"product_brand":[],"product_cat":[12275,12274],"product_tag":[],"class_list":{"0":"post-708012","1":"product","2":"type-product","3":"status-publish","5":"product_cat-6-12-yas-kitaplari","6":"product_cat-cocuk-ve-genclik-kitaplari","7":"pa_cilt-ciltsiz","8":"pa_tur-kitap","9":"pa_yayinevi-ugurbocegi-yayinlari","10":"pa_yazar-zehra-ayduz","12":"first","13":"instock","14":"sale","15":"shipping-taxable","16":"purchasable","17":"product-type-simple"},"_links":{"self":[{"href":"https:\/\/roveyayinevi.com.tr\/index.php\/wp-json\/wp\/v2\/product\/708012","targetHints":{"allow":["GET"]}}],"collection":[{"href":"https:\/\/roveyayinevi.com.tr\/index.php\/wp-json\/wp\/v2\/product"}],"about":[{"href":"https:\/\/roveyayinevi.com.tr\/index.php\/wp-json\/wp\/v2\/types\/product"}],"wp:attachment":[{"href":"https:\/\/roveyayinevi.com.tr\/index.php\/wp-json\/wp\/v2\/media?parent=708012"}],"wp:term":[{"taxonomy":"product_brand","embeddable":true,"href":"https:\/\/roveyayinevi.com.tr\/index.php\/wp-json\/wp\/v2\/product_brand?post=708012"},{"taxonomy":"product_cat","embeddable":true,"href":"https:\/\/roveyayinevi.com.tr\/index.php\/wp-json\/wp\/v2\/product_cat?post=708012"},{"taxonomy":"product_tag","embeddable":true,"href":"https:\/\/roveyayinevi.com.tr\/index.php\/wp-json\/wp\/v2\/product_tag?post=708012"}],"curies":[{"name":"wp","href":"https:\/\/api.w.org\/{rel}","templated":true}]}}