{"id":708008,"date":"2025-08-27T16:10:57","date_gmt":"2025-08-27T13:10:57","guid":{"rendered":"https:\/\/roveyayinevi.com.tr\/index.php\/urun\/halim-selim-ile-40-esma\/"},"modified":"2026-04-16T02:16:44","modified_gmt":"2026-04-15T23:16:44","slug":"halim-selim-ile-40-esma","status":"publish","type":"product","link":"https:\/\/roveyayinevi.com.tr\/index.php\/urun\/halim-selim-ile-40-esma\/","title":{"rendered":"Halim Selim ile 40 Esma"},"content":{"rendered":"<p>Bak! Koskoca d\u00fcnya ve k\u00e2inat yarat\u0131lm\u0131\u015f bizim i\u00e7in&#8230; Peki neden? \u00c7\u00fcnk\u00fc, Biri bizi \u00e7ok seviyor. Bak! Y\u0131ld\u0131zlar, gezegenler nas\u0131l da yerli yerinde&#8230; \u00c7\u00fcnk\u00fc, Biri her \u015feyi tam yerli yerine koymu\u015f.Bak! Kar\u0131ncan\u0131n bile kar\u015f\u0131lan\u0131yor ihtiyac\u0131&#8230; \u00c7\u00fcnk\u00fc, Biri herkese r\u0131zk\u0131n\u0131 veriyor. Nereye istersen bak, g\u00f6r\u00fcrs\u00fcn O\u2019nun i\u015flerini&#8230; E, kim sevmez ki b\u00f6yle Birini? \u015eimdi sana derim ki: O\u2019nu daha \u00e7ok sevmeli! \u201cG\u00fczel \u0130simleri\u201dni bilmeli!<\/p>\n","protected":false},"excerpt":{"rendered":"<p>Bak! Koskoca d\u00fcnya ve k\u00e2inat yarat\u0131lm\u0131\u015f bizim i\u00e7in&#8230; Peki neden? \u00c7\u00fcnk\u00fc, Biri bizi \u00e7ok seviyor. Bak! Y\u0131ld\u0131zlar, gezegenler nas\u0131l da yerli yerinde&#8230; \u00c7\u00fcnk\u00fc, Biri her \u015feyi<span class=\"excerpt-hellip\"> [\u2026]<\/span><\/p>\n","protected":false},"featured_media":0,"template":"","meta":{"_monsterinsights_skip_tracking":false,"_monsterinsights_sitenote_active":false,"_monsterinsights_sitenote_note":"","_monsterinsights_sitenote_category":0},"product_brand":[],"product_cat":[12274,18802],"product_tag":[],"class_list":{"0":"post-708008","1":"product","2":"type-product","3":"status-publish","5":"product_cat-cocuk-ve-genclik-kitaplari","6":"product_cat-din-egitimi","7":"pa_cilt-ciltsiz","8":"pa_tur-kitap","9":"pa_yayinevi-ugurbocegi-yayinlari","10":"pa_yazar-mehmet-yasar","12":"first","13":"instock","14":"sale","15":"shipping-taxable","16":"purchasable","17":"product-type-simple"},"_links":{"self":[{"href":"https:\/\/roveyayinevi.com.tr\/index.php\/wp-json\/wp\/v2\/product\/708008","targetHints":{"allow":["GET"]}}],"collection":[{"href":"https:\/\/roveyayinevi.com.tr\/index.php\/wp-json\/wp\/v2\/product"}],"about":[{"href":"https:\/\/roveyayinevi.com.tr\/index.php\/wp-json\/wp\/v2\/types\/product"}],"wp:attachment":[{"href":"https:\/\/roveyayinevi.com.tr\/index.php\/wp-json\/wp\/v2\/media?parent=708008"}],"wp:term":[{"taxonomy":"product_brand","embeddable":true,"href":"https:\/\/roveyayinevi.com.tr\/index.php\/wp-json\/wp\/v2\/product_brand?post=708008"},{"taxonomy":"product_cat","embeddable":true,"href":"https:\/\/roveyayinevi.com.tr\/index.php\/wp-json\/wp\/v2\/product_cat?post=708008"},{"taxonomy":"product_tag","embeddable":true,"href":"https:\/\/roveyayinevi.com.tr\/index.php\/wp-json\/wp\/v2\/product_tag?post=708008"}],"curies":[{"name":"wp","href":"https:\/\/api.w.org\/{rel}","templated":true}]}}