{"id":707999,"date":"2025-08-27T16:10:52","date_gmt":"2025-08-27T13:10:52","guid":{"rendered":"https:\/\/roveyayinevi.com.tr\/index.php\/urun\/bir-sorum-var-3\/"},"modified":"2026-04-16T02:16:44","modified_gmt":"2026-04-15T23:16:44","slug":"bir-sorum-var-3","status":"publish","type":"product","link":"https:\/\/roveyayinevi.com.tr\/index.php\/urun\/bir-sorum-var-3\/","title":{"rendered":"Bir Sorum Var &#8211; 3"},"content":{"rendered":"<p>Can Bilir\u2019i bilen bilir,O, mucize k\u00e2\u015fifidir.Mikro \u00e2lemlere gider gelir,Hep sorular\u0131n\u0131n pe\u015findedir.Bilirsin, mucize her yerdedir,K\u00e2\u015fiflik acayip i\u015ftir.\u015eimdi Can okulda,Yine binbir soru akl\u0131nda.Kim bilir, neler gelecek ba\u015f\u0131na?Haydi sen de tak\u0131l ona,Ko\u015f maceradan maceraya.Derin bir nefes al \u015fimdi,Bak, i\u015fte \u00e7ald\u0131 ders zili&#8230;Haydi iyi dersler! Aman iyi ke\u015fifler!<\/p>\n","protected":false},"excerpt":{"rendered":"<p>Can Bilir\u2019i bilen bilir,O, mucize k\u00e2\u015fifidir.Mikro \u00e2lemlere gider gelir,Hep sorular\u0131n\u0131n pe\u015findedir.Bilirsin, mucize her yerdedir,K\u00e2\u015fiflik acayip i\u015ftir.\u015eimdi Can okulda,Yine binbir soru akl\u0131nda.Kim bilir, neler gelecek ba\u015f\u0131na?Haydi sen<span class=\"excerpt-hellip\"> [\u2026]<\/span><\/p>\n","protected":false},"featured_media":0,"template":"","meta":{"_monsterinsights_skip_tracking":false,"_monsterinsights_sitenote_active":false,"_monsterinsights_sitenote_note":"","_monsterinsights_sitenote_category":0},"product_brand":[],"product_cat":[12274,12631],"product_tag":[],"class_list":{"0":"post-707999","1":"product","2":"type-product","3":"status-publish","5":"product_cat-cocuk-ve-genclik-kitaplari","6":"product_cat-diger-cocuk-ve-genclik-kitaplari","7":"pa_cilt-ciltsiz","8":"pa_tur-kitap","9":"pa_yayinevi-ugurbocegi-yayinlari","10":"pa_yazar-mehmet-yasar","12":"first","13":"instock","14":"sale","15":"shipping-taxable","16":"purchasable","17":"product-type-simple"},"_links":{"self":[{"href":"https:\/\/roveyayinevi.com.tr\/index.php\/wp-json\/wp\/v2\/product\/707999","targetHints":{"allow":["GET"]}}],"collection":[{"href":"https:\/\/roveyayinevi.com.tr\/index.php\/wp-json\/wp\/v2\/product"}],"about":[{"href":"https:\/\/roveyayinevi.com.tr\/index.php\/wp-json\/wp\/v2\/types\/product"}],"wp:attachment":[{"href":"https:\/\/roveyayinevi.com.tr\/index.php\/wp-json\/wp\/v2\/media?parent=707999"}],"wp:term":[{"taxonomy":"product_brand","embeddable":true,"href":"https:\/\/roveyayinevi.com.tr\/index.php\/wp-json\/wp\/v2\/product_brand?post=707999"},{"taxonomy":"product_cat","embeddable":true,"href":"https:\/\/roveyayinevi.com.tr\/index.php\/wp-json\/wp\/v2\/product_cat?post=707999"},{"taxonomy":"product_tag","embeddable":true,"href":"https:\/\/roveyayinevi.com.tr\/index.php\/wp-json\/wp\/v2\/product_tag?post=707999"}],"curies":[{"name":"wp","href":"https:\/\/api.w.org\/{rel}","templated":true}]}}