{"id":707990,"date":"2025-08-27T16:10:48","date_gmt":"2025-08-27T13:10:48","guid":{"rendered":"https:\/\/roveyayinevi.com.tr\/index.php\/urun\/orneklerle-estetik-elestiri\/"},"modified":"2026-01-29T02:30:04","modified_gmt":"2026-01-28T23:30:04","slug":"orneklerle-estetik-elestiri","status":"publish","type":"product","link":"https:\/\/roveyayinevi.com.tr\/index.php\/urun\/orneklerle-estetik-elestiri\/","title":{"rendered":"\u00d6rneklerle Estetik Ele\u015ftiri"},"content":{"rendered":"<p>\u00d6rneklerle Estetik Ele\u015ftiri kitab\u0131, sanat \u00fczerine geli\u015ftirilen kuramsal temeller ve de\u011fi\u015fik yakla\u015f\u0131mlar do\u011frultusunda, yaz\u0131n sanat\u0131ndan ve plastik sanatlardan se\u00e7ilen \u00f6rneklerden hareketle; sanat yap\u0131t\u0131n\u0131n kendine \u00f6zg\u00fc, yap\u0131sal ve estetik niteliklerini kavrama ve \u00f6\u011frenme s\u00fcre\u00e7lerini kolayla\u015ft\u0131rma, \u00f6zellikle yarat\u0131c\u0131 bireylerin geli\u015fimlerine katk\u0131da bulunma amac\u0131yla yaz\u0131ld\u0131. Edebiyat ve Plastik Sanatlar alan\u0131nda se\u00e7ilen yap\u0131tlar\u0131n kendi bilgisi \u00fczerinden, ilkin o \u00fcr\u00fcn\u00fcn sanat olup olmad\u0131\u011f\u0131 ara\u015ft\u0131r\u0131ld\u0131. E\u011fer sanat ise; \u2018Ne kadar sanat?\u2019 sorusu sorularak, bir de\u011ferlendirilmeye gidildi. \u0130kinci olarak da; yap\u0131t\u0131 anlama ve tan\u0131ma amac\u0131yla, yap\u0131tta varolanlar\u0131n bilgisinden hareketle, \u2018Bana ne anlat\u0131yor?\u2019, \u2018Nas\u0131l anlat\u0131yor?\u2019 sorular\u0131na verilen yan\u0131tlarla, estetik \u015fiddet ve etkiye bak\u0131larak, yap\u0131t\u0131n iletisi ve bu iletiyi aktar\u0131\u015f bi\u00e7imi \u00fczerine estetik bir kayg\u0131 yarat\u0131p yaratmad\u0131\u011f\u0131 \u00fczerinde duruldu. Bunun bilincinde olarak, sanat yap\u0131t\u0131yla kar\u015f\u0131 kar\u015f\u0131ya gelen ya da sanat\u0131 kavramaya \u00e7al\u0131\u015fan al\u0131c\u0131n\u0131n do\u011fru de\u011ferlendirme yapabilmesi, \u00f6zellikle sanat e\u011fitimi \u00f6\u011frencilerinin bilgilendirilmesi ve y\u00f6nlendirilmesi a\u00e7\u0131s\u0131ndan, bu kitapta; Estetik ve Temel Kuramlar\u0131 kitab\u0131m\u0131 destekler nitelikte, sanat eserlerinin estetik analizlerine y\u00f6nelik bir \u00e7al\u0131\u015fma ger\u00e7ekle\u015ftirilmi\u015f ve evrensel \u00f6l\u00e7\u00fctte bir esteti\u011fin yakalanabilmesi ama\u00e7lanm\u0131\u015ft\u0131r\u2026 <\/p>\n","protected":false},"excerpt":{"rendered":"<p>\u00d6rneklerle Estetik Ele\u015ftiri kitab\u0131, sanat \u00fczerine geli\u015ftirilen kuramsal temeller ve de\u011fi\u015fik yakla\u015f\u0131mlar do\u011frultusunda, yaz\u0131n sanat\u0131ndan ve plastik sanatlardan se\u00e7ilen \u00f6rneklerden hareketle; sanat yap\u0131t\u0131n\u0131n kendine \u00f6zg\u00fc, yap\u0131sal<span class=\"excerpt-hellip\"> [\u2026]<\/span><\/p>\n","protected":false},"featured_media":0,"template":"","meta":{"_monsterinsights_skip_tracking":false,"_monsterinsights_sitenote_active":false,"_monsterinsights_sitenote_note":"","_monsterinsights_sitenote_category":0},"product_brand":[],"product_cat":[12408],"product_tag":[],"class_list":{"0":"post-707990","1":"product","2":"type-product","3":"status-publish","5":"product_cat-sanat","6":"pa_cilt-ciltsiz","7":"pa_tur-kitap","8":"pa_yayinevi-utopya-yayinevi","9":"pa_yazar-ayse-ozel","11":"first","12":"instock","13":"sale","14":"shipping-taxable","15":"purchasable","16":"product-type-simple"},"_links":{"self":[{"href":"https:\/\/roveyayinevi.com.tr\/index.php\/wp-json\/wp\/v2\/product\/707990","targetHints":{"allow":["GET"]}}],"collection":[{"href":"https:\/\/roveyayinevi.com.tr\/index.php\/wp-json\/wp\/v2\/product"}],"about":[{"href":"https:\/\/roveyayinevi.com.tr\/index.php\/wp-json\/wp\/v2\/types\/product"}],"wp:attachment":[{"href":"https:\/\/roveyayinevi.com.tr\/index.php\/wp-json\/wp\/v2\/media?parent=707990"}],"wp:term":[{"taxonomy":"product_brand","embeddable":true,"href":"https:\/\/roveyayinevi.com.tr\/index.php\/wp-json\/wp\/v2\/product_brand?post=707990"},{"taxonomy":"product_cat","embeddable":true,"href":"https:\/\/roveyayinevi.com.tr\/index.php\/wp-json\/wp\/v2\/product_cat?post=707990"},{"taxonomy":"product_tag","embeddable":true,"href":"https:\/\/roveyayinevi.com.tr\/index.php\/wp-json\/wp\/v2\/product_tag?post=707990"}],"curies":[{"name":"wp","href":"https:\/\/api.w.org\/{rel}","templated":true}]}}