{"id":707982,"date":"2025-08-27T16:10:44","date_gmt":"2025-08-27T13:10:44","guid":{"rendered":"https:\/\/roveyayinevi.com.tr\/index.php\/urun\/fransada-ic-savas-2\/"},"modified":"2026-04-16T02:16:44","modified_gmt":"2026-04-15T23:16:44","slug":"fransada-ic-savas-2","status":"publish","type":"product","link":"https:\/\/roveyayinevi.com.tr\/index.php\/urun\/fransada-ic-savas-2\/","title":{"rendered":"Fransa\u2019da \u0130\u00e7 Sava\u015f"},"content":{"rendered":"<p>\u201cKom\u00fcn\u2019\u00fcn ger\u00e7ek s\u0131rr\u0131 \u015fuydu: O, \u00f6z\u00fcnde, bir i\u015f\u00e7i s\u0131n\u0131f\u0131 h\u00fck\u00fcmeti, \u00fcretenlerin m\u00fclk edinen s\u0131n\u0131fa kar\u015f\u0131 m\u00fccadelesinin sonucu, eme\u011fin iktisadi kurtulu\u015funun ger\u00e7ekle\u015fmesini sa\u011flayabilecek olan en sonunda ke\u015ffedilmi\u015f siyasal bi\u00e7imdi.\u201d Aral\u0131k 1852\u2019de kendisini Fransa\u2019n\u0131n imparatoru ilan eden Louis Bonaparte 1870 y\u0131l\u0131nda Prusya\u2019ya a\u00e7t\u0131\u011f\u0131 sava\u015fta esir d\u00fc\u015fm\u00fc\u015f, \u00fclkede cumhuriyet ilan edilmi\u015f, burjuva siyaset\u00e7ileri taraf\u0131ndan bir \u201culusal savunma\u201d h\u00fck\u00fcmeti kurulmu\u015f ve Paris, Prusyal\u0131lar taraf\u0131ndan ku\u015fatma alt\u0131na al\u0131nm\u0131\u015ft\u0131. H\u0131zla bir \u201cihanet\u201d h\u00fck\u00fcmetine d\u00f6n\u00fc\u015fen ve ba\u015fkentin Prusya\u2019ya teslim edilmesi i\u00e7in \u00e7aba harcayan iktidara direnen halk, 18 Mart 1871\u2019de Paris\u2019in y\u00f6netimini kendi eline ald\u0131. Karl Marx, Frans\u0131z \u00dc\u00e7lemesi\u2019ni olu\u015fturan eserlerinden sonuncusu olan Fransa\u2019da \u0130\u00e7 Sava\u015f\u2019ta, tarihteki ilk i\u015f\u00e7i s\u0131n\u0131f\u0131 iktidar\u0131n\u0131, yani Paris Kom\u00fcn\u00fc\u2019n\u00fc ortaya \u00e7\u0131karan ko\u015fullar\u0131, Kom\u00fcn\u2019\u00fcn siyasal ve toplumsal \u00f6nlemlerini ve y\u0131k\u0131lmas\u0131n\u0131n nedenlerini \u00e7\u00f6z\u00fcml\u00fcyor. Fransa\u2019da \u0130\u00e7 Sava\u015f\u2019\u0131n taslak metinlerinden se\u00e7me par\u00e7alar, Marx\u2019\u0131n nihai metinde \u00f6zetleyerek aktard\u0131\u011f\u0131 baz\u0131 sonu\u00e7larla ilgili daha geni\u015f kapsaml\u0131 de\u011ferlendirmelerini de i\u00e7eriyor.<\/p>\n","protected":false},"excerpt":{"rendered":"<p>\u201cKom\u00fcn\u2019\u00fcn ger\u00e7ek s\u0131rr\u0131 \u015fuydu: O, \u00f6z\u00fcnde, bir i\u015f\u00e7i s\u0131n\u0131f\u0131 h\u00fck\u00fcmeti, \u00fcretenlerin m\u00fclk edinen s\u0131n\u0131fa kar\u015f\u0131 m\u00fccadelesinin sonucu, eme\u011fin iktisadi kurtulu\u015funun ger\u00e7ekle\u015fmesini sa\u011flayabilecek olan en sonunda ke\u015ffedilmi\u015f<span class=\"excerpt-hellip\"> [\u2026]<\/span><\/p>\n","protected":false},"featured_media":0,"template":"","meta":{"_monsterinsights_skip_tracking":false,"_monsterinsights_sitenote_active":false,"_monsterinsights_sitenote_note":"","_monsterinsights_sitenote_category":0},"product_brand":[],"product_cat":[12338,12337],"product_tag":[],"class_list":{"0":"post-707982","1":"product","2":"type-product","3":"status-publish","5":"product_cat-dunya-siyaseti-ve-politikasi","6":"product_cat-politika-siyaset","7":"pa_cilt-ciltsiz","8":"pa_tur-kitap","9":"pa_yayinevi-yordam-kitap","10":"pa_yazar-karl-marx","12":"first","13":"instock","14":"sale","15":"shipping-taxable","16":"purchasable","17":"product-type-simple"},"_links":{"self":[{"href":"https:\/\/roveyayinevi.com.tr\/index.php\/wp-json\/wp\/v2\/product\/707982","targetHints":{"allow":["GET"]}}],"collection":[{"href":"https:\/\/roveyayinevi.com.tr\/index.php\/wp-json\/wp\/v2\/product"}],"about":[{"href":"https:\/\/roveyayinevi.com.tr\/index.php\/wp-json\/wp\/v2\/types\/product"}],"wp:attachment":[{"href":"https:\/\/roveyayinevi.com.tr\/index.php\/wp-json\/wp\/v2\/media?parent=707982"}],"wp:term":[{"taxonomy":"product_brand","embeddable":true,"href":"https:\/\/roveyayinevi.com.tr\/index.php\/wp-json\/wp\/v2\/product_brand?post=707982"},{"taxonomy":"product_cat","embeddable":true,"href":"https:\/\/roveyayinevi.com.tr\/index.php\/wp-json\/wp\/v2\/product_cat?post=707982"},{"taxonomy":"product_tag","embeddable":true,"href":"https:\/\/roveyayinevi.com.tr\/index.php\/wp-json\/wp\/v2\/product_tag?post=707982"}],"curies":[{"name":"wp","href":"https:\/\/api.w.org\/{rel}","templated":true}]}}