{"id":707979,"date":"2025-08-27T16:10:43","date_gmt":"2025-08-27T13:10:43","guid":{"rendered":"https:\/\/roveyayinevi.com.tr\/index.php\/urun\/suc-ve-ceza-7\/"},"modified":"2026-04-16T02:16:44","modified_gmt":"2026-04-15T23:16:44","slug":"suc-ve-ceza-7","status":"publish","type":"product","link":"https:\/\/roveyayinevi.com.tr\/index.php\/urun\/suc-ve-ceza-7\/","title":{"rendered":"Su\u00e7 ve Ceza"},"content":{"rendered":"<p>\u201cHemen \u015fimdi bir \u015feyler yapmak gerek,\u201d diye s\u00f6ylenir Raskolnikov. \u201cNe olursa olsun bir \u015feyleryapmak i\u00e7in karar vermek ya da b\u00fcsb\u00fct\u00fcn ya\u015famaktan vazge\u00e7mek&#8230;\u201dYoksul ve onurlu Raskolnikov\u2019un tavan aras\u0131ndaki \u00f6\u011frenci odas\u0131nda ya\u015fad\u0131\u011f\u0131 ikilem ve sonras\u0131ndatasarlad\u0131\u011f\u0131 cinayet Rusya\u2019da bir f\u0131rt\u0131nan\u0131n kopmas\u0131na neden olmu\u015ftu.Su\u00e7 ve Ceza farkl\u0131 dillere \u00e7evrildi\u011finde, yazar\u0131 Dostoyevski\u2019yi d\u00fcnya edebiyat\u0131n\u0131n zirvesine ta\u015f\u0131d\u0131.Y\u00fcz elli y\u0131ll\u0131k bu ba\u015fyap\u0131t h\u00e2l\u00e2 en \u00e7ok sevilen ve en \u00e7ok okunan romanlar aras\u0131nda. \u00c7\u00fcnk\u00fc zaman,Su\u00e7 ve Ceza\u2019n\u0131n ele ald\u0131\u011f\u0131 meseleleri eskitemedi.\u0130yi ile k\u00f6t\u00fc aras\u0131ndaki sava\u015f bug\u00fcn de s\u00fcr\u00fcyor ve bir zamanlar Raskolnikov\u2019un yapt\u0131\u011f\u0131 gibi, modernd\u00fcnyada insan olman\u0131n anlam\u0131 ve eylemlerimizin ahlaki sonu\u00e7lar\u0131 \u00fczerinde d\u00fc\u015f\u00fcnmeyis\u00fcrd\u00fcr\u00fcyoruz. S\u00f6z\u00fcm ona y\u00fcce bir ama\u00e7 u\u011fruna her t\u00fcrl\u00fc fenal\u0131\u011f\u0131, en ufak bir pi\u015fmanl\u0131k duymadanyapmaya haz\u0131r olanlar\u0131 g\u00f6rd\u00fck\u00e7e sahici bir y\u00fczle\u015fmenin de\u011ferini bir kez daha kavr\u0131yoruz.Yordam Edebiyat, Su\u00e7 ve Ceza\u2019y\u0131 usta \u00e7evirmen Hasan \u00c2li Ediz\u2019in Rus\u00e7a asl\u0131ndan yapt\u0131\u011f\u0131 \u00e7eviriylesunuyor. <\/p>\n","protected":false},"excerpt":{"rendered":"<p>\u201cHemen \u015fimdi bir \u015feyler yapmak gerek,\u201d diye s\u00f6ylenir Raskolnikov. \u201cNe olursa olsun bir \u015feyleryapmak i\u00e7in karar vermek ya da b\u00fcsb\u00fct\u00fcn ya\u015famaktan vazge\u00e7mek&#8230;\u201dYoksul ve onurlu Raskolnikov\u2019un tavan<span class=\"excerpt-hellip\"> [\u2026]<\/span><\/p>\n","protected":false},"featured_media":0,"template":"","meta":{"_monsterinsights_skip_tracking":false,"_monsterinsights_sitenote_active":false,"_monsterinsights_sitenote_note":"","_monsterinsights_sitenote_category":0},"product_brand":[],"product_cat":[12291,13570],"product_tag":[],"class_list":{"0":"post-707979","1":"product","2":"type-product","3":"status-publish","5":"product_cat-edebiyat","6":"product_cat-rus-edebiyati","7":"pa_cilt-ciltsiz","8":"pa_tur-kitap","9":"pa_yayinevi-yordam-kitap","10":"pa_yazar-fyodor-mihaylovic-dostoyevski","12":"first","13":"instock","14":"sale","15":"shipping-taxable","16":"purchasable","17":"product-type-simple"},"_links":{"self":[{"href":"https:\/\/roveyayinevi.com.tr\/index.php\/wp-json\/wp\/v2\/product\/707979","targetHints":{"allow":["GET"]}}],"collection":[{"href":"https:\/\/roveyayinevi.com.tr\/index.php\/wp-json\/wp\/v2\/product"}],"about":[{"href":"https:\/\/roveyayinevi.com.tr\/index.php\/wp-json\/wp\/v2\/types\/product"}],"wp:attachment":[{"href":"https:\/\/roveyayinevi.com.tr\/index.php\/wp-json\/wp\/v2\/media?parent=707979"}],"wp:term":[{"taxonomy":"product_brand","embeddable":true,"href":"https:\/\/roveyayinevi.com.tr\/index.php\/wp-json\/wp\/v2\/product_brand?post=707979"},{"taxonomy":"product_cat","embeddable":true,"href":"https:\/\/roveyayinevi.com.tr\/index.php\/wp-json\/wp\/v2\/product_cat?post=707979"},{"taxonomy":"product_tag","embeddable":true,"href":"https:\/\/roveyayinevi.com.tr\/index.php\/wp-json\/wp\/v2\/product_tag?post=707979"}],"curies":[{"name":"wp","href":"https:\/\/api.w.org\/{rel}","templated":true}]}}