{"id":707976,"date":"2025-08-27T16:10:41","date_gmt":"2025-08-27T13:10:41","guid":{"rendered":"https:\/\/roveyayinevi.com.tr\/index.php\/urun\/turkiye-ve-sosyalizm-sorunlari\/"},"modified":"2026-04-16T02:16:44","modified_gmt":"2026-04-15T23:16:44","slug":"turkiye-ve-sosyalizm-sorunlari","status":"publish","type":"product","link":"https:\/\/roveyayinevi.com.tr\/index.php\/urun\/turkiye-ve-sosyalizm-sorunlari\/","title":{"rendered":"T\u00fcrkiye ve Sosyalizm Sorunlar\u0131"},"content":{"rendered":"<p>T\u00fcrkiye\u2019de Sosyalist D\u00fc\u015f\u00fcncenin Klasikleri dizisinin ilk kitab\u0131 olan T\u00fcrkiye ve Sosyalizm Sorunlar\u0131, T\u00fcrkiye\u2019nin yeti\u015ftirdi\u011fi en \u00f6nemli Marksist d\u00fc\u015f\u00fcn\u00fcrlerden Behice Boran\u2019\u0131n temel yap\u0131t\u0131d\u0131r.1968 y\u0131l\u0131n\u0131n May\u0131s ay\u0131nda g\u00fcn y\u00fcz\u00fcne \u00e7\u0131kan bu \u00e7al\u0131\u015fmada ortaya konan \u00e7\u00f6z\u00fcmlemelerin kapsam\u0131, derinli\u011fi ve olgunlu\u011fu, yo\u011fun bir siyasal eylem ate\u015fi \u00e7emberinde y\u00fcr\u00fct\u00fclen bir \u00e7aban\u0131n \u00fcr\u00fcn\u00fcd\u00fcr. O g\u00fcnlerin en yak\u0131c\u0131 sorunu, sol m\u00fccadelede izlenmesi gereken stratejinin belirlenmesiydi. Marksist bir d\u00fc\u015f\u00fcn\u00fcr ve eylemci olarak Behice Boran i\u00e7in bir stratejinin ba\u015far\u0131l\u0131 olabilmesinin en temel ko\u015fulu, i\u015f\u00e7i s\u0131n\u0131f\u0131n\u0131n (elbette daima turlu ittifaklar i\u00e7eren) \u00f6nc\u00fcl\u00fc\u011f\u00fcne dayanmas\u0131yd\u0131 ve i\u015f\u00e7i s\u0131n\u0131f\u0131n\u0131n onculu\u011funu, her a\u015famada anti-kapitalist m\u00fccadeleyi de i\u015fe katmadan ger\u00e7ekle\u015ftirmek olanaks\u0131zd\u0131. Elinizdeki kitap, b\u00f6yle bir stratejiyi gerek\u00e7elendirmeye adanm\u0131\u015f, bunun i\u00e7in, 1968\u2019in d\u00fcnya ko\u015fullar\u0131n\u0131 ve T\u00fcrkiye\u2019nin durumunu, hep ana geli\u015fim \u00e7izgilerini g\u00f6zeterek g\u00f6zler \u00f6n\u00fcne seren, buna ek olarak da, stratejinin ger\u00e7ekle\u015fmesi i\u00e7in parti t\u00fcz\u00fck ve program\u0131n\u0131n nas\u0131l ya\u015fama ge\u00e7irilmesi gerekti\u011fini ara\u015ft\u0131ran ayr\u0131nt\u0131l\u0131 bir bilimsel incelemedir. E\u015fsiz bir kafan\u0131n, b\u00fcy\u00fck bir Marksist toplumbilimcinin, hem egemen g\u00fc\u00e7lere hem de rakip \u201csol\u201d ak\u0131mlara kar\u015f\u0131 y\u00fcr\u00fct\u00fclen \u00e7etin bir kavga ortam\u0131nda \u00fcretti\u011fi bu ba\u015fyap\u0131t, o g\u00fcnler i\u00e7in ge\u00e7erli Marksist stratejinin doruktaki belgesidir. Bug\u00fcn h\u00e2l\u00e2 \u0131\u015f\u0131klar sa\u00e7mas\u0131n\u0131n s\u0131rr\u0131 burada. <\/p>\n","protected":false},"excerpt":{"rendered":"<p>T\u00fcrkiye\u2019de Sosyalist D\u00fc\u015f\u00fcncenin Klasikleri dizisinin ilk kitab\u0131 olan T\u00fcrkiye ve Sosyalizm Sorunlar\u0131, T\u00fcrkiye\u2019nin yeti\u015ftirdi\u011fi en \u00f6nemli Marksist d\u00fc\u015f\u00fcn\u00fcrlerden Behice Boran\u2019\u0131n temel yap\u0131t\u0131d\u0131r.1968 y\u0131l\u0131n\u0131n May\u0131s ay\u0131nda g\u00fcn<span class=\"excerpt-hellip\"> [\u2026]<\/span><\/p>\n","protected":false},"featured_media":0,"template":"","meta":{"_monsterinsights_skip_tracking":false,"_monsterinsights_sitenote_active":false,"_monsterinsights_sitenote_note":"","_monsterinsights_sitenote_category":0},"product_brand":[],"product_cat":[12312,12304],"product_tag":[],"class_list":{"0":"post-707976","1":"product","2":"type-product","3":"status-publish","5":"product_cat-diger","6":"product_cat-tarih","7":"pa_cilt-ciltsiz","8":"pa_tur-kitap","9":"pa_yayinevi-yordam-kitap","10":"pa_yazar-behice-boran","12":"first","13":"instock","14":"sale","15":"shipping-taxable","16":"purchasable","17":"product-type-simple"},"_links":{"self":[{"href":"https:\/\/roveyayinevi.com.tr\/index.php\/wp-json\/wp\/v2\/product\/707976","targetHints":{"allow":["GET"]}}],"collection":[{"href":"https:\/\/roveyayinevi.com.tr\/index.php\/wp-json\/wp\/v2\/product"}],"about":[{"href":"https:\/\/roveyayinevi.com.tr\/index.php\/wp-json\/wp\/v2\/types\/product"}],"wp:attachment":[{"href":"https:\/\/roveyayinevi.com.tr\/index.php\/wp-json\/wp\/v2\/media?parent=707976"}],"wp:term":[{"taxonomy":"product_brand","embeddable":true,"href":"https:\/\/roveyayinevi.com.tr\/index.php\/wp-json\/wp\/v2\/product_brand?post=707976"},{"taxonomy":"product_cat","embeddable":true,"href":"https:\/\/roveyayinevi.com.tr\/index.php\/wp-json\/wp\/v2\/product_cat?post=707976"},{"taxonomy":"product_tag","embeddable":true,"href":"https:\/\/roveyayinevi.com.tr\/index.php\/wp-json\/wp\/v2\/product_tag?post=707976"}],"curies":[{"name":"wp","href":"https:\/\/api.w.org\/{rel}","templated":true}]}}