{"id":707964,"date":"2025-08-27T16:10:35","date_gmt":"2025-08-27T13:10:35","guid":{"rendered":"https:\/\/roveyayinevi.com.tr\/index.php\/urun\/buyuk-frederik-anti-makyavel\/"},"modified":"2026-04-16T02:16:43","modified_gmt":"2026-04-15T23:16:43","slug":"buyuk-frederik-anti-makyavel","status":"publish","type":"product","link":"https:\/\/roveyayinevi.com.tr\/index.php\/urun\/buyuk-frederik-anti-makyavel\/","title":{"rendered":"B\u00fcy\u00fck Frederik Anti-Makyavel"},"content":{"rendered":"<p>Anti-Makyavel, 1740-1786 y\u0131llar\u0131 aras\u0131nda Prusya kral\u0131 olan ve tarihe \u201cFilozof h\u00fck\u00fcmdar\u201d olarak ge\u00e7en B\u00fcy\u00fck Frederik taraf\u0131ndan prenslik y\u0131llar\u0131nda 1739\u2019da yaz\u0131ld\u0131. Bu eserin haz\u0131rlanmas\u0131nda devrin me\u015fhur filozoflar\u0131ndan Voltaire\u2019nin b\u00fcy\u00fck etkisi ve katk\u0131s\u0131 olmu\u015ftu. Hatta Voltaire, eserin bizzat edit\u00f6rl\u00fc\u011f\u00fcn\u00fc yaparak, yay\u0131nlanm\u0131\u015ft\u0131. B\u00fcy\u00fck Frederik, bu eserde Avrupa siyaset felsefesinin en \u00f6nemli isimlerinden Makyavel\u2019in Prens adl\u0131 kitab\u0131n\u0131 ele\u015ftirmektir. Voltaire, Anti-Makyavel\u2019in \u201cMakyavel\u2019in eserinden bile daha iyi yaz\u0131ld\u0131\u011f\u0131n\u0131 iddia\u201d eder ve bu eser sayesinde  \u201cahlaks\u0131zl\u0131ktan ziyade ahlak\u0131n \u00f6ne \u00e7\u0131kart\u0131lm\u0131\u015f olmas\u0131n\u0131n\u201d insanl\u0131k i\u00e7in bir \u015fans oldu\u011funu s\u00f6yler.<\/p>\n","protected":false},"excerpt":{"rendered":"<p>Anti-Makyavel, 1740-1786 y\u0131llar\u0131 aras\u0131nda Prusya kral\u0131 olan ve tarihe \u201cFilozof h\u00fck\u00fcmdar\u201d olarak ge\u00e7en B\u00fcy\u00fck Frederik taraf\u0131ndan prenslik y\u0131llar\u0131nda 1739\u2019da yaz\u0131ld\u0131. Bu eserin haz\u0131rlanmas\u0131nda devrin me\u015fhur filozoflar\u0131ndan<span class=\"excerpt-hellip\"> [\u2026]<\/span><\/p>\n","protected":false},"featured_media":0,"template":"","meta":{"_monsterinsights_skip_tracking":false,"_monsterinsights_sitenote_active":false,"_monsterinsights_sitenote_note":"","_monsterinsights_sitenote_category":0},"product_brand":[],"product_cat":[12777,12291],"product_tag":[],"class_list":{"0":"post-707964","1":"product","2":"type-product","3":"status-publish","5":"product_cat-deneme","6":"product_cat-edebiyat","7":"pa_cilt-ciltsiz","8":"pa_tur-kitap","9":"pa_yayinevi-yeditepe-yayinevi","10":"pa_yazar-voltaire","12":"first","13":"instock","14":"sale","15":"shipping-taxable","16":"purchasable","17":"product-type-simple"},"_links":{"self":[{"href":"https:\/\/roveyayinevi.com.tr\/index.php\/wp-json\/wp\/v2\/product\/707964","targetHints":{"allow":["GET"]}}],"collection":[{"href":"https:\/\/roveyayinevi.com.tr\/index.php\/wp-json\/wp\/v2\/product"}],"about":[{"href":"https:\/\/roveyayinevi.com.tr\/index.php\/wp-json\/wp\/v2\/types\/product"}],"wp:attachment":[{"href":"https:\/\/roveyayinevi.com.tr\/index.php\/wp-json\/wp\/v2\/media?parent=707964"}],"wp:term":[{"taxonomy":"product_brand","embeddable":true,"href":"https:\/\/roveyayinevi.com.tr\/index.php\/wp-json\/wp\/v2\/product_brand?post=707964"},{"taxonomy":"product_cat","embeddable":true,"href":"https:\/\/roveyayinevi.com.tr\/index.php\/wp-json\/wp\/v2\/product_cat?post=707964"},{"taxonomy":"product_tag","embeddable":true,"href":"https:\/\/roveyayinevi.com.tr\/index.php\/wp-json\/wp\/v2\/product_tag?post=707964"}],"curies":[{"name":"wp","href":"https:\/\/api.w.org\/{rel}","templated":true}]}}