{"id":707941,"date":"2025-08-27T16:10:25","date_gmt":"2025-08-27T13:10:25","guid":{"rendered":"https:\/\/roveyayinevi.com.tr\/index.php\/urun\/dersimiz-guzel-ahlak\/"},"modified":"2026-04-16T02:16:43","modified_gmt":"2026-04-15T23:16:43","slug":"dersimiz-guzel-ahlak","status":"publish","type":"product","link":"https:\/\/roveyayinevi.com.tr\/index.php\/urun\/dersimiz-guzel-ahlak\/","title":{"rendered":"Dersimiz G\u00fczel Ahlak"},"content":{"rendered":"<p>A\u015f\u0131r\u0131 derecede zeki ama bir o kadar da yaramaz \u0130dris Takac\u0131 ve kankas\u0131 Tacettin Taci, cimcime s\u0131n\u0131f ba\u015fkan\u0131 Safinur Tazenane, her yere alt\u0131n kalpli papatya resimleri \u00e7izen lepiska sa\u00e7l\u0131 Mahpeyker \u00c7\u0131t\u0131rak&#8230;\u0130smi soruldu\u011funda r\u00fczgarda bir karahindiba gibi titreyen zerafet timsali Ay\u015fe Melek, durmadan not alan arka s\u0131ralardaki Esrarengiz \u00d6\u011frenci ve \u00e7ok acayip s\u0131ra d\u0131\u015f\u0131 \u00d6\u011fretmen Halis Muhlis!<\/p>\n","protected":false},"excerpt":{"rendered":"<p>A\u015f\u0131r\u0131 derecede zeki ama bir o kadar da yaramaz \u0130dris Takac\u0131 ve kankas\u0131 Tacettin Taci, cimcime s\u0131n\u0131f ba\u015fkan\u0131 Safinur Tazenane, her yere alt\u0131n kalpli papatya resimleri<span class=\"excerpt-hellip\"> [\u2026]<\/span><\/p>\n","protected":false},"featured_media":0,"template":"","meta":{"_monsterinsights_skip_tracking":false,"_monsterinsights_sitenote_active":false,"_monsterinsights_sitenote_note":"","_monsterinsights_sitenote_category":0},"product_brand":[],"product_cat":[12274,18802],"product_tag":[],"class_list":{"0":"post-707941","1":"product","2":"type-product","3":"status-publish","5":"product_cat-cocuk-ve-genclik-kitaplari","6":"product_cat-din-egitimi","7":"pa_cilt-ciltsiz","8":"pa_tur-kitap","9":"pa_yayinevi-ugurbocegi-yayinlari","10":"pa_yazar-ozkan-oze","12":"first","13":"instock","14":"sale","15":"shipping-taxable","16":"purchasable","17":"product-type-simple"},"_links":{"self":[{"href":"https:\/\/roveyayinevi.com.tr\/index.php\/wp-json\/wp\/v2\/product\/707941","targetHints":{"allow":["GET"]}}],"collection":[{"href":"https:\/\/roveyayinevi.com.tr\/index.php\/wp-json\/wp\/v2\/product"}],"about":[{"href":"https:\/\/roveyayinevi.com.tr\/index.php\/wp-json\/wp\/v2\/types\/product"}],"wp:attachment":[{"href":"https:\/\/roveyayinevi.com.tr\/index.php\/wp-json\/wp\/v2\/media?parent=707941"}],"wp:term":[{"taxonomy":"product_brand","embeddable":true,"href":"https:\/\/roveyayinevi.com.tr\/index.php\/wp-json\/wp\/v2\/product_brand?post=707941"},{"taxonomy":"product_cat","embeddable":true,"href":"https:\/\/roveyayinevi.com.tr\/index.php\/wp-json\/wp\/v2\/product_cat?post=707941"},{"taxonomy":"product_tag","embeddable":true,"href":"https:\/\/roveyayinevi.com.tr\/index.php\/wp-json\/wp\/v2\/product_tag?post=707941"}],"curies":[{"name":"wp","href":"https:\/\/api.w.org\/{rel}","templated":true}]}}