{"id":707934,"date":"2025-08-27T16:10:22","date_gmt":"2025-08-27T13:10:22","guid":{"rendered":"https:\/\/roveyayinevi.com.tr\/index.php\/urun\/unutulmayan-insanlar\/"},"modified":"2026-04-16T02:16:43","modified_gmt":"2026-04-15T23:16:43","slug":"unutulmayan-insanlar","status":"publish","type":"product","link":"https:\/\/roveyayinevi.com.tr\/index.php\/urun\/unutulmayan-insanlar\/","title":{"rendered":"Unutulmayan \u0130nsanlar"},"content":{"rendered":"<p>Rabbimiz Hucurat Suresi&#8217;nde s\u00f6yle buyuruyor:&#8221;Ey insanlar!Biz sizi erkek ve di\u015fiden yaratt\u0131k.Hem de sizi kabilelere ve milletlere ay\u0131rd\u0131k ki tan\u0131\u015fas\u0131n\u0131z.&#8221;Peygamberimiz (S.A.V) de Veda hutbesinde kendisini dinleyen binlerce insana \u015f\u00f6yle seslendi:&#8221;Ey insanlar!Rabbiniz birdir.Baban\u0131nz birdir.Hepiniz Adem&#8217;in \u00e7ocuklar\u0131s\u0131n\u0131z.Adem ise topraktand\u0131r.Bu kitab\u0131 haz\u0131rlarken hareket noktam\u0131z Rabbimizin ve peygamberimizin b\u00fct\u00fcn insanl\u0131\u011f\u0131 ku\u015fat\u0131c\u0131 bu mesajlar\u0131 oldu.&#8221;Unutulmayan \u0130nsanlar&#8221;\u0131 okurken \u00fc\u00e7 b\u00fcy\u00fck ger\u00e7e\u011fin fark\u0131na varacaks\u0131n\u0131z.Birinci ger\u00e7ek:Bakara Suresi&#8217;nde ge\u00e7en&#8221;Bazen \u015fer zannetti\u011finiz \u015fey hay\u0131rl\u0131,hay\u0131rl\u0131 zannetti\u011finiz \u015fey de \u015ferle sonu\u00e7lan\u0131r,ger\u00e7e\u011fi siz bilemezsiniz,Rabbiniz bilir&#8221;mesaj\u0131nda gizlidir.Unutulmayanlarda bu ger\u00e7e\u011fi anlatan onlarca \u00f6rnek bulacaks\u0131n\u0131z.\u0130kinci ger\u00e7el:&#8221;Ba\u015far\u0131ya giden yol zorluklarla,engellerle,imkans\u0131zl\u0131klarla,ac\u0131larla doludur.Bunlar\u0131 kabullenip yola \u00e7\u0131kanlar,sab\u0131r ve sebatla y\u0131lmadan devam edenler ba\u015far\u0131ya ula\u015f\u0131rlar.Hi\u00e7 kimse ba\u015far\u0131 merdivenlerini elleri cebinde t\u0131rmanmam\u0131\u015ft\u0131r.&#8221;\u00dc\u00e7\u00fcnc\u00fc ger\u00e7ek:&#8221;Veren el,alan elden hay\u0131rl\u0131d\u0131r.\u0130yilik,iyilik yapana da iyi gelir.Merhamer duygusunu g\u00fc\u00e7lendirir,vredik\u00e7e veresi gelir insan\u0131n.&#8221;Bu,terc\u00fcme edilmi\u015f bir&#8221;ki\u015fisel geli\u015fim&#8221;kitab\u0131 de\u011fildir ama okuduktan sonra sizi geli\u015ftirdi\u011fini g\u00f6receksiniz.<\/p>\n","protected":false},"excerpt":{"rendered":"<p>Rabbimiz Hucurat Suresi&#8217;nde s\u00f6yle buyuruyor:&#8221;Ey insanlar!Biz sizi erkek ve di\u015fiden yaratt\u0131k.Hem de sizi kabilelere ve milletlere ay\u0131rd\u0131k ki tan\u0131\u015fas\u0131n\u0131z.&#8221;Peygamberimiz (S.A.V) de Veda hutbesinde kendisini dinleyen binlerce<span class=\"excerpt-hellip\"> [\u2026]<\/span><\/p>\n","protected":false},"featured_media":0,"template":"","meta":{"_monsterinsights_skip_tracking":false,"_monsterinsights_sitenote_active":false,"_monsterinsights_sitenote_note":"","_monsterinsights_sitenote_category":0},"product_brand":[],"product_cat":[12275,12274],"product_tag":[],"class_list":{"0":"post-707934","1":"product","2":"type-product","3":"status-publish","5":"product_cat-6-12-yas-kitaplari","6":"product_cat-cocuk-ve-genclik-kitaplari","7":"pa_cilt-ciltsiz","8":"pa_tur-kitap","9":"pa_yayinevi-zafer-yayinlari","10":"pa_yazar-cem-ali-yaman","12":"first","13":"instock","14":"sale","15":"shipping-taxable","16":"purchasable","17":"product-type-simple"},"_links":{"self":[{"href":"https:\/\/roveyayinevi.com.tr\/index.php\/wp-json\/wp\/v2\/product\/707934","targetHints":{"allow":["GET"]}}],"collection":[{"href":"https:\/\/roveyayinevi.com.tr\/index.php\/wp-json\/wp\/v2\/product"}],"about":[{"href":"https:\/\/roveyayinevi.com.tr\/index.php\/wp-json\/wp\/v2\/types\/product"}],"wp:attachment":[{"href":"https:\/\/roveyayinevi.com.tr\/index.php\/wp-json\/wp\/v2\/media?parent=707934"}],"wp:term":[{"taxonomy":"product_brand","embeddable":true,"href":"https:\/\/roveyayinevi.com.tr\/index.php\/wp-json\/wp\/v2\/product_brand?post=707934"},{"taxonomy":"product_cat","embeddable":true,"href":"https:\/\/roveyayinevi.com.tr\/index.php\/wp-json\/wp\/v2\/product_cat?post=707934"},{"taxonomy":"product_tag","embeddable":true,"href":"https:\/\/roveyayinevi.com.tr\/index.php\/wp-json\/wp\/v2\/product_tag?post=707934"}],"curies":[{"name":"wp","href":"https:\/\/api.w.org\/{rel}","templated":true}]}}