{"id":707925,"date":"2025-08-27T16:10:17","date_gmt":"2025-08-27T13:10:17","guid":{"rendered":"https:\/\/roveyayinevi.com.tr\/index.php\/urun\/kuyu\/"},"modified":"2026-04-16T02:16:43","modified_gmt":"2026-04-15T23:16:43","slug":"kuyu","status":"publish","type":"product","link":"https:\/\/roveyayinevi.com.tr\/index.php\/urun\/kuyu\/","title":{"rendered":"Kuyu"},"content":{"rendered":"<p>Catherine Chanter, bu ilk ve \u00f6d\u00fcll\u00fc kitab\u0131nda; Ruth ve Mark \u00e7iftinin, \u015fehrin krizlerinden kurtulup cennet hayallerini bir \u00e7iftlikte yani Kuyu\u2019da yakalama arzular\u0131n\u0131 anlat\u0131yor. Yeni bir ba\u015flang\u0131\u00e7 yapmak i\u00e7in ta\u015f\u0131nd\u0131klar\u0131 verimli arazi, \u00fclkede ya\u011fmur alan tek b\u00f6lge olunca, hem hayranl\u0131k hem de nefret nesnesi haline geliyorlar. Ve hayranl\u0131\u011f\u0131n da, nefretin de bedeli a\u011f\u0131r oluyor&#8230;Hen\u00fcz yay\u0131mlanmadan \u00f6d\u00fcl kazanan Kuyu\u2019da karanl\u0131k bir gelecek kurgusunu su\u00e7, a\u015fk, inan\u00e7, y\u0131k\u0131m ve yeniden do\u011fu\u015f temalar\u0131yla m\u00fcthi\u015f bir beceriyle harmanl\u0131yor. Kuyu\u2019nun s\u0131rr\u0131 ayd\u0131nlan\u0131rken, Chanter, okura her ad\u0131mda yo\u011funla\u015fan bir duygusal deneyim ya\u015fat\u0131yor.Ola\u011fan\u00fcst\u00fc. S\u00fcr\u00fckleyici bir gizemle incelikli psikolojik dram\u0131 vurucu bir anlat\u0131mla harmanlayan, b\u00fcy\u00fcleyici bir ilk roman.- Publishers WeeklyKesinlikle g\u00fc\u00e7l\u00fc bir metin, hem i\u00e7erdi\u011fi fikirler hem de bunlar\u0131 i\u015fleyi\u015fi bak\u0131m\u0131ndan.- GuardianKurakl\u0131kla kavrulan, isyan tehdidi alt\u0131nda bir \u00fclke; me\u015fum bir tarikat; \u00e7\u00f6z\u00fclememi\u015f bir cinayet ve giderek artan bask\u0131. Catherine Chanter distopik bir k\u00e2busun b\u00fct\u00fcn bile\u015fenlerini bir araya getirip m\u00fcthi\u015f s\u00fcr\u00fckleyici bir anlat\u0131ya imza atm\u0131\u015f.- Independent <\/p>\n","protected":false},"excerpt":{"rendered":"<p>Catherine Chanter, bu ilk ve \u00f6d\u00fcll\u00fc kitab\u0131nda; Ruth ve Mark \u00e7iftinin, \u015fehrin krizlerinden kurtulup cennet hayallerini bir \u00e7iftlikte yani Kuyu\u2019da yakalama arzular\u0131n\u0131 anlat\u0131yor. Yeni bir ba\u015flang\u0131\u00e7<span class=\"excerpt-hellip\"> [\u2026]<\/span><\/p>\n","protected":false},"featured_media":0,"template":"","meta":{"_monsterinsights_skip_tracking":false,"_monsterinsights_sitenote_active":false,"_monsterinsights_sitenote_note":"","_monsterinsights_sitenote_category":0},"product_brand":[],"product_cat":[12291,12711],"product_tag":[],"class_list":{"0":"post-707925","1":"product","2":"type-product","3":"status-publish","5":"product_cat-edebiyat","6":"product_cat-roman-oyku","7":"pa_cilt-ciltsiz","8":"pa_tur-kitap","9":"pa_yayinevi-yapi-kredi-yayinlari","10":"pa_yazar-catherine-chanter","12":"first","13":"instock","14":"sale","15":"shipping-taxable","16":"purchasable","17":"product-type-simple"},"_links":{"self":[{"href":"https:\/\/roveyayinevi.com.tr\/index.php\/wp-json\/wp\/v2\/product\/707925","targetHints":{"allow":["GET"]}}],"collection":[{"href":"https:\/\/roveyayinevi.com.tr\/index.php\/wp-json\/wp\/v2\/product"}],"about":[{"href":"https:\/\/roveyayinevi.com.tr\/index.php\/wp-json\/wp\/v2\/types\/product"}],"wp:attachment":[{"href":"https:\/\/roveyayinevi.com.tr\/index.php\/wp-json\/wp\/v2\/media?parent=707925"}],"wp:term":[{"taxonomy":"product_brand","embeddable":true,"href":"https:\/\/roveyayinevi.com.tr\/index.php\/wp-json\/wp\/v2\/product_brand?post=707925"},{"taxonomy":"product_cat","embeddable":true,"href":"https:\/\/roveyayinevi.com.tr\/index.php\/wp-json\/wp\/v2\/product_cat?post=707925"},{"taxonomy":"product_tag","embeddable":true,"href":"https:\/\/roveyayinevi.com.tr\/index.php\/wp-json\/wp\/v2\/product_tag?post=707925"}],"curies":[{"name":"wp","href":"https:\/\/api.w.org\/{rel}","templated":true}]}}