{"id":707921,"date":"2025-08-27T16:10:15","date_gmt":"2025-08-27T13:10:15","guid":{"rendered":"https:\/\/roveyayinevi.com.tr\/index.php\/urun\/uc-oyku\/"},"modified":"2026-04-16T02:16:42","modified_gmt":"2026-04-15T23:16:42","slug":"uc-oyku","status":"publish","type":"product","link":"https:\/\/roveyayinevi.com.tr\/index.php\/urun\/uc-oyku\/","title":{"rendered":"\u00dc\u00e7 \u00d6yk\u00fc"},"content":{"rendered":"<p>\u0130nsan\u0131n binbir y\u00fcz\u00fcn\u00fc tan\u0131mak\u2026\u0130\u015fte, Sabahattin Ali\u2026K\u00fcrk Mantolu Madonna, \u0130\u00e7imizdeki \u015eeytan, Kuyucakl\u0131 Yusuf gibi \u00f6l\u00fcms\u00fcz eserleriyle tan\u0131d\u0131\u011f\u0131m\u0131z Sabahattin Ali\u2019nin se\u00e7me \u00fc\u00e7 \u00f6yk\u00fcs\u00fc Yap\u0131 Kredi Yay\u0131nlar\u0131\u2019n\u0131n Do\u011fan Karde\u015f dizisinden yay\u0131mland\u0131.Bize insan\u0131n binbir y\u00fcz\u00fcn\u00fc anlatan, edebiyat\u0131m\u0131z\u0131n en \u00f6nemli yazarlar\u0131ndan ve \u201chep gen\u00e7 kalan\u201d Sabahattin Ali\u2019yle tan\u0131\u015fmak i\u00e7in \u00fc\u00e7 etkileyici \u00f6yk\u00fc: \u201cArabalar Be\u015f Kuru\u015fa\u201d, \u201cAyran\u201d ve \u201cS\u0131r\u00e7a K\u00f6\u015fk\u201d\u2026Sabahattin Ali\u2019nin bu ger\u00e7ek\u00e7i ve h\u00fcz\u00fcnl\u00fc \u00f6yk\u00fcleri Sedat Girgin\u2019in resimleriyle bulu\u015fuyor.Tad\u0131ml\u0131k\u201cKaranl\u0131ktan, y\u00fcz\u00fcn\u00fc kam\u00e7\u0131layan kar ve r\u00fczg\u00e2rdan, dizlerine s\u0131\u00e7rayan \u00e7amurdan ve duydu\u011fu seslerden korkuyordu. A\u00e7l\u0131\u011f\u0131, s\u0131ska karde\u015flerinin korkun\u00e7 g\u00f6zlerini, yorgunlu\u011funu unutmu\u015ftu. Bir an evvel k\u00f6ye varmak, ocakta k\u00fcllenen bir odun par\u00e7as\u0131yla ayd\u0131nlanan toprak dama girmek ve bir k\u00f6\u015fede saklanmak istiyordu. Ne yatmak, ne dinlenmek, sadece bir d\u00f6rt duvar aras\u0131nda bulunmak\u2026 Bu geni\u015f karanl\u0131ktan, bu seslerden ka\u00e7mak\u2026\u201d <\/p>\n","protected":false},"excerpt":{"rendered":"<p>\u0130nsan\u0131n binbir y\u00fcz\u00fcn\u00fc tan\u0131mak\u2026\u0130\u015fte, Sabahattin Ali\u2026K\u00fcrk Mantolu Madonna, \u0130\u00e7imizdeki \u015eeytan, Kuyucakl\u0131 Yusuf gibi \u00f6l\u00fcms\u00fcz eserleriyle tan\u0131d\u0131\u011f\u0131m\u0131z Sabahattin Ali\u2019nin se\u00e7me \u00fc\u00e7 \u00f6yk\u00fcs\u00fc Yap\u0131 Kredi Yay\u0131nlar\u0131\u2019n\u0131n Do\u011fan Karde\u015f<span class=\"excerpt-hellip\"> [\u2026]<\/span><\/p>\n","protected":false},"featured_media":0,"template":"","meta":{"_monsterinsights_skip_tracking":false,"_monsterinsights_sitenote_active":false,"_monsterinsights_sitenote_note":"","_monsterinsights_sitenote_category":0},"product_brand":[],"product_cat":[12275,12274],"product_tag":[],"class_list":{"0":"post-707921","1":"product","2":"type-product","3":"status-publish","5":"product_cat-6-12-yas-kitaplari","6":"product_cat-cocuk-ve-genclik-kitaplari","7":"pa_cilt-ciltsiz","8":"pa_tur-kitap","9":"pa_yayinevi-yapi-kredi-yayinlari","10":"pa_yazar-sabahattin-ali","12":"first","13":"instock","14":"sale","15":"shipping-taxable","16":"purchasable","17":"product-type-simple"},"_links":{"self":[{"href":"https:\/\/roveyayinevi.com.tr\/index.php\/wp-json\/wp\/v2\/product\/707921","targetHints":{"allow":["GET"]}}],"collection":[{"href":"https:\/\/roveyayinevi.com.tr\/index.php\/wp-json\/wp\/v2\/product"}],"about":[{"href":"https:\/\/roveyayinevi.com.tr\/index.php\/wp-json\/wp\/v2\/types\/product"}],"wp:attachment":[{"href":"https:\/\/roveyayinevi.com.tr\/index.php\/wp-json\/wp\/v2\/media?parent=707921"}],"wp:term":[{"taxonomy":"product_brand","embeddable":true,"href":"https:\/\/roveyayinevi.com.tr\/index.php\/wp-json\/wp\/v2\/product_brand?post=707921"},{"taxonomy":"product_cat","embeddable":true,"href":"https:\/\/roveyayinevi.com.tr\/index.php\/wp-json\/wp\/v2\/product_cat?post=707921"},{"taxonomy":"product_tag","embeddable":true,"href":"https:\/\/roveyayinevi.com.tr\/index.php\/wp-json\/wp\/v2\/product_tag?post=707921"}],"curies":[{"name":"wp","href":"https:\/\/api.w.org\/{rel}","templated":true}]}}