{"id":707897,"date":"2025-08-27T16:10:04","date_gmt":"2025-08-27T13:10:04","guid":{"rendered":"https:\/\/roveyayinevi.com.tr\/index.php\/urun\/suclu-kim-2\/"},"modified":"2026-04-16T02:16:42","modified_gmt":"2026-04-15T23:16:42","slug":"suclu-kim-2","status":"publish","type":"product","link":"https:\/\/roveyayinevi.com.tr\/index.php\/urun\/suclu-kim-2\/","title":{"rendered":"Su\u00e7lu Kim?"},"content":{"rendered":"<p>Klasik Rus edebiyat\u0131n\u0131n ba\u015fyap\u0131tlar\u0131 aras\u0131nda yer alan Su\u00e7lu Kim?, Rus edebiyat tarihinde, saf anlamda ilk \u201ctoplumsal\u201d roman olarak de\u011ferlendirilmektedir.\u00dcnl\u00fc ele\u015ftirmen Belinski, roman\u0131, \u00e7a\u011fda\u015f Rus ya\u015fam\u0131n\u0131 toplumsal ve psikolojik a\u00e7\u0131dan ele almas\u0131 bak\u0131m\u0131ndan \u00e7ok \u00f6nemli bulmu\u015ftur.\u0130ngiliz felsefeci Isaiah Berlin ise \u201cHerzen\u2019in roman\u0131 1840\u2019lar\u0131n d\u00fc\u015f\u00fcnsel mayalanmas\u0131nda ciddi bir rol oynad\u0131. Toplumsal ve ahlaki anlamda \u00f6nemli bir yap\u0131tt\u0131r ve Herzen\u2019in ki\u015fili\u011finin de m\u00fckemmel bir ifadesidir\u201d demi\u015ftir.Aleksandr Herzen\u2019in \u201cBenim yay\u0131nlanm\u0131\u015f ilk roman\u0131md\u0131r. 1841\u2019de Novgorod\u2019da s\u00fcrg\u00fcnken ba\u015flad\u0131m yazmaya ve epey ge\u00e7, Moskova\u2019da bitirdim,\u201d dedi\u011fi roman\u0131, 1845-46 y\u0131llar\u0131nda gazetede tefrika edildikten sonra 1847\u2019de kitap olarak yay\u0131nlanm\u0131\u015ft\u0131r. Rusya\u2019da toprak sahibi zenginlerin hantal ve baya\u011f\u0131 ya\u015fant\u0131lar\u0131n\u0131 hicvederek ele\u015ftirdi\u011fi i\u00e7in \u00c7arl\u0131k sans\u00fcr\u00fcne de u\u011frayan Su\u00e7lu Kim?, bir yanda g\u00fcn\u00fcn\u00fc g\u00fcn eden sorumsuz toprak beyleri, di\u011fer yanda mutlulu\u011fu arayan gen\u00e7 bir \u00e7ift \u00f6zelinde Rus toplumunun panoramas\u0131n\u0131 sunarken, \u201cgayrime\u015fru ili\u015fkileri\u201d sorgulayarak yolunda gitmeyen beraberliklerdeki as\u0131l su\u00e7luyu da aramaktad\u0131r\u2026 <\/p>\n","protected":false},"excerpt":{"rendered":"<p>Klasik Rus edebiyat\u0131n\u0131n ba\u015fyap\u0131tlar\u0131 aras\u0131nda yer alan Su\u00e7lu Kim?, Rus edebiyat tarihinde, saf anlamda ilk \u201ctoplumsal\u201d roman olarak de\u011ferlendirilmektedir.\u00dcnl\u00fc ele\u015ftirmen Belinski, roman\u0131, \u00e7a\u011fda\u015f Rus ya\u015fam\u0131n\u0131 toplumsal<span class=\"excerpt-hellip\"> [\u2026]<\/span><\/p>\n","protected":false},"featured_media":0,"template":"","meta":{"_monsterinsights_skip_tracking":false,"_monsterinsights_sitenote_active":false,"_monsterinsights_sitenote_note":"","_monsterinsights_sitenote_category":0},"product_brand":[],"product_cat":[12291,13570],"product_tag":[],"class_list":{"0":"post-707897","1":"product","2":"type-product","3":"status-publish","5":"product_cat-edebiyat","6":"product_cat-rus-edebiyati","7":"pa_cilt-ciltsiz","8":"pa_tur-kitap","9":"pa_yayinevi-yordam-kitap","10":"pa_yazar-aleksandr-herzen","12":"first","13":"instock","14":"sale","15":"shipping-taxable","16":"purchasable","17":"product-type-simple"},"_links":{"self":[{"href":"https:\/\/roveyayinevi.com.tr\/index.php\/wp-json\/wp\/v2\/product\/707897","targetHints":{"allow":["GET"]}}],"collection":[{"href":"https:\/\/roveyayinevi.com.tr\/index.php\/wp-json\/wp\/v2\/product"}],"about":[{"href":"https:\/\/roveyayinevi.com.tr\/index.php\/wp-json\/wp\/v2\/types\/product"}],"wp:attachment":[{"href":"https:\/\/roveyayinevi.com.tr\/index.php\/wp-json\/wp\/v2\/media?parent=707897"}],"wp:term":[{"taxonomy":"product_brand","embeddable":true,"href":"https:\/\/roveyayinevi.com.tr\/index.php\/wp-json\/wp\/v2\/product_brand?post=707897"},{"taxonomy":"product_cat","embeddable":true,"href":"https:\/\/roveyayinevi.com.tr\/index.php\/wp-json\/wp\/v2\/product_cat?post=707897"},{"taxonomy":"product_tag","embeddable":true,"href":"https:\/\/roveyayinevi.com.tr\/index.php\/wp-json\/wp\/v2\/product_tag?post=707897"}],"curies":[{"name":"wp","href":"https:\/\/api.w.org\/{rel}","templated":true}]}}