{"id":707893,"date":"2025-08-27T16:10:02","date_gmt":"2025-08-27T13:10:02","guid":{"rendered":"https:\/\/roveyayinevi.com.tr\/index.php\/urun\/pera\/"},"modified":"2026-02-03T02:26:50","modified_gmt":"2026-02-02T23:26:50","slug":"pera","status":"publish","type":"product","link":"https:\/\/roveyayinevi.com.tr\/index.php\/urun\/pera\/","title":{"rendered":"Pera"},"content":{"rendered":"<p>Nerede bir sokak g\u00f6rse bakmadan edemeyen \u0130lhan Berk, bir ta\u015fbask\u0131s\u0131, bir \u00e7\u0131kma, bir labirent, bir harita olan Pera&#8217;y\u0131 okuyor; Bizans&#8217;\u0131n uykusuz tarihinde bir &#8220;Kar\u015f\u0131yaka&#8221; olan Pera&#8217;y\u0131: Caddeler, Park Otel&#8217;i, gizemli parajlar\u0131yla, bir gayya kuyusu olan Tarlaba\u015f\u0131&#8217;s\u0131yla, Asmal\u0131mescit&#8217;i, Tepeba\u015f\u0131&#8217;s\u0131 ve insanlar\u0131yla; sokaklar\u0131 ve evleriyle Pera&#8217;y\u0131 okuyor. Ve Galata ile birlikte bir &#8216;an\u0131t&#8217; kitab\u0131 daha okuyucusuna emanet ediyor.<\/p>\n","protected":false},"excerpt":{"rendered":"<p>Nerede bir sokak g\u00f6rse bakmadan edemeyen \u0130lhan Berk, bir ta\u015fbask\u0131s\u0131, bir \u00e7\u0131kma, bir labirent, bir harita olan Pera&#8217;y\u0131 okuyor; Bizans&#8217;\u0131n uykusuz tarihinde bir &#8220;Kar\u015f\u0131yaka&#8221; olan Pera&#8217;y\u0131:<span class=\"excerpt-hellip\"> [\u2026]<\/span><\/p>\n","protected":false},"featured_media":0,"template":"","meta":{"_monsterinsights_skip_tracking":false,"_monsterinsights_sitenote_active":false,"_monsterinsights_sitenote_note":"","_monsterinsights_sitenote_category":0},"product_brand":[],"product_cat":[13054,20153],"product_tag":[],"class_list":{"0":"post-707893","1":"product","2":"type-product","3":"status-publish","5":"product_cat-gezi-ve-rehber-kitaplari","6":"product_cat-istanbul-rehberi","7":"pa_cilt-ciltsiz","8":"pa_tur-kitap","9":"pa_yayinevi-yapi-kredi-yayinlari","10":"pa_yazar-ilhan-berk","12":"first","13":"instock","14":"sale","15":"shipping-taxable","16":"purchasable","17":"product-type-simple"},"_links":{"self":[{"href":"https:\/\/roveyayinevi.com.tr\/index.php\/wp-json\/wp\/v2\/product\/707893","targetHints":{"allow":["GET"]}}],"collection":[{"href":"https:\/\/roveyayinevi.com.tr\/index.php\/wp-json\/wp\/v2\/product"}],"about":[{"href":"https:\/\/roveyayinevi.com.tr\/index.php\/wp-json\/wp\/v2\/types\/product"}],"wp:attachment":[{"href":"https:\/\/roveyayinevi.com.tr\/index.php\/wp-json\/wp\/v2\/media?parent=707893"}],"wp:term":[{"taxonomy":"product_brand","embeddable":true,"href":"https:\/\/roveyayinevi.com.tr\/index.php\/wp-json\/wp\/v2\/product_brand?post=707893"},{"taxonomy":"product_cat","embeddable":true,"href":"https:\/\/roveyayinevi.com.tr\/index.php\/wp-json\/wp\/v2\/product_cat?post=707893"},{"taxonomy":"product_tag","embeddable":true,"href":"https:\/\/roveyayinevi.com.tr\/index.php\/wp-json\/wp\/v2\/product_tag?post=707893"}],"curies":[{"name":"wp","href":"https:\/\/api.w.org\/{rel}","templated":true}]}}