{"id":707890,"date":"2025-08-27T16:10:00","date_gmt":"2025-08-27T13:10:00","guid":{"rendered":"https:\/\/roveyayinevi.com.tr\/index.php\/urun\/su-acayip-gozler\/"},"modified":"2026-04-16T02:16:27","modified_gmt":"2026-04-15T23:16:27","slug":"su-acayip-gozler","status":"publish","type":"product","link":"https:\/\/roveyayinevi.com.tr\/index.php\/urun\/su-acayip-gozler\/","title":{"rendered":"\u015eu Acayip G\u00f6zler"},"content":{"rendered":"<p>Acayip \u015eeyler Dizisi&#8217;nin 17. kitab\u0131 \u015eu Acayip G\u00f6zler \u00e7\u0131kt\u0131!Acayip \u015eeyler okurlar\u0131n\u0131n \u00e7ok iyi bildi\u011fi gibi, ta \u015eu Acayip \u0130nsan V\u00fccudu kitab\u0131ndan beri onlara \u015eu Acayip Be\u015f Duyu kitab\u0131n\u0131 yazaca\u011f\u0131m\u0131 s\u00f6yleyip duruyorum.Araya ar\u0131lar girdi, kar\u0131ncalar girdi, en son da hat\u0131rlar\u0131 kal\u0131r, g\u00f6n\u00fcl koyarlar, hem \u015fu minik s\u00fcsl\u00fc bezekli kanatl\u0131 mucizeler pek acayiptir haklar\u0131 var diye kelebekler girdi.Nihayet \u015eu Acayip Be\u015f Duyu kitab\u0131na ba\u015flad\u0131\u011f\u0131mda ise k\u0131sa bir s\u00fcre sonra \u015funu farkettim: Be\u015f duyu asla bir kitaba s\u0131\u011fmayacak!\u00c7\u00fcnk\u00fc ilk b\u00f6l\u00fcm g\u00f6zlere dair yazd\u0131klar\u0131m, kitab\u0131n ilk elli sayfas\u0131 bitti\u011fi halde bitmedi.Ben de \u015eu Acayip Be\u015f Duyu diye ba\u015flad\u0131\u011f\u0131m kitab\u0131 mecburen \u015eu Acayip G\u00f6zler yapt\u0131m.San\u0131r\u0131m geriye kalan di\u011fer duyular i\u00e7in de birer kitap yazmam gerekecek. \u015eimdi siz bu kitab\u0131 okurken, eminim bana hak vereceksiniz&#8230;Ha bu arada s\u0131rada \u015eu Acayip S\u00fcr\u00fcngenler var!<\/p>\n","protected":false},"excerpt":{"rendered":"<p>Acayip \u015eeyler Dizisi&#8217;nin 17. kitab\u0131 \u015eu Acayip G\u00f6zler \u00e7\u0131kt\u0131!Acayip \u015eeyler okurlar\u0131n\u0131n \u00e7ok iyi bildi\u011fi gibi, ta \u015eu Acayip \u0130nsan V\u00fccudu kitab\u0131ndan beri onlara \u015eu Acayip Be\u015f<span class=\"excerpt-hellip\"> [\u2026]<\/span><\/p>\n","protected":false},"featured_media":0,"template":"","meta":{"_monsterinsights_skip_tracking":false,"_monsterinsights_sitenote_active":false,"_monsterinsights_sitenote_note":"","_monsterinsights_sitenote_category":0},"product_brand":[],"product_cat":[12275,12274],"product_tag":[],"class_list":{"0":"post-707890","1":"product","2":"type-product","3":"status-publish","5":"product_cat-6-12-yas-kitaplari","6":"product_cat-cocuk-ve-genclik-kitaplari","7":"pa_cilt-ciltsiz","8":"pa_tur-kitap","9":"pa_yayinevi-ugurbocegi-yayinlari","10":"pa_yazar-tarik-uslu","12":"first","13":"instock","14":"sale","15":"shipping-taxable","16":"purchasable","17":"product-type-simple"},"_links":{"self":[{"href":"https:\/\/roveyayinevi.com.tr\/index.php\/wp-json\/wp\/v2\/product\/707890","targetHints":{"allow":["GET"]}}],"collection":[{"href":"https:\/\/roveyayinevi.com.tr\/index.php\/wp-json\/wp\/v2\/product"}],"about":[{"href":"https:\/\/roveyayinevi.com.tr\/index.php\/wp-json\/wp\/v2\/types\/product"}],"wp:attachment":[{"href":"https:\/\/roveyayinevi.com.tr\/index.php\/wp-json\/wp\/v2\/media?parent=707890"}],"wp:term":[{"taxonomy":"product_brand","embeddable":true,"href":"https:\/\/roveyayinevi.com.tr\/index.php\/wp-json\/wp\/v2\/product_brand?post=707890"},{"taxonomy":"product_cat","embeddable":true,"href":"https:\/\/roveyayinevi.com.tr\/index.php\/wp-json\/wp\/v2\/product_cat?post=707890"},{"taxonomy":"product_tag","embeddable":true,"href":"https:\/\/roveyayinevi.com.tr\/index.php\/wp-json\/wp\/v2\/product_tag?post=707890"}],"curies":[{"name":"wp","href":"https:\/\/api.w.org\/{rel}","templated":true}]}}