{"id":707882,"date":"2025-08-27T16:09:57","date_gmt":"2025-08-27T13:09:57","guid":{"rendered":"https:\/\/roveyayinevi.com.tr\/index.php\/urun\/avrupanin-turk-sorunu\/"},"modified":"2026-04-16T02:16:27","modified_gmt":"2026-04-15T23:16:27","slug":"avrupanin-turk-sorunu","status":"publish","type":"product","link":"https:\/\/roveyayinevi.com.tr\/index.php\/urun\/avrupanin-turk-sorunu\/","title":{"rendered":"Avrupa\u2019n\u0131n T\u00fcrk Sorunu"},"content":{"rendered":"<p>\u201c\u2026..Fakat korkar\u0131m ki bu T\u00fcrk donanmas\u0131, Papal\u0131k kad\u0131rgalar\u0131 Romania\u2019dan [Bizans \u0130mparatorlu\u011fu topraklar\u0131] ayr\u0131l\u0131ncaya kadar limandan \u00e7\u0131kmayarak, bekleyecektir. Bundan dolay\u0131d\u0131r ki T\u00fcrklerin, daha \u00f6nce Romania\u2019n\u0131n do\u011fu topraklar\u0131n\u0131 ele ge\u00e7irdikleri gibi \u015fimdi de Romania\u2019n\u0131n bat\u0131s\u0131n\u0131 i\u015fgal etmelerinden ve hatta kuzeydeki Tatarlar ile birle\u015fmek suretiyle -ki arzular\u0131n\u0131n bu y\u00f6nde oldu\u011fu anla\u015f\u0131lmaktad\u0131r- b\u00fct\u00fcn H\u0131ristiyan d\u00fcnyas\u0131 i\u00e7in en b\u00fcy\u00fck tehlikeyi te\u015fkil etmelerinden endi\u015fe edilmektedir.\u201dMarino Sanudo Torsello \/ 22 Ekim 13341291 y\u0131l\u0131nda Ha\u00e7l\u0131lar\u0131n Do\u011fu Akdeniz&#8217;den kovulmalar\u0131n\u0131n ard\u0131ndan Avrupa&#8217;da, birbiri ard\u0131na Kutsal Topraklar\u0131n yeniden ele ge\u00e7irilmesini ama\u00e7layan Ha\u00e7l\u0131 Seferi projeleri geli\u015ftirilmeye ba\u015flan\u0131r. D\u00f6nemin en b\u00fcy\u00fck Ha\u00e7l\u0131 Seferi propagandac\u0131lar\u0131ndan olan Venedikli diplomat, misyoner ve t\u00fcccar Marino Sanudo Torsello da 24 Eyl\u00fcl 1321\u2019de Papa XXII. Ioannes&#8217;e Kutsal Topraklar\u0131n nas\u0131l ele ge\u00e7irilece\u011fini anlatt\u0131\u011f\u0131 bir eser sunar. Sanudo\u2019nun gerek Papa\u2019ya sundu\u011fu eserinde gerekse de d\u00f6nemin Fransa krallar\u0131na, papalar\u0131na, Bizans \u0130mparatoruna, Napoli Kral\u0131na, Avrupa\u2019n\u0131n \u00f6nde gelen di\u011fer d\u00fck, kont ve seny\u00f6rleri ile kardinal ve piskoposlara hitaben yazd\u0131\u011f\u0131 mektuplar\u0131nda itina ile i\u015fledi\u011fi T\u00fcrk kar\u015f\u0131t\u0131 propagandas\u0131n\u0131n oda\u011f\u0131nda, bu s\u0131rada Anadolu&#8217;yu ele ge\u00e7iren ve Bat\u0131 Anadolu k\u0131y\u0131lar\u0131nda donanmalar in\u015fa ederek, denizcili\u011fe ba\u015flayan T\u00fcrkler yer almaktad\u0131r. S\u00f6z konusu eser ve mektuplarda, Girit ve E\u011friboz adalar\u0131 ile Mora Prensli\u011fi gibi Venedik&#8217;in Ege&#8217;deki kolonilerini tehdit etmeye ba\u015flayan T\u00fcrklerden, onlar\u0131n Katalanlar ile ittifaklar\u0131ndan bahsedilmekte ve Kutsal Topraklar\u0131 ele ge\u00e7irmeden \u00f6nce Avrupa&#8217;n\u0131n krallar\u0131 ve b\u00f6lgenin yerel kuvvetlerinden olu\u015fan b\u00fcy\u00fck bir Ha\u00e7l\u0131 \u0130ttifak Donanmas\u0131 kurularak, T\u00fcrklerin ortadan kald\u0131r\u0131lmas\u0131 tavsiye edilmektedir.<\/p>\n","protected":false},"excerpt":{"rendered":"<p>\u201c\u2026..Fakat korkar\u0131m ki bu T\u00fcrk donanmas\u0131, Papal\u0131k kad\u0131rgalar\u0131 Romania\u2019dan [Bizans \u0130mparatorlu\u011fu topraklar\u0131] ayr\u0131l\u0131ncaya kadar limandan \u00e7\u0131kmayarak, bekleyecektir. Bundan dolay\u0131d\u0131r ki T\u00fcrklerin, daha \u00f6nce Romania\u2019n\u0131n do\u011fu topraklar\u0131n\u0131<span class=\"excerpt-hellip\"> [\u2026]<\/span><\/p>\n","protected":false},"featured_media":0,"template":"","meta":{"_monsterinsights_skip_tracking":false,"_monsterinsights_sitenote_active":false,"_monsterinsights_sitenote_note":"","_monsterinsights_sitenote_category":0},"product_brand":[],"product_cat":[12370,12304],"product_tag":[],"class_list":{"0":"post-707882","1":"product","2":"type-product","3":"status-publish","5":"product_cat-arastirma-inceleme","6":"product_cat-tarih","7":"pa_cilt-ciltsiz","8":"pa_tur-kitap","9":"pa_yayinevi-yeditepe-yayinevi","10":"pa_yazar-serdar-cavusdere","12":"first","13":"instock","14":"sale","15":"shipping-taxable","16":"purchasable","17":"product-type-simple"},"_links":{"self":[{"href":"https:\/\/roveyayinevi.com.tr\/index.php\/wp-json\/wp\/v2\/product\/707882","targetHints":{"allow":["GET"]}}],"collection":[{"href":"https:\/\/roveyayinevi.com.tr\/index.php\/wp-json\/wp\/v2\/product"}],"about":[{"href":"https:\/\/roveyayinevi.com.tr\/index.php\/wp-json\/wp\/v2\/types\/product"}],"wp:attachment":[{"href":"https:\/\/roveyayinevi.com.tr\/index.php\/wp-json\/wp\/v2\/media?parent=707882"}],"wp:term":[{"taxonomy":"product_brand","embeddable":true,"href":"https:\/\/roveyayinevi.com.tr\/index.php\/wp-json\/wp\/v2\/product_brand?post=707882"},{"taxonomy":"product_cat","embeddable":true,"href":"https:\/\/roveyayinevi.com.tr\/index.php\/wp-json\/wp\/v2\/product_cat?post=707882"},{"taxonomy":"product_tag","embeddable":true,"href":"https:\/\/roveyayinevi.com.tr\/index.php\/wp-json\/wp\/v2\/product_tag?post=707882"}],"curies":[{"name":"wp","href":"https:\/\/api.w.org\/{rel}","templated":true}]}}