{"id":707877,"date":"2025-08-27T16:09:54","date_gmt":"2025-08-27T13:09:54","guid":{"rendered":"https:\/\/roveyayinevi.com.tr\/index.php\/urun\/sosyoloji-terimleri-sozlugu\/"},"modified":"2026-01-29T02:30:02","modified_gmt":"2026-01-28T23:30:02","slug":"sosyoloji-terimleri-sozlugu","status":"publish","type":"product","link":"https:\/\/roveyayinevi.com.tr\/index.php\/urun\/sosyoloji-terimleri-sozlugu\/","title":{"rendered":"Sosyoloji Terimleri S\u00f6zl\u00fc\u011f\u00fc"},"content":{"rendered":"<p>Sosyal Bilimler alan\u0131nda temel bir ba\u015fvuru kayna\u011f\u0131. Sosyoloji Terimleri S\u00f6zl\u00fc\u011f\u00fc, sosyal bilimlerin alan\u0131na ili\u015fkin temel kavramlar\u0131 \u00f6z olarak a\u00e7\u0131klamak, bu kavramlar\u0131 T\u00fcrk\u00e7eye kazand\u0131rmak ve bu alanda \u00e7al\u0131\u015fan \u00f6\u011fretim elemanlar\u0131, \u00f6\u011fretmen, ve \u00f6\u011frencilere bir ba\u015fvuru kayna\u011f\u0131 olu\u015fturmak amac\u0131yla haz\u0131rlanm\u0131\u015ft\u0131r. S\u00f6zl\u00fckte, Sosyal Bilimler alan\u0131nda s\u0131k\u00e7a kullan\u0131lan temel kavramlar\u0131n yan\u0131nda T\u00fcrk\u00e7eye yeni kazand\u0131r\u0131lm\u0131\u015f kavramlar yer almaktad\u0131r. S\u00f6zl\u00fc\u011f\u00fcn haz\u0131rlanmas\u0131nda alana ili\u015fkin kaynaklar\u0131n titiz bir \u015fekilde taranmas\u0131 temel al\u0131nm\u0131\u015ft\u0131r. Ayr\u0131ca sosyal bilimler alan\u0131nda \u00e7al\u0131\u015fan \u00f6\u011fretim elemanlar\u0131 ve dil bilimcilerle etkile\u015fim i\u00e7inde olunmu\u015ftur. <\/p>\n","protected":false},"excerpt":{"rendered":"<p>Sosyal Bilimler alan\u0131nda temel bir ba\u015fvuru kayna\u011f\u0131. Sosyoloji Terimleri S\u00f6zl\u00fc\u011f\u00fc, sosyal bilimlerin alan\u0131na ili\u015fkin temel kavramlar\u0131 \u00f6z olarak a\u00e7\u0131klamak, bu kavramlar\u0131 T\u00fcrk\u00e7eye kazand\u0131rmak ve bu alanda<span class=\"excerpt-hellip\"> [\u2026]<\/span><\/p>\n","protected":false},"featured_media":0,"template":"","meta":{"_monsterinsights_skip_tracking":false,"_monsterinsights_sitenote_active":false,"_monsterinsights_sitenote_note":"","_monsterinsights_sitenote_category":0},"product_brand":[],"product_cat":[12835,12324],"product_tag":[],"class_list":{"0":"post-707877","1":"product","2":"type-product","3":"status-publish","5":"product_cat-genel-sosyoloji","6":"product_cat-sosyoloji","7":"pa_cilt-ciltsiz","8":"pa_tur-kitap","9":"pa_yayinevi-utopya-yayinevi","10":"pa_yazar-hasan-gunes","12":"first","13":"instock","14":"sale","15":"shipping-taxable","16":"purchasable","17":"product-type-simple"},"_links":{"self":[{"href":"https:\/\/roveyayinevi.com.tr\/index.php\/wp-json\/wp\/v2\/product\/707877","targetHints":{"allow":["GET"]}}],"collection":[{"href":"https:\/\/roveyayinevi.com.tr\/index.php\/wp-json\/wp\/v2\/product"}],"about":[{"href":"https:\/\/roveyayinevi.com.tr\/index.php\/wp-json\/wp\/v2\/types\/product"}],"wp:attachment":[{"href":"https:\/\/roveyayinevi.com.tr\/index.php\/wp-json\/wp\/v2\/media?parent=707877"}],"wp:term":[{"taxonomy":"product_brand","embeddable":true,"href":"https:\/\/roveyayinevi.com.tr\/index.php\/wp-json\/wp\/v2\/product_brand?post=707877"},{"taxonomy":"product_cat","embeddable":true,"href":"https:\/\/roveyayinevi.com.tr\/index.php\/wp-json\/wp\/v2\/product_cat?post=707877"},{"taxonomy":"product_tag","embeddable":true,"href":"https:\/\/roveyayinevi.com.tr\/index.php\/wp-json\/wp\/v2\/product_tag?post=707877"}],"curies":[{"name":"wp","href":"https:\/\/api.w.org\/{rel}","templated":true}]}}