{"id":707873,"date":"2025-08-27T16:09:52","date_gmt":"2025-08-27T13:09:52","guid":{"rendered":"https:\/\/roveyayinevi.com.tr\/index.php\/urun\/ben-ruhi-bey-nasilim\/"},"modified":"2026-04-16T02:16:26","modified_gmt":"2026-04-15T23:16:26","slug":"ben-ruhi-bey-nasilim","status":"publish","type":"product","link":"https:\/\/roveyayinevi.com.tr\/index.php\/urun\/ben-ruhi-bey-nasilim\/","title":{"rendered":"Ben Ruhi Bey Nas\u0131l\u0131m"},"content":{"rendered":"<p>Kimdir Ruhi Bey?Kendisini nas\u0131l bilir?Meyhanecisi, k\u00fcrk\u00e7\u00fcs\u00fc, \u00e7i\u00e7ek\u00e7isi onu nas\u0131l bilir?\u0130nce b\u0131y\u0131kl\u0131, g\u00fczel giyimli, \u00f6n\u00fcnde el pen\u00e7e divan durulan varl\u0131kl\u0131 m\u0131 varl\u0131kl\u0131 Ruhi Bey\u2019i ger\u00e7ekten kim bilir? Kim tan\u0131r?Edip Cansever\u2019in \u00f6nceki kitaplar\u0131yla d\u00fc\u015f\u00fcnsel olarak kat\u0131ld\u0131\u011f\u0131 siyasi sava\u015fta toplumca yenik d\u00fc\u015f\u00fcld\u00fckten sonra Ben Ruhi Bey Nas\u0131l\u0131m\u2019la giri\u015fti\u011fi bireysellik ve sahicilik m\u00fccadelesinde, hepimizin etraf\u0131n\u0131 saran, g\u00fcndelik konu\u015fmalardan bile akan sahtekarl\u0131\u011f\u0131, riyakarl\u0131\u011f\u0131, kibarl\u0131k oyunlar\u0131n\u0131, g\u00fcc\u00fcn\u00fcn yetti\u011fine kabal\u0131k hakk\u0131n\u0131 g\u00f6rmemek m\u00fcmk\u00fcn m\u00fcd\u00fcr&#8230;Yoksa de\u011fil midir? <\/p>\n","protected":false},"excerpt":{"rendered":"<p>Kimdir Ruhi Bey?Kendisini nas\u0131l bilir?Meyhanecisi, k\u00fcrk\u00e7\u00fcs\u00fc, \u00e7i\u00e7ek\u00e7isi onu nas\u0131l bilir?\u0130nce b\u0131y\u0131kl\u0131, g\u00fczel giyimli, \u00f6n\u00fcnde el pen\u00e7e divan durulan varl\u0131kl\u0131 m\u0131 varl\u0131kl\u0131 Ruhi Bey\u2019i ger\u00e7ekten kim bilir?<span class=\"excerpt-hellip\"> [\u2026]<\/span><\/p>\n","protected":false},"featured_media":0,"template":"","meta":{"_monsterinsights_skip_tracking":false,"_monsterinsights_sitenote_active":false,"_monsterinsights_sitenote_note":"","_monsterinsights_sitenote_category":0},"product_brand":[],"product_cat":[12291,12292],"product_tag":[],"class_list":{"0":"post-707873","1":"product","2":"type-product","3":"status-publish","5":"product_cat-edebiyat","6":"product_cat-turk-edebiyati","7":"pa_cilt-ciltsiz","8":"pa_tur-kitap","9":"pa_yayinevi-yapi-kredi-yayinlari","10":"pa_yazar-edip-cansever","12":"first","13":"instock","14":"sale","15":"shipping-taxable","16":"purchasable","17":"product-type-simple"},"_links":{"self":[{"href":"https:\/\/roveyayinevi.com.tr\/index.php\/wp-json\/wp\/v2\/product\/707873","targetHints":{"allow":["GET"]}}],"collection":[{"href":"https:\/\/roveyayinevi.com.tr\/index.php\/wp-json\/wp\/v2\/product"}],"about":[{"href":"https:\/\/roveyayinevi.com.tr\/index.php\/wp-json\/wp\/v2\/types\/product"}],"wp:attachment":[{"href":"https:\/\/roveyayinevi.com.tr\/index.php\/wp-json\/wp\/v2\/media?parent=707873"}],"wp:term":[{"taxonomy":"product_brand","embeddable":true,"href":"https:\/\/roveyayinevi.com.tr\/index.php\/wp-json\/wp\/v2\/product_brand?post=707873"},{"taxonomy":"product_cat","embeddable":true,"href":"https:\/\/roveyayinevi.com.tr\/index.php\/wp-json\/wp\/v2\/product_cat?post=707873"},{"taxonomy":"product_tag","embeddable":true,"href":"https:\/\/roveyayinevi.com.tr\/index.php\/wp-json\/wp\/v2\/product_tag?post=707873"}],"curies":[{"name":"wp","href":"https:\/\/api.w.org\/{rel}","templated":true}]}}