{"id":707872,"date":"2025-08-27T16:09:52","date_gmt":"2025-08-27T13:09:52","guid":{"rendered":"https:\/\/roveyayinevi.com.tr\/index.php\/urun\/danismendli-turkmenler\/"},"modified":"2026-04-16T02:16:26","modified_gmt":"2026-04-15T23:16:26","slug":"danismendli-turkmenler","status":"publish","type":"product","link":"https:\/\/roveyayinevi.com.tr\/index.php\/urun\/danismendli-turkmenler\/","title":{"rendered":"Dani\u015fmendli T\u00fcrkmenler"},"content":{"rendered":"<p>Osmanl\u0131 co\u011frafyas\u0131nda konar-g\u00f6\u00e7erlik, yerle\u015fik hayata kar\u015f\u0131 bir tepki de\u011fil, iktisadi bir tercih idi. Devlet her zaman konar-g\u00f6\u00e7erleri yerle\u015fik hayata ge\u00e7irmek i\u00e7in zorlamad\u0131. Aksine \u00e7o\u011fu zaman onlar\u0131n varl\u0131klar\u0131n\u0131n ve iktisadi faaliyetlerinin devam\u0131 i\u00e7in tedbirler ald\u0131. T\u00fcrkmenler ise kalabal\u0131k n\u00fcfuslar\u0131, b\u00fcy\u00fck koyun ve deve s\u00fcr\u00fcleri ile uzun yaylak ve k\u0131\u015flak g\u00fczergahlar\u0131 aras\u0131nda me\u015fakkatli bir hayat\u0131 devam ettirdiler. Ekinleri ve bostanlar\u0131 hayvanlar\u0131na yedirdikleri i\u00e7in k\u00f6yl\u00fclerle, fazla vergi talep edildi\u011fi i\u00e7in tahsildarlarla \u00e7at\u0131\u015ft\u0131lar. Bazen kendili\u011finden yerle\u015fik hayata ge\u00e7tiler bazen de yanl\u0131\u015f iskan politikalar\u0131 sonucu iktisadi g\u00fc\u00e7lerini b\u00fct\u00fcn\u00fcyle kaybettiler. Ancak, san\u0131ld\u0131\u011f\u0131n\u0131n aksine, devlete kar\u015f\u0131 \u00e7o\u011fu zaman uzla\u015fmac\u0131 ve itaatkar bir yol takip ettiler.<\/p>\n","protected":false},"excerpt":{"rendered":"<p>Osmanl\u0131 co\u011frafyas\u0131nda konar-g\u00f6\u00e7erlik, yerle\u015fik hayata kar\u015f\u0131 bir tepki de\u011fil, iktisadi bir tercih idi. Devlet her zaman konar-g\u00f6\u00e7erleri yerle\u015fik hayata ge\u00e7irmek i\u00e7in zorlamad\u0131. Aksine \u00e7o\u011fu zaman onlar\u0131n<span class=\"excerpt-hellip\"> [\u2026]<\/span><\/p>\n","protected":false},"featured_media":0,"template":"","meta":{"_monsterinsights_skip_tracking":false,"_monsterinsights_sitenote_active":false,"_monsterinsights_sitenote_note":"","_monsterinsights_sitenote_category":0},"product_brand":[],"product_cat":[12370,12304],"product_tag":[],"class_list":{"0":"post-707872","1":"product","2":"type-product","3":"status-publish","5":"product_cat-arastirma-inceleme","6":"product_cat-tarih","7":"pa_cilt-ciltsiz","8":"pa_tur-kitap","9":"pa_yayinevi-yeditepe-yayinevi","10":"pa_yazar-tufan-gunduz","12":"first","13":"instock","14":"sale","15":"shipping-taxable","16":"purchasable","17":"product-type-simple"},"_links":{"self":[{"href":"https:\/\/roveyayinevi.com.tr\/index.php\/wp-json\/wp\/v2\/product\/707872","targetHints":{"allow":["GET"]}}],"collection":[{"href":"https:\/\/roveyayinevi.com.tr\/index.php\/wp-json\/wp\/v2\/product"}],"about":[{"href":"https:\/\/roveyayinevi.com.tr\/index.php\/wp-json\/wp\/v2\/types\/product"}],"wp:attachment":[{"href":"https:\/\/roveyayinevi.com.tr\/index.php\/wp-json\/wp\/v2\/media?parent=707872"}],"wp:term":[{"taxonomy":"product_brand","embeddable":true,"href":"https:\/\/roveyayinevi.com.tr\/index.php\/wp-json\/wp\/v2\/product_brand?post=707872"},{"taxonomy":"product_cat","embeddable":true,"href":"https:\/\/roveyayinevi.com.tr\/index.php\/wp-json\/wp\/v2\/product_cat?post=707872"},{"taxonomy":"product_tag","embeddable":true,"href":"https:\/\/roveyayinevi.com.tr\/index.php\/wp-json\/wp\/v2\/product_tag?post=707872"}],"curies":[{"name":"wp","href":"https:\/\/api.w.org\/{rel}","templated":true}]}}