{"id":707864,"date":"2025-08-27T16:09:48","date_gmt":"2025-08-27T13:09:48","guid":{"rendered":"https:\/\/roveyayinevi.com.tr\/index.php\/urun\/evrenin-ruhu\/"},"modified":"2026-04-16T02:16:26","modified_gmt":"2026-04-15T23:16:26","slug":"evrenin-ruhu","status":"publish","type":"product","link":"https:\/\/roveyayinevi.com.tr\/index.php\/urun\/evrenin-ruhu\/","title":{"rendered":"Evrenin Ruhu"},"content":{"rendered":"<p>Ruha neden inan\u0131yoruz?Ruh diye bir \u015fey ger\u00e7ekten var m\u0131d\u0131r?Varsa, nedir?Kendilikten farkl\u0131 bir \u015fey midir?Maddi d\u00fcnyan\u0131n bir par\u00e7as\u0131 m\u0131d\u0131r?Ruh bedenin \u00f6l\u00fcm\u00fcnden sonra varl\u0131\u011f\u0131n\u0131 s\u00fcrd\u00fcr\u00fcr m\u00fc?Fred Alan Wolf, Evrenin Ruhu\u2019nda din ve felsefenin en eski sorular\u0131na kuantum fizi\u011finin en modern bak\u0131\u015f a\u00e7\u0131s\u0131yla yakla\u015farak yan\u0131t ar\u0131yor. Okuru hem bat\u0131 hem de do\u011fu d\u00fc\u015f\u00fcncesini kapsayan b\u00fcy\u00fcleyici bir yolculu\u011fa \u00e7\u0131kararak Mevlana, Platon, Aristoteles ve St. Thomas\u2019\u0131n ruh kavram\u0131na y\u00f6nelik g\u00f6r\u00fc\u015fleri, eski M\u0131s\u0131rl\u0131lar\u0131n dokuz ruh t\u00fcr\u00fc anlay\u0131\u015f\u0131, Kabalizm\u2019deki madde ve enerjiden olu\u015fan karma\u015f\u0131k evrene ruhani d\u00fczeni getirmek i\u00e7in gizlice u\u011fra\u015fan ruh d\u00fc\u015f\u00fcncesi ile Budistlerin Yok-Ruh fikri aras\u0131ndaki farklar\u0131 inceliyor. B\u00f6ylece, ruhu fiziksel bedenin bir par\u00e7as\u0131 olarak g\u00f6ren modern d\u00fc\u015f\u00fcnceye kar\u015f\u0131 \u00e7\u0131k\u0131p bizi derin bir kavray\u0131\u015f \u0131\u015f\u0131\u011f\u0131nda ya\u015famaya \u00e7a\u011f\u0131ran, ruhun yeni fizi\u011fini ortaya koyuyor.\u201cEvrenin Ruhu son zamanlar\u0131n en \u00f6nemli kitaplar\u0131ndan bir tanesi. Wolf\u2019un di\u011fer kitaplar\u0131 gibi bu da bilim, din ve felsefeyi bir araya getiren bak\u0131\u015f a\u00e7\u0131s\u0131n\u0131 anlamak i\u00e7in mutlaka okunmas\u0131 gereken bir eser.\u201dNoetic Sciences Review\u201cFred Alan Wolf, bilin\u00e7 temelli yeni kuantum paradigmas\u0131n\u0131n \u00e7ok y\u00f6nl\u00fcl\u00fc\u011f\u00fcn\u00fcn ve g\u00fcc\u00fcn\u00fcn fark\u0131na varan ilk ka\u015fiflerden biridir. Wolf, Evrenin Ruhu\u2019nda bizi bu bilgiler \u0131\u015f\u0131\u011f\u0131nda ruhu ke\u015ffedece\u011fimiz, \u00f6l\u00fcmden sonra ya\u015fam sorusunun yan\u0131t\u0131n\u0131 arayaca\u011f\u0131m\u0131z bir yolculu\u011fa \u00e7\u0131kar\u0131yor. Hem e\u011flenceli hem de k\u0131\u015fk\u0131rt\u0131c\u0131 bir kitap. \u015eiddetle \u00f6neriyorum.\u201dAmit Goswami, Fizik Profes\u00f6r\u00fc <\/p>\n","protected":false},"excerpt":{"rendered":"<p>Ruha neden inan\u0131yoruz?Ruh diye bir \u015fey ger\u00e7ekten var m\u0131d\u0131r?Varsa, nedir?Kendilikten farkl\u0131 bir \u015fey midir?Maddi d\u00fcnyan\u0131n bir par\u00e7as\u0131 m\u0131d\u0131r?Ruh bedenin \u00f6l\u00fcm\u00fcnden sonra varl\u0131\u011f\u0131n\u0131 s\u00fcrd\u00fcr\u00fcr m\u00fc?Fred Alan Wolf,<span class=\"excerpt-hellip\"> [\u2026]<\/span><\/p>\n","protected":false},"featured_media":0,"template":"","meta":{"_monsterinsights_skip_tracking":false,"_monsterinsights_sitenote_active":false,"_monsterinsights_sitenote_note":"","_monsterinsights_sitenote_category":0},"product_brand":[],"product_cat":[12718,12858],"product_tag":[],"class_list":{"0":"post-707864","1":"product","2":"type-product","3":"status-publish","5":"product_cat-din","6":"product_cat-mitolojiler","7":"pa_cilt-ciltsiz","8":"pa_tur-kitap","9":"pa_yayinevi-omega","10":"pa_yazar-fred-alan-wolf","12":"first","13":"instock","14":"sale","15":"shipping-taxable","16":"purchasable","17":"product-type-simple"},"_links":{"self":[{"href":"https:\/\/roveyayinevi.com.tr\/index.php\/wp-json\/wp\/v2\/product\/707864","targetHints":{"allow":["GET"]}}],"collection":[{"href":"https:\/\/roveyayinevi.com.tr\/index.php\/wp-json\/wp\/v2\/product"}],"about":[{"href":"https:\/\/roveyayinevi.com.tr\/index.php\/wp-json\/wp\/v2\/types\/product"}],"wp:attachment":[{"href":"https:\/\/roveyayinevi.com.tr\/index.php\/wp-json\/wp\/v2\/media?parent=707864"}],"wp:term":[{"taxonomy":"product_brand","embeddable":true,"href":"https:\/\/roveyayinevi.com.tr\/index.php\/wp-json\/wp\/v2\/product_brand?post=707864"},{"taxonomy":"product_cat","embeddable":true,"href":"https:\/\/roveyayinevi.com.tr\/index.php\/wp-json\/wp\/v2\/product_cat?post=707864"},{"taxonomy":"product_tag","embeddable":true,"href":"https:\/\/roveyayinevi.com.tr\/index.php\/wp-json\/wp\/v2\/product_tag?post=707864"}],"curies":[{"name":"wp","href":"https:\/\/api.w.org\/{rel}","templated":true}]}}