{"id":707861,"date":"2025-08-27T16:09:47","date_gmt":"2025-08-27T13:09:47","guid":{"rendered":"https:\/\/roveyayinevi.com.tr\/index.php\/urun\/ilkelere-dair\/"},"modified":"2026-04-16T02:16:26","modified_gmt":"2026-04-15T23:16:26","slug":"ilkelere-dair","status":"publish","type":"product","link":"https:\/\/roveyayinevi.com.tr\/index.php\/urun\/ilkelere-dair\/","title":{"rendered":"\u0130lkelere Dair"},"content":{"rendered":"<p>Theophrastos\u2019un \u0130lkelere Dair adl\u0131 eseri, n\u00e2m-\u0131 di\u011fer Metafizik, hocas\u0131 Aristoteles\u2019in \u00fcnl\u00fc eseri Metafizik\u2019e, \u00f6zellikle de Metafizik\u2019in on ikinci kitab\u0131 olan ve \u2018tanr\u0131\u2019 olarak yorumlanagelmi\u015f \u2018as\u0131l\/ilk devindirici\u2019nin temellendirildi\u011fi Lambda\u2019ya bir ele\u015ftiri gibidir. S\u00f6zkonusu metinde Theophrastos, hocas\u0131na a\u015fa\u011f\u0131 yukar\u0131 yirmi be\u015f adet soru y\u00f6neltir, ya da di\u011fer bir deyi\u015fle, hocas\u0131n\u0131n Lambda\u2019da yapt\u0131\u011f\u0131 ak\u0131l y\u00fcr\u00fctmeye ili\u015fkin yirmi be\u015f a\u00e7maz\u0131 (aporia) dile getirir. B\u00f6ylece, Theophrastos, Aristoteles\u2019in teleolojik kozmolojisindeki bo\u015fluklar\u0131 ya da zaaflar\u0131 t\u00fcm \u00e7\u0131plakl\u0131\u011f\u0131yla ortaya koyar g\u00f6r\u00fcn\u00fcr.<\/p>\n","protected":false},"excerpt":{"rendered":"<p>Theophrastos\u2019un \u0130lkelere Dair adl\u0131 eseri, n\u00e2m-\u0131 di\u011fer Metafizik, hocas\u0131 Aristoteles\u2019in \u00fcnl\u00fc eseri Metafizik\u2019e, \u00f6zellikle de Metafizik\u2019in on ikinci kitab\u0131 olan ve \u2018tanr\u0131\u2019 olarak yorumlanagelmi\u015f \u2018as\u0131l\/ilk devindirici\u2019nin<span class=\"excerpt-hellip\"> [\u2026]<\/span><\/p>\n","protected":false},"featured_media":0,"template":"","meta":{"_monsterinsights_skip_tracking":false,"_monsterinsights_sitenote_active":false,"_monsterinsights_sitenote_note":"","_monsterinsights_sitenote_category":0},"product_brand":[],"product_cat":[12389,12388],"product_tag":[],"class_list":{"0":"post-707861","1":"product","2":"type-product","3":"status-publish","5":"product_cat-diger-felsefe","6":"product_cat-felsefe","7":"pa_cilt-ciltsiz","8":"pa_tur-kitap","9":"pa_yayinevi-pinhan-yayincilik","10":"pa_yazar-theophrastos","12":"first","13":"instock","14":"sale","15":"shipping-taxable","16":"purchasable","17":"product-type-simple"},"_links":{"self":[{"href":"https:\/\/roveyayinevi.com.tr\/index.php\/wp-json\/wp\/v2\/product\/707861","targetHints":{"allow":["GET"]}}],"collection":[{"href":"https:\/\/roveyayinevi.com.tr\/index.php\/wp-json\/wp\/v2\/product"}],"about":[{"href":"https:\/\/roveyayinevi.com.tr\/index.php\/wp-json\/wp\/v2\/types\/product"}],"wp:attachment":[{"href":"https:\/\/roveyayinevi.com.tr\/index.php\/wp-json\/wp\/v2\/media?parent=707861"}],"wp:term":[{"taxonomy":"product_brand","embeddable":true,"href":"https:\/\/roveyayinevi.com.tr\/index.php\/wp-json\/wp\/v2\/product_brand?post=707861"},{"taxonomy":"product_cat","embeddable":true,"href":"https:\/\/roveyayinevi.com.tr\/index.php\/wp-json\/wp\/v2\/product_cat?post=707861"},{"taxonomy":"product_tag","embeddable":true,"href":"https:\/\/roveyayinevi.com.tr\/index.php\/wp-json\/wp\/v2\/product_tag?post=707861"}],"curies":[{"name":"wp","href":"https:\/\/api.w.org\/{rel}","templated":true}]}}