{"id":707822,"date":"2025-08-27T16:09:23","date_gmt":"2025-08-27T13:09:23","guid":{"rendered":"https:\/\/roveyayinevi.com.tr\/index.php\/urun\/mimarlik-101\/"},"modified":"2026-04-16T02:16:25","modified_gmt":"2026-04-15T23:16:25","slug":"mimarlik-101","status":"publish","type":"product","link":"https:\/\/roveyayinevi.com.tr\/index.php\/urun\/mimarlik-101\/","title":{"rendered":"Mimarl\u0131k 101"},"content":{"rendered":"<p>Ders kitaplar\u0131, genellikle mimarl\u0131k hakk\u0131ndaki bilgileri konuya merakl\u0131lar\u0131n bile uykusunu getirecek s\u0131k\u0131c\u0131 s\u00f6ylemlere d\u00f6n\u00fc\u015ft\u00fcr\u00fcr. Mimarl\u0131k 101 t\u00fcm bu s\u0131k\u0131c\u0131 anlat\u0131mlara son veriyor ve sizi d\u00fcnyan\u0131n en m\u00fckemmel binalar\u0131n\u0131 ke\u015ffetmeye davet ediyor. Sadece en \u00f6nemli olaylara, bina stillerine ve mimarlara yer verdi\u011fi i\u00e7in bu kitapla mimarl\u0131\u011f\u0131n \u015fa\u015f\u0131rt\u0131c\u0131 d\u00fcnyas\u0131n\u0131 ke\u015ffetmekten zevk alacaks\u0131n\u0131z. Ayr\u0131ca \u015f\u00f6yle b\u00fcy\u00fcleyici unsurlar\u0131 da bulacaks\u0131n\u0131z: Georgia ve Yunan canlan\u0131\u015f\u0131 gibi pop\u00fcler bina stilleri ile yap\u0131lm\u0131\u015f binalar 5 bin y\u0131l \u00f6ncesinin mimari stillerinin tart\u0131\u015f\u0131lmas\u0131 Mimaride en ilham verici fig\u00fcrlerin e\u015fsiz profilleri Mimarl\u0131k 101, Norman Foster ve Frank Lloyd Wright\u2019tan Bauvais Katedrali ve Empire State Binas\u0131\u2019na dek bir\u00e7ok konuyu k\u0131sa ve \u00f6zl\u00fc bir anlat\u0131mla ele al\u0131yor. <\/p>\n","protected":false},"excerpt":{"rendered":"<p>Ders kitaplar\u0131, genellikle mimarl\u0131k hakk\u0131ndaki bilgileri konuya merakl\u0131lar\u0131n bile uykusunu getirecek s\u0131k\u0131c\u0131 s\u00f6ylemlere d\u00f6n\u00fc\u015ft\u00fcr\u00fcr. Mimarl\u0131k 101 t\u00fcm bu s\u0131k\u0131c\u0131 anlat\u0131mlara son veriyor ve sizi d\u00fcnyan\u0131n en<span class=\"excerpt-hellip\"> [\u2026]<\/span><\/p>\n","protected":false},"featured_media":0,"template":"","meta":{"_monsterinsights_skip_tracking":false,"_monsterinsights_sitenote_active":false,"_monsterinsights_sitenote_note":"","_monsterinsights_sitenote_category":0},"product_brand":[],"product_cat":[13512,12408],"product_tag":[],"class_list":{"0":"post-707822","1":"product","2":"type-product","3":"status-publish","5":"product_cat-mimarlik","6":"product_cat-sanat","7":"pa_cilt-ciltsiz","8":"pa_tur-kitap","9":"pa_yayinevi-say-yayinlari","10":"pa_yazar-nicole-bridge","12":"first","13":"instock","14":"sale","15":"shipping-taxable","16":"purchasable","17":"product-type-simple"},"_links":{"self":[{"href":"https:\/\/roveyayinevi.com.tr\/index.php\/wp-json\/wp\/v2\/product\/707822","targetHints":{"allow":["GET"]}}],"collection":[{"href":"https:\/\/roveyayinevi.com.tr\/index.php\/wp-json\/wp\/v2\/product"}],"about":[{"href":"https:\/\/roveyayinevi.com.tr\/index.php\/wp-json\/wp\/v2\/types\/product"}],"wp:attachment":[{"href":"https:\/\/roveyayinevi.com.tr\/index.php\/wp-json\/wp\/v2\/media?parent=707822"}],"wp:term":[{"taxonomy":"product_brand","embeddable":true,"href":"https:\/\/roveyayinevi.com.tr\/index.php\/wp-json\/wp\/v2\/product_brand?post=707822"},{"taxonomy":"product_cat","embeddable":true,"href":"https:\/\/roveyayinevi.com.tr\/index.php\/wp-json\/wp\/v2\/product_cat?post=707822"},{"taxonomy":"product_tag","embeddable":true,"href":"https:\/\/roveyayinevi.com.tr\/index.php\/wp-json\/wp\/v2\/product_tag?post=707822"}],"curies":[{"name":"wp","href":"https:\/\/api.w.org\/{rel}","templated":true}]}}