{"id":707816,"date":"2025-08-27T16:09:20","date_gmt":"2025-08-27T13:09:20","guid":{"rendered":"https:\/\/roveyayinevi.com.tr\/index.php\/urun\/ama-bu-cocuk-defolu\/"},"modified":"2026-04-16T02:16:25","modified_gmt":"2026-04-15T23:16:25","slug":"ama-bu-cocuk-defolu","status":"publish","type":"product","link":"https:\/\/roveyayinevi.com.tr\/index.php\/urun\/ama-bu-cocuk-defolu\/","title":{"rendered":"Ama Bu \u00c7ocuk Defolu!"},"content":{"rendered":"<p>\u0130yi aileler daima iyi \u00e7ocuklara sahip olmak isterler. Peki bu iyi aileler, \u00e7ocuklar\u0131n\u0131 fiziksel \u00f6zelliklerine ya da ki\u015fisel yeteneklerine g\u00f6re se\u00e7ip sat\u0131n alabilecekleri bir d\u00fcnyada ya\u015fasalar neler olurdu?Okulunu dereceyle bitirip sat\u0131l\u0131k \u00e7ocuk reyonunda rafa \u00e7\u0131kar \u00e7\u0131kmaz havada kap\u0131lan Sumru i\u00e7in hayat fazlas\u0131yla s\u0131k\u0131c\u0131 ge\u00e7iyor. En vitaminli yemeklerle beslenmesine, y\u00fcksek g\u00fcvenlikli bir sitenin en g\u00f6steri\u015fli apartmanlar\u0131ndan birinde ya\u015famas\u0131na ra\u011fmen, deyim yerindeyse s\u0131k\u0131nt\u0131dan patl\u0131yor. \u0130yi ki babas\u0131 ve bitmek bilmez hayalleri var da Sumru\u2019nun hayat\u0131 renkleniyor. \u00c7ok yak\u0131nda m\u00fcd\u00fcrl\u00fc\u011fe terfi edecek Tayfun Bey, ucuzluktan ve taksitle de olsa ailesine yeni bir \u00e7ocuk katmak i\u00e7in bir hayli hevesli g\u00f6r\u00fcn\u00fcyor. \u00c7\u00fcnk\u00fc ikinci \u00e7ocuk, ya\u015fad\u0131klar\u0131 zaman\u0131n en \u00f6nemli g\u00fc\u00e7 ve zenginlik g\u00f6stergelerinden biri.O zaman istikamet, \u00c7ocuk Ma\u011fazas\u0131!P\u0131rrrt!O da nesi, biri p\u0131rtlad\u0131 m\u0131 yoksa!\u0130\u015fte, kar\u015f\u0131n\u0131zda P\u0131rlanta Koleji\u2019nden mezun p\u0131rrrlanta gibi bir \u00e7ocuk: F\u0131rat! Acaba F\u0131rat, sat\u0131\u015f temsilcisinin \u00f6vd\u00fc\u011f\u00fc kadar de\u011ferli bir p\u0131rrrlanta m\u0131, yoksa bir P\u0131rtapoz mu? B\u00fcy\u00fck umutlarla sat\u0131n al\u0131nan bu \u00e7ocuk defolu \u00e7\u0131k\u0131nca ailenin hayalleri y\u0131k\u0131l\u0131yor ve olanlar oluyor. D\u00fczenin bozulmamas\u0131 i\u00e7in F\u0131rat\u2019\u0131n evden gitmesi gerekiyor. Peki, geri iadesi yoksa?\u00c7ocuk yaz\u0131n\u0131n\u0131n s\u0131ra d\u0131\u015f\u0131 kalemlerinden Suzan Gerid\u00f6nmez\u2019in yazd\u0131\u011f\u0131, \u00c7a\u011fla Vera K\u0131l\u0131\u00e7arslan\u2019\u0131n resimledi\u011fi Ama Bu \u00c7ocuk Defolu!, her \u015feyin sat\u0131l\u0131k oldu\u011fu bir d\u00fcnyada, ger\u00e7ek zamana hem \u00e7ok uzak hem de \u00e7ok yak\u0131n, e\u011flenceli bir okuma sunarken, s\u0131n\u0131rlar\u0131 \u00f6nceden \u00e7izilmi\u015f kusursuz bir toplumsal d\u00fczende \u00f6zg\u00fcr bir birey olmay\u0131 da sorguluyor.<\/p>\n","protected":false},"excerpt":{"rendered":"<p>\u0130yi aileler daima iyi \u00e7ocuklara sahip olmak isterler. Peki bu iyi aileler, \u00e7ocuklar\u0131n\u0131 fiziksel \u00f6zelliklerine ya da ki\u015fisel yeteneklerine g\u00f6re se\u00e7ip sat\u0131n alabilecekleri bir d\u00fcnyada ya\u015fasalar<span class=\"excerpt-hellip\"> [\u2026]<\/span><\/p>\n","protected":false},"featured_media":0,"template":"","meta":{"_monsterinsights_skip_tracking":false,"_monsterinsights_sitenote_active":false,"_monsterinsights_sitenote_note":"","_monsterinsights_sitenote_category":0},"product_brand":[],"product_cat":[12274,12284],"product_tag":[],"class_list":{"0":"post-707816","1":"product","2":"type-product","3":"status-publish","5":"product_cat-cocuk-ve-genclik-kitaplari","6":"product_cat-hikayeler","7":"pa_cilt-ciltsiz","8":"pa_tur-kitap","9":"pa_yayinevi-tudem-yayinlari","10":"pa_yazar-suzan-geridonmez","12":"first","13":"instock","14":"sale","15":"shipping-taxable","16":"purchasable","17":"product-type-simple"},"_links":{"self":[{"href":"https:\/\/roveyayinevi.com.tr\/index.php\/wp-json\/wp\/v2\/product\/707816","targetHints":{"allow":["GET"]}}],"collection":[{"href":"https:\/\/roveyayinevi.com.tr\/index.php\/wp-json\/wp\/v2\/product"}],"about":[{"href":"https:\/\/roveyayinevi.com.tr\/index.php\/wp-json\/wp\/v2\/types\/product"}],"wp:attachment":[{"href":"https:\/\/roveyayinevi.com.tr\/index.php\/wp-json\/wp\/v2\/media?parent=707816"}],"wp:term":[{"taxonomy":"product_brand","embeddable":true,"href":"https:\/\/roveyayinevi.com.tr\/index.php\/wp-json\/wp\/v2\/product_brand?post=707816"},{"taxonomy":"product_cat","embeddable":true,"href":"https:\/\/roveyayinevi.com.tr\/index.php\/wp-json\/wp\/v2\/product_cat?post=707816"},{"taxonomy":"product_tag","embeddable":true,"href":"https:\/\/roveyayinevi.com.tr\/index.php\/wp-json\/wp\/v2\/product_tag?post=707816"}],"curies":[{"name":"wp","href":"https:\/\/api.w.org\/{rel}","templated":true}]}}