{"id":707802,"date":"2025-08-27T16:09:13","date_gmt":"2025-08-27T13:09:13","guid":{"rendered":"https:\/\/roveyayinevi.com.tr\/index.php\/urun\/bati-geleneginde-bilim-ve-din-tarihi\/"},"modified":"2026-04-16T02:16:25","modified_gmt":"2026-04-15T23:16:25","slug":"bati-geleneginde-bilim-ve-din-tarihi","status":"publish","type":"product","link":"https:\/\/roveyayinevi.com.tr\/index.php\/urun\/bati-geleneginde-bilim-ve-din-tarihi\/","title":{"rendered":"Bat\u0131 Gelene\u011finde Bilim ve Din Tarihi"},"content":{"rendered":"<p>Alan\u0131n\u0131n \u00f6nde gelen din ve bilim tarih\u00e7ilerinin kaleme ald\u0131\u011f\u0131 bu eser, H\u0131ristiyanl\u0131\u011f\u0131n ilk zamanlar\u0131ndan yirminci y\u00fczy\u0131l\u0131n sonuna kadar ge\u00e7en s\u00fcrede Bat\u0131\u2019n\u0131n dini gelenekleriyle bilim aras\u0131ndaki ili\u015fkiyi inceler. 30 farkl\u0131 makaleden olu\u015fan bu geni\u015f kapsaml\u0131 \u00e7al\u0131\u015fma asl\u0131nda birbirine tamamen z\u0131t olmayan, aksine birbiriyle karma\u015f\u0131k bir etkile\u015fim i\u00e7inde olan din ile bilimin kesi\u015fme noktas\u0131n\u0131 daha iyi anlamam\u0131z i\u00e7in farkl\u0131 yakla\u015f\u0131mlar ortaya koyar. <\/p>\n","protected":false},"excerpt":{"rendered":"<p>Alan\u0131n\u0131n \u00f6nde gelen din ve bilim tarih\u00e7ilerinin kaleme ald\u0131\u011f\u0131 bu eser, H\u0131ristiyanl\u0131\u011f\u0131n ilk zamanlar\u0131ndan yirminci y\u00fczy\u0131l\u0131n sonuna kadar ge\u00e7en s\u00fcrede Bat\u0131\u2019n\u0131n dini gelenekleriyle bilim aras\u0131ndaki ili\u015fkiyi<span class=\"excerpt-hellip\"> [\u2026]<\/span><\/p>\n","protected":false},"featured_media":0,"template":"","meta":{"_monsterinsights_skip_tracking":false,"_monsterinsights_sitenote_active":false,"_monsterinsights_sitenote_note":"","_monsterinsights_sitenote_category":0},"product_brand":[],"product_cat":[22249,13527],"product_tag":[],"class_list":{"0":"post-707802","1":"product","2":"type-product","3":"status-publish","5":"product_cat-bilim","6":"product_cat-sureli-yayinlar","7":"pa_cilt-ciltsiz","8":"pa_tur-kitap","9":"pa_yayinevi-say-yayinlari","10":"pa_yazar-gary-b-ferngren","12":"first","13":"instock","14":"sale","15":"shipping-taxable","16":"purchasable","17":"product-type-simple"},"_links":{"self":[{"href":"https:\/\/roveyayinevi.com.tr\/index.php\/wp-json\/wp\/v2\/product\/707802","targetHints":{"allow":["GET"]}}],"collection":[{"href":"https:\/\/roveyayinevi.com.tr\/index.php\/wp-json\/wp\/v2\/product"}],"about":[{"href":"https:\/\/roveyayinevi.com.tr\/index.php\/wp-json\/wp\/v2\/types\/product"}],"wp:attachment":[{"href":"https:\/\/roveyayinevi.com.tr\/index.php\/wp-json\/wp\/v2\/media?parent=707802"}],"wp:term":[{"taxonomy":"product_brand","embeddable":true,"href":"https:\/\/roveyayinevi.com.tr\/index.php\/wp-json\/wp\/v2\/product_brand?post=707802"},{"taxonomy":"product_cat","embeddable":true,"href":"https:\/\/roveyayinevi.com.tr\/index.php\/wp-json\/wp\/v2\/product_cat?post=707802"},{"taxonomy":"product_tag","embeddable":true,"href":"https:\/\/roveyayinevi.com.tr\/index.php\/wp-json\/wp\/v2\/product_tag?post=707802"}],"curies":[{"name":"wp","href":"https:\/\/api.w.org\/{rel}","templated":true}]}}